146.185.223.200 - - [03/Mar/2017:14:46:00 +0100] "GET / HTTP/1.0" 404 - "http://www.nature.com/protocolexchange/labgroups/530019" "Mozilla/5.0 (Windows NT 6.1; WOW64) AppleWebKit/537.36 (KHTML, like Gecko) Chrome/48.0.2564.97 Safari/537.36" "www.liebreich.at"
146.185.223.200 - - [03/Mar/2017:14:46:01 +0100] "GET / HTTP/1.0" 404 - "http://www.nature.com/protocolexchange/labgroups/530019" "Mozilla/5.0 (Windows NT 6.1; WOW64) AppleWebKit/537.36 (KHTML, like Gecko) Chrome/48.0.2564.97 Safari/537.36" "www.liebreich.at"
146.185.223.200 - - [03/Mar/2017:14:46:01 +0100] "GET / HTTP/1.0" 404 - "http://www.nature.com/protocolexchange/labgroups/530019" "Mozilla/5.0 (Windows NT 6.1; WOW64) AppleWebKit/537.36 (KHTML, like Gecko) Chrome/48.0.2564.97 Safari/537.36" "www.liebreich.at"
95.116.17.48 - - [03/Mar/2017:14:54:07 +0100] "GET /?Motorrad_%2B_Auto___Werkstatt___Vergaser_Revision HTTP/1.1" 404 - "-" "Mozilla/5.0 (iPhone; CPU iPhone OS 10_2_1 like Mac OS X) AppleWebKit/602.4.6 (KHTML, like Gecko) Version/10.0 Mobile/14D27 Safari/602.1" "www.liebreich.at"
146.185.223.200 - - [03/Mar/2017:14:58:56 +0100] "GET / HTTP/1.0" 404 - "http://www.nature.com/protocolexchange/labgroups/553257" "Mozilla/5.0 (Windows NT 6.1; WOW64) AppleWebKit/537.36 (KHTML, like Gecko) Chrome/48.0.2564.103 Safari/537.36" "www.liebreich.at"
146.185.223.200 - - [03/Mar/2017:14:58:56 +0100] "GET / HTTP/1.0" 404 - "http://www.nature.com/protocolexchange/labgroups/553257" "Mozilla/5.0 (Windows NT 6.1; WOW64) AppleWebKit/537.36 (KHTML, like Gecko) Chrome/48.0.2564.103 Safari/537.36" "www.liebreich.at"
95.116.17.48 - - [03/Mar/2017:14:58:59 +0100] "GET /apple-touch-icon-120x120-precomposed.png HTTP/1.1" 404 238 "-" "MobileSafari/602.1 CFNetwork/808.3 Darwin/16.3.0" "www.liebreich.at"
95.116.17.48 - - [03/Mar/2017:14:58:59 +0100] "GET /apple-touch-icon-120x120.png HTTP/1.1" 404 226 "-" "MobileSafari/602.1 CFNetwork/808.3 Darwin/16.3.0" "www.liebreich.at"
95.116.17.48 - - [03/Mar/2017:14:58:59 +0100] "GET /apple-touch-icon-precomposed.png HTTP/1.1" 404 230 "-" "MobileSafari/602.1 CFNetwork/808.3 Darwin/16.3.0" "www.liebreich.at"
95.116.17.48 - - [03/Mar/2017:14:58:59 +0100] "GET /apple-touch-icon.png HTTP/1.1" 404 218 "-" "MobileSafari/602.1 CFNetwork/808.3 Darwin/16.3.0" "www.liebreich.at"
95.116.17.48 - - [03/Mar/2017:14:58:59 +0100] "GET /favicon.ico HTTP/1.1" 404 209 "-" "MobileSafari/602.1 CFNetwork/808.3 Darwin/16.3.0" "www.liebreich.at"
95.116.17.48 - - [03/Mar/2017:14:58:59 +0100] "GET /apple-touch-icon-120x120-precomposed.png HTTP/1.1" 404 238 "-" "MobileSafari/602.1 CFNetwork/808.3 Darwin/16.3.0" "www.liebreich.at"
95.116.17.48 - - [03/Mar/2017:14:58:59 +0100] "GET /apple-touch-icon-120x120.png HTTP/1.1" 404 226 "-" "MobileSafari/602.1 CFNetwork/808.3 Darwin/16.3.0" "www.liebreich.at"
95.116.17.48 - - [03/Mar/2017:14:59:00 +0100] "GET /apple-touch-icon-precomposed.png HTTP/1.1" 404 230 "-" "MobileSafari/602.1 CFNetwork/808.3 Darwin/16.3.0" "www.liebreich.at"
95.116.17.48 - - [03/Mar/2017:14:59:00 +0100] "GET /apple-touch-icon.png HTTP/1.1" 404 218 "-" "MobileSafari/602.1 CFNetwork/808.3 Darwin/16.3.0" "www.liebreich.at"
95.116.17.48 - - [03/Mar/2017:14:59:00 +0100] "GET /favicon.ico HTTP/1.1" 404 209 "-" "MobileSafari/602.1 CFNetwork/808.3 Darwin/16.3.0" "www.liebreich.at"
95.116.17.48 - - [03/Mar/2017:14:54:07 +0100] "GET /apple-touch-icon-120x120-precomposed.png HTTP/1.1" 404 238 "-" "MobileSafari/602.1 CFNetwork/808.3 Darwin/16.3.0" "www.liebreich.at"
95.116.17.48 - - [03/Mar/2017:14:54:07 +0100] "GET /apple-touch-icon-120x120.png HTTP/1.1" 404 226 "-" "MobileSafari/602.1 CFNetwork/808.3 Darwin/16.3.0" "www.liebreich.at"
95.116.17.48 - - [03/Mar/2017:14:54:08 +0100] "GET /apple-touch-icon-precomposed.png HTTP/1.1" 404 230 "-" "MobileSafari/602.1 CFNetwork/808.3 Darwin/16.3.0" "www.liebreich.at"
95.116.17.48 - - [03/Mar/2017:14:54:08 +0100] "GET /apple-touch-icon.png HTTP/1.1" 404 218 "-" "MobileSafari/602.1 CFNetwork/808.3 Darwin/16.3.0" "www.liebreich.at"
95.116.17.48 - - [03/Mar/2017:14:54:08 +0100] "GET /favicon.ico HTTP/1.1" 404 209 "-" "MobileSafari/602.1 CFNetwork/808.3 Darwin/16.3.0" "www.liebreich.at"
95.116.17.48 - - [03/Mar/2017:14:54:08 +0100] "GET /apple-touch-icon-120x120-precomposed.png HTTP/1.1" 404 238 "-" "MobileSafari/602.1 CFNetwork/808.3 Darwin/16.3.0" "www.liebreich.at"
95.116.17.48 - - [03/Mar/2017:14:54:08 +0100] "GET /apple-touch-icon-120x120.png HTTP/1.1" 404 226 "-" "MobileSafari/602.1 CFNetwork/808.3 Darwin/16.3.0" "www.liebreich.at"
95.116.17.48 - - [03/Mar/2017:14:54:08 +0100] "GET /apple-touch-icon-precomposed.png HTTP/1.1" 404 230 "-" "MobileSafari/602.1 CFNetwork/808.3 Darwin/16.3.0" "www.liebreich.at"
95.116.17.48 - - [03/Mar/2017:14:54:08 +0100] "GET /apple-touch-icon.png HTTP/1.1" 404 218 "-" "MobileSafari/602.1 CFNetwork/808.3 Darwin/16.3.0" "www.liebreich.at"
95.116.17.48 - - [03/Mar/2017:14:54:08 +0100] "GET /favicon.ico HTTP/1.1" 404 209 "-" "MobileSafari/602.1 CFNetwork/808.3 Darwin/16.3.0" "www.liebreich.at"
193.226.177.45 - - [03/Mar/2017:14:56:59 +0100] "GET /m/whatsapp HTTP/1.1" 404 208 "-" "Mozilla/4.0" "www.liebreich.at"
146.185.223.200 - - [03/Mar/2017:14:58:56 +0100] "GET / HTTP/1.0" 404 - "http://www.nature.com/protocolexchange/labgroups/553257" "Mozilla/5.0 (Windows NT 6.1; WOW64) AppleWebKit/537.36 (KHTML, like Gecko) Chrome/48.0.2564.103 Safari/537.36" "www.liebreich.at"
146.185.223.200 - - [03/Mar/2017:14:58:56 +0100] "GET / HTTP/1.0" 404 - "http://www.nature.com/protocolexchange/labgroups/553257" "Mozilla/5.0 (Windows NT 6.1; WOW64) AppleWebKit/537.36 (KHTML, like Gecko) Chrome/48.0.2564.103 Safari/537.36" "www.liebreich.at"
95.116.17.48 - - [03/Mar/2017:14:58:59 +0100] "GET /?Motorrad_%2B_Auto___Werkstatt___Vergaser_Revision HTTP/1.1" 404 - "-" "Mozilla/5.0 (iPhone; CPU iPhone OS 10_2_1 like Mac OS X) AppleWebKit/602.4.6 (KHTML, like Gecko) Version/10.0 Mobile/14D27 Safari/602.1" "www.liebreich.at"
93.219.19.49 - - [03/Mar/2017:15:10:11 +0100] "GET /?Motorrad_%2B_Auto___Werkstatt___Vergaser_Revision HTTP/1.1" 404 - "-" "Mozilla/5.0 (iPhone; CPU iPhone OS 10_2_1 like Mac OS X) AppleWebKit/602.4.6 (KHTML, like Gecko) Version/10.0 Mobile/14D27 Safari/602.1" "www.liebreich.at"
93.219.19.49 - - [03/Mar/2017:15:10:12 +0100] "GET /apple-touch-icon-120x120-precomposed.png HTTP/1.1" 404 238 "-" "MobileSafari/602.1 CFNetwork/808.3 Darwin/16.3.0" "www.liebreich.at"
93.219.19.49 - - [03/Mar/2017:15:10:12 +0100] "GET /apple-touch-icon-120x120.png HTTP/1.1" 404 226 "-" "MobileSafari/602.1 CFNetwork/808.3 Darwin/16.3.0" "www.liebreich.at"
93.219.19.49 - - [03/Mar/2017:15:10:12 +0100] "GET /apple-touch-icon-precomposed.png HTTP/1.1" 404 230 "-" "MobileSafari/602.1 CFNetwork/808.3 Darwin/16.3.0" "www.liebreich.at"
93.219.19.49 - - [03/Mar/2017:15:10:12 +0100] "GET /apple-touch-icon.png HTTP/1.1" 404 218 "-" "MobileSafari/602.1 CFNetwork/808.3 Darwin/16.3.0" "www.liebreich.at"
93.219.19.49 - - [03/Mar/2017:15:10:12 +0100] "GET /favicon.ico HTTP/1.1" 404 209 "-" "MobileSafari/602.1 CFNetwork/808.3 Darwin/16.3.0" "www.liebreich.at"
93.219.19.49 - - [03/Mar/2017:15:10:12 +0100] "GET /apple-touch-icon-120x120-precomposed.png HTTP/1.1" 404 238 "-" "MobileSafari/602.1 CFNetwork/808.3 Darwin/16.3.0" "www.liebreich.at"
93.219.19.49 - - [03/Mar/2017:15:10:13 +0100] "GET /apple-touch-icon-120x120.png HTTP/1.1" 404 226 "-" "MobileSafari/602.1 CFNetwork/808.3 Darwin/16.3.0" "www.liebreich.at"
93.219.19.49 - - [03/Mar/2017:15:10:13 +0100] "GET /apple-touch-icon-precomposed.png HTTP/1.1" 404 230 "-" "MobileSafari/602.1 CFNetwork/808.3 Darwin/16.3.0" "www.liebreich.at"
93.219.19.49 - - [03/Mar/2017:15:10:13 +0100] "GET /apple-touch-icon.png HTTP/1.1" 404 218 "-" "MobileSafari/602.1 CFNetwork/808.3 Darwin/16.3.0" "www.liebreich.at"
93.219.19.49 - - [03/Mar/2017:15:10:13 +0100] "GET /favicon.ico HTTP/1.1" 404 209 "-" "MobileSafari/602.1 CFNetwork/808.3 Darwin/16.3.0" "www.liebreich.at"
146.185.223.200 - - [03/Mar/2017:15:11:55 +0100] "GET / HTTP/1.0" 404 - "http://www.nature.com/protocolexchange/labgroups/517709" "Mozilla/5.0 (Windows NT 6.3; WOW64; rv:44.0) Gecko/20100101 Firefox/44.0" "www.liebreich.at"
146.185.223.200 - - [03/Mar/2017:15:11:55 +0100] "GET / HTTP/1.0" 404 - "http://www.nature.com/protocolexchange/labgroups/517709" "Mozilla/5.0 (Windows NT 6.3; WOW64; rv:44.0) Gecko/20100101 Firefox/44.0" "www.liebreich.at"
146.185.223.200 - - [03/Mar/2017:15:11:55 +0100] "GET / HTTP/1.0" 404 - "http://www.nature.com/protocolexchange/labgroups/517709" "Mozilla/5.0 (Windows NT 6.3; WOW64; rv:44.0) Gecko/20100101 Firefox/44.0" "www.liebreich.at"
146.185.223.200 - - [03/Mar/2017:15:11:55 +0100] "GET / HTTP/1.0" 404 - "http://www.nature.com/protocolexchange/labgroups/517709" "Mozilla/5.0 (Windows NT 6.3; WOW64; rv:44.0) Gecko/20100101 Firefox/44.0" "www.liebreich.at"
193.226.177.45 - - [03/Mar/2017:15:19:24 +0100] "GET /m/whatsapp HTTP/1.1" 404 208 "-" "Mozilla/4.0" "www.liebreich.at"
193.226.177.45 - - [03/Mar/2017:15:19:25 +0100] "GET /m/whatsapp HTTP/1.1" 404 208 "-" "Mozilla/4.0" "www.liebreich.at"
146.185.223.200 - - [03/Mar/2017:15:24:51 +0100] "GET / HTTP/1.0" 404 - "http://gravatar.com/griseofulvin250mgcomprar2017" "Mozilla/5.0 (Windows NT 10.0; WOW64) AppleWebKit/537.36 (KHTML, like Gecko) Chrome/48.0.2564.97 Safari/537.36" "www.liebreich.at"
146.185.223.200 - - [03/Mar/2017:15:24:51 +0100] "GET / HTTP/1.0" 404 - "http://gravatar.com/griseofulvin250mgcomprar2017" "Mozilla/5.0 (Windows NT 10.0; WOW64) AppleWebKit/537.36 (KHTML, like Gecko) Chrome/48.0.2564.97 Safari/537.36" "www.liebreich.at"
146.185.223.200 - - [03/Mar/2017:15:24:51 +0100] "GET / HTTP/1.0" 404 - "http://gravatar.com/griseofulvin250mgcomprar2017" "Mozilla/5.0 (Windows NT 10.0; WOW64) AppleWebKit/537.36 (KHTML, like Gecko) Chrome/48.0.2564.97 Safari/537.36" "www.liebreich.at"
146.185.223.200 - - [03/Mar/2017:15:24:51 +0100] "GET / HTTP/1.0" 404 - "http://gravatar.com/griseofulvin250mgcomprar2017" "Mozilla/5.0 (Windows NT 10.0; WOW64) AppleWebKit/537.36 (KHTML, like Gecko) Chrome/48.0.2564.97 Safari/537.36" "www.liebreich.at"
146.185.223.200 - - [03/Mar/2017:15:37:51 +0100] "GET / HTTP/1.0" 404 - "http://ts9quetiapine300mg.aircus.com" "Mozilla/5.0 (Windows NT 6.1; WOW64) AppleWebKit/537.36 (KHTML, like Gecko) Chrome/48.0.2564.109 Safari/537.36" "www.liebreich.at"
146.185.223.200 - - [03/Mar/2017:15:37:51 +0100] "GET / HTTP/1.0" 404 - "http://ts9quetiapine300mg.aircus.com" "Mozilla/5.0 (Windows NT 6.1; WOW64) AppleWebKit/537.36 (KHTML, like Gecko) Chrome/48.0.2564.109 Safari/537.36" "www.liebreich.at"
146.185.223.200 - - [03/Mar/2017:15:37:51 +0100] "GET / HTTP/1.0" 404 - "http://ts9quetiapine300mg.aircus.com" "Mozilla/5.0 (Windows NT 6.1; WOW64) AppleWebKit/537.36 (KHTML, like Gecko) Chrome/48.0.2564.109 Safari/537.36" "www.liebreich.at"
146.185.223.200 - - [03/Mar/2017:15:37:51 +0100] "GET / HTTP/1.0" 404 - "http://ts9quetiapine300mg.aircus.com" "Mozilla/5.0 (Windows NT 6.1; WOW64) AppleWebKit/537.36 (KHTML, like Gecko) Chrome/48.0.2564.109 Safari/537.36" "www.liebreich.at"
207.46.13.255 - - [03/Mar/2017:15:40:13 +0100] "GET /robots.txt HTTP/1.1" 404 208 "-" "Mozilla/5.0 (compatible; bingbot/2.0; +http://www.bing.com/bingbot.htm)" "www.liebreich.at"
213.81.140.54 - - [03/Mar/2017:15:42:45 +0100] "GET /m/whatsapp HTTP/1.1" 404 208 "http://www.google.sk/url?sa=t&rct=j&q=&esrc=s&source=web&cd=1&ved=0CCEQFjAA&url=http%3A%2F%2Fliebreich.at%2Fm%2Fwhatsapp&ei=i7CmWek6QX31ixUQluqM&usg=Fn41RXjPsEIkyGy1gvH-aIgKrztsZBhOVt" "Mozilla/4.0 (compatible; MSIE 8.0; Windows NT 6.1; Win64; x64; Trident/5.0)" "www.liebreich.at"
213.81.140.54 - - [03/Mar/2017:15:42:44 +0100] "GET /m/whatsapp HTTP/1.1" 404 208 "http://www.google.sk/url?sa=t&rct=j&q=&esrc=s&source=web&cd=1&ved=0CCEQFjAA&url=http%3A%2F%2Fliebreich.at%2Fm%2Fwhatsapp&ei=fRdt9xbVoRq9HVsRaH12&usg=OsAcNfq4vGbRUR6136Q-nceR05sc7S4oaq" "Mozilla/5.0 (Windows NT 6.1; WOW64; rv:23.0) Gecko/20100101 Firefox/23.0" "www.liebreich.at"
213.81.140.54 - - [03/Mar/2017:15:42:45 +0100] "GET /m/whatsapp HTTP/1.1" 404 208 "http://www.google.sk/url?sa=t&rct=j&q=&esrc=s&source=web&cd=1&ved=0CCEQFjAA&url=http%3A%2F%2Fliebreich.at%2Fm%2Fwhatsapp&ei=xgUy6cJ9VbWbIn2ncxDU&usg=i8arf2ZwqRUvgk1rTJE-l7Xf5f9sIstuSx" "Mozilla/5.0 (Windows NT 6.1; WOW64) AppleWebKit/537.36 (KHTML, like Gecko) Chrome/29.0.1547.62 Safari/537.36" "www.liebreich.at"
40.77.167.35 - - [03/Mar/2017:15:43:55 +0100] "GET /?Motorrad:Fazer_1000 HTTP/1.1" 404 - "-" "msnbot-media/1.1 (+http://search.msn.com/msnbot.htm)" "www.liebreich.at"
146.185.223.200 - - [03/Mar/2017:15:50:52 +0100] "GET / HTTP/1.0" 404 - "http://gravatar.com/compraramiodaronaargentina" "Mozilla/5.0 (Windows NT 6.3; WOW64) AppleWebKit/537.36 (KHTML, like Gecko) Chrome/48.0.2564.97 Safari/537.36" "www.liebreich.at"
146.185.223.200 - - [03/Mar/2017:15:50:52 +0100] "GET / HTTP/1.0" 404 - "http://gravatar.com/compraramiodaronaargentina" "Mozilla/5.0 (Windows NT 6.3; WOW64) AppleWebKit/537.36 (KHTML, like Gecko) Chrome/48.0.2564.97 Safari/537.36" "www.liebreich.at"
146.185.223.200 - - [03/Mar/2017:15:50:52 +0100] "GET / HTTP/1.0" 404 - "http://gravatar.com/compraramiodaronaargentina" "Mozilla/5.0 (Windows NT 6.3; WOW64) AppleWebKit/537.36 (KHTML, like Gecko) Chrome/48.0.2564.97 Safari/537.36" "www.liebreich.at"
146.185.223.200 - - [03/Mar/2017:15:50:52 +0100] "GET / HTTP/1.0" 404 - "http://gravatar.com/compraramiodaronaargentina" "Mozilla/5.0 (Windows NT 6.3; WOW64) AppleWebKit/537.36 (KHTML, like Gecko) Chrome/48.0.2564.97 Safari/537.36" "www.liebreich.at"
193.226.177.45 - - [03/Mar/2017:15:53:44 +0100] "GET /m/whatsapp HTTP/1.1" 404 208 "-" "Mozilla/4.0" "www.liebreich.at"
193.226.177.45 - - [03/Mar/2017:15:57:06 +0100] "GET /m/whatsapp HTTP/1.1" 404 208 "-" "Mozilla/4.0" "www.liebreich.at"
212.95.7.71 - - [03/Mar/2017:16:03:12 +0100] "GET /?Motorrad_%2B_Auto___Werkstatt___Vergaser_Revision HTTP/1.1" 404 - "-" "Mozilla/5.0 (iPhone; CPU iPhone OS 10_2_1 like Mac OS X) AppleWebKit/602.4.6 (KHTML, like Gecko) Version/10.0 Mobile/14D27 Safari/602.1" "www.liebreich.at"
212.95.7.71 - - [03/Mar/2017:16:03:12 +0100] "GET /apple-touch-icon-120x120-precomposed.png HTTP/1.1" 404 238 "-" "MobileSafari/602.1 CFNetwork/808.3 Darwin/16.3.0" "www.liebreich.at"
212.95.7.71 - - [03/Mar/2017:16:03:13 +0100] "GET /apple-touch-icon-120x120.png HTTP/1.1" 404 226 "-" "MobileSafari/602.1 CFNetwork/808.3 Darwin/16.3.0" "www.liebreich.at"
212.95.7.71 - - [03/Mar/2017:16:03:13 +0100] "GET /apple-touch-icon-precomposed.png HTTP/1.1" 404 230 "-" "MobileSafari/602.1 CFNetwork/808.3 Darwin/16.3.0" "www.liebreich.at"
212.95.7.71 - - [03/Mar/2017:16:03:13 +0100] "GET /apple-touch-icon.png HTTP/1.1" 404 218 "-" "MobileSafari/602.1 CFNetwork/808.3 Darwin/16.3.0" "www.liebreich.at"
212.95.7.71 - - [03/Mar/2017:16:03:13 +0100] "GET /favicon.ico HTTP/1.1" 404 209 "-" "MobileSafari/602.1 CFNetwork/808.3 Darwin/16.3.0" "www.liebreich.at"
212.95.7.71 - - [03/Mar/2017:16:03:13 +0100] "GET /apple-touch-icon-120x120-precomposed.png HTTP/1.1" 404 238 "-" "MobileSafari/602.1 CFNetwork/808.3 Darwin/16.3.0" "www.liebreich.at"
212.95.7.71 - - [03/Mar/2017:16:03:13 +0100] "GET /apple-touch-icon-120x120.png HTTP/1.1" 404 226 "-" "MobileSafari/602.1 CFNetwork/808.3 Darwin/16.3.0" "www.liebreich.at"
212.95.7.71 - - [03/Mar/2017:16:03:13 +0100] "GET /apple-touch-icon-precomposed.png HTTP/1.1" 404 230 "-" "MobileSafari/602.1 CFNetwork/808.3 Darwin/16.3.0" "www.liebreich.at"
212.95.7.71 - - [03/Mar/2017:16:03:13 +0100] "GET /apple-touch-icon.png HTTP/1.1" 404 218 "-" "MobileSafari/602.1 CFNetwork/808.3 Darwin/16.3.0" "www.liebreich.at"
212.95.7.71 - - [03/Mar/2017:16:03:13 +0100] "GET /favicon.ico HTTP/1.1" 404 209 "-" "MobileSafari/602.1 CFNetwork/808.3 Darwin/16.3.0" "www.liebreich.at"
146.185.223.200 - - [03/Mar/2017:16:03:57 +0100] "GET / HTTP/1.0" 404 - "http://salbutamol2mg4.aircus.com" "Mozilla/5.0 (Windows NT 6.1; WOW64) AppleWebKit/537.36 (KHTML, like Gecko) Chrome/48.0.2564.116 Safari/537.36" "www.liebreich.at"
146.185.223.200 - - [03/Mar/2017:16:03:57 +0100] "GET / HTTP/1.0" 404 - "http://salbutamol2mg4.aircus.com" "Mozilla/5.0 (Windows NT 6.1; WOW64) AppleWebKit/537.36 (KHTML, like Gecko) Chrome/48.0.2564.116 Safari/537.36" "www.liebreich.at"
146.185.223.200 - - [03/Mar/2017:16:03:57 +0100] "GET / HTTP/1.0" 404 - "http://salbutamol2mg4.aircus.com" "Mozilla/5.0 (Windows NT 6.1; WOW64) AppleWebKit/537.36 (KHTML, like Gecko) Chrome/48.0.2564.116 Safari/537.36" "www.liebreich.at"
146.185.223.200 - - [03/Mar/2017:16:03:57 +0100] "GET / HTTP/1.0" 404 - "http://salbutamol2mg4.aircus.com" "Mozilla/5.0 (Windows NT 6.1; WOW64) AppleWebKit/537.36 (KHTML, like Gecko) Chrome/48.0.2564.116 Safari/537.36" "www.liebreich.at"
193.226.177.45 - - [03/Mar/2017:16:04:46 +0100] "GET /m/whatsapp HTTP/1.1" 404 208 "-" "Mozilla/4.0" "www.liebreich.at"
146.185.223.200 - - [03/Mar/2017:16:16:58 +0100] "GET / HTTP/1.0" 404 - "http://buycarbamazepineitaly.aircus.com" "Mozilla/5.0 (Windows NT 6.1; WOW64) AppleWebKit/537.36 (KHTML, like Gecko) Chrome/48.0.2564.97 Safari/537.36" "www.liebreich.at"
146.185.223.200 - - [03/Mar/2017:16:16:58 +0100] "GET / HTTP/1.0" 404 - "http://buycarbamazepineitaly.aircus.com" "Mozilla/5.0 (Windows NT 6.1; WOW64) AppleWebKit/537.36 (KHTML, like Gecko) Chrome/48.0.2564.97 Safari/537.36" "www.liebreich.at"
146.185.223.200 - - [03/Mar/2017:16:16:58 +0100] "GET / HTTP/1.0" 404 - "http://buycarbamazepineitaly.aircus.com" "Mozilla/5.0 (Windows NT 6.1; WOW64) AppleWebKit/537.36 (KHTML, like Gecko) Chrome/48.0.2564.97 Safari/537.36" "www.liebreich.at"
146.185.223.200 - - [03/Mar/2017:16:16:58 +0100] "GET / HTTP/1.0" 404 - "http://buycarbamazepineitaly.aircus.com" "Mozilla/5.0 (Windows NT 6.1; WOW64) AppleWebKit/537.36 (KHTML, like Gecko) Chrome/48.0.2564.97 Safari/537.36" "www.liebreich.at"
180.76.15.158 - - [03/Mar/2017:16:18:42 +0100] "GET / HTTP/1.1" 404 - "-" "Mozilla/5.0 (compatible; Baiduspider/2.0; +http://www.baidu.com/search/spider.html)" "www.liebreich.at"
146.185.223.200 - - [03/Mar/2017:16:30:00 +0100] "GET / HTTP/1.0" 404 - "http://lanyrd.com/profile/muranlu3951739517-6336/bio/" "Mozilla/5.0 (Windows NT 6.1; WOW64) AppleWebKit/537.36 (KHTML, like Gecko) Chrome/48.0.2564.103 Safari/537.36" "www.liebreich.at"
146.185.223.200 - - [03/Mar/2017:16:30:00 +0100] "GET / HTTP/1.0" 404 - "http://lanyrd.com/profile/muranlu3951739517-6336/bio/" "Mozilla/5.0 (Windows NT 6.1; WOW64) AppleWebKit/537.36 (KHTML, like Gecko) Chrome/48.0.2564.103 Safari/537.36" "www.liebreich.at"
146.185.223.200 - - [03/Mar/2017:16:30:00 +0100] "GET / HTTP/1.0" 404 - "http://lanyrd.com/profile/muranlu3951739517-6336/bio/" "Mozilla/5.0 (Windows NT 6.1; WOW64) AppleWebKit/537.36 (KHTML, like Gecko) Chrome/48.0.2564.103 Safari/537.36" "www.liebreich.at"
146.185.223.200 - - [03/Mar/2017:16:30:00 +0100] "GET / HTTP/1.0" 404 - "http://lanyrd.com/profile/muranlu3951739517-6336/bio/" "Mozilla/5.0 (Windows NT 6.1; WOW64) AppleWebKit/537.36 (KHTML, like Gecko) Chrome/48.0.2564.103 Safari/537.36" "www.liebreich.at"
193.226.177.45 - - [03/Mar/2017:16:24:37 +0100] "GET /m/whatsapp HTTP/1.1" 404 208 "-" "Mozilla/4.0" "www.liebreich.at"
193.226.177.45 - - [03/Mar/2017:16:27:47 +0100] "GET /m/whatsapp HTTP/1.1" 404 208 "-" "Mozilla/4.0" "www.liebreich.at"
146.185.223.200 - - [03/Mar/2017:16:43:04 +0100] "GET / HTTP/1.0" 404 - "http://www.nature.com/protocolexchange/labgroups/541085" "Mozilla/5.0 (Windows NT 6.3; WOW64) AppleWebKit/537.36 (KHTML, like Gecko) Chrome/48.0.2564.116 Safari/537.36" "www.liebreich.at"
146.185.223.200 - - [03/Mar/2017:16:43:04 +0100] "GET / HTTP/1.0" 404 - "http://www.nature.com/protocolexchange/labgroups/541085" "Mozilla/5.0 (Windows NT 6.3; WOW64) AppleWebKit/537.36 (KHTML, like Gecko) Chrome/48.0.2564.116 Safari/537.36" "www.liebreich.at"
146.185.223.200 - - [03/Mar/2017:16:43:04 +0100] "GET / HTTP/1.0" 404 - "http://www.nature.com/protocolexchange/labgroups/541085" "Mozilla/5.0 (Windows NT 6.3; WOW64) AppleWebKit/537.36 (KHTML, like Gecko) Chrome/48.0.2564.116 Safari/537.36" "www.liebreich.at"
146.185.223.200 - - [03/Mar/2017:16:43:04 +0100] "GET / HTTP/1.0" 404 - "http://www.nature.com/protocolexchange/labgroups/541085" "Mozilla/5.0 (Windows NT 6.3; WOW64) AppleWebKit/537.36 (KHTML, like Gecko) Chrome/48.0.2564.116 Safari/537.36" "www.liebreich.at"
193.226.177.45 - - [03/Mar/2017:16:54:47 +0100] "GET /m/whatsapp HTTP/1.1" 404 208 "-" "Mozilla/4.0" "www.liebreich.at"
146.185.223.200 - - [03/Mar/2017:16:56:11 +0100] "GET / HTTP/1.0" 404 - "http://clomipheneo.aircus.com" "Mozilla/5.0 (Windows NT 6.1; WOW64; rv:43.0) Gecko/20100101 Firefox/43.0" "www.liebreich.at"
146.185.223.200 - - [03/Mar/2017:16:56:12 +0100] "GET / HTTP/1.0" 404 - "http://clomipheneo.aircus.com" "Mozilla/5.0 (Windows NT 6.1; WOW64; rv:43.0) Gecko/20100101 Firefox/43.0" "www.liebreich.at"
193.226.177.45 - - [03/Mar/2017:16:54:33 +0100] "GET /m/whatsapp HTTP/1.1" 404 208 "-" "Mozilla/4.0" "www.liebreich.at"
202.46.55.175 - - [03/Mar/2017:16:54:42 +0100] "GET / HTTP/1.1" 404 - "-" "Mozilla/5.0 (Windows NT 10.0; WOW64) AppleWebKit/537.36 (KHTML, like Gecko) Chrome/45.0.2454.93 Safari/537.36" "www.liebreich.at"
146.185.223.200 - - [03/Mar/2017:16:56:11 +0100] "GET / HTTP/1.0" 404 - "http://clomipheneo.aircus.com" "Mozilla/5.0 (Windows NT 6.1; WOW64; rv:43.0) Gecko/20100101 Firefox/43.0" "www.liebreich.at"
146.185.223.200 - - [03/Mar/2017:16:56:12 +0100] "GET / HTTP/1.0" 404 - "http://clomipheneo.aircus.com" "Mozilla/5.0 (Windows NT 6.1; WOW64; rv:43.0) Gecko/20100101 Firefox/43.0" "www.liebreich.at"
213.81.140.48 - - [03/Mar/2017:17:06:08 +0100] "GET /m/whatsapp HTTP/1.1" 404 208 "http://www.google.sk/url?sa=t&rct=j&q=&esrc=s&source=web&cd=1&ved=0CCEQFjAA&url=http%3A%2F%2Fliebreich.at%2Fm%2Fwhatsapp&ei=2V7t08FrqSWXqvEgdFRR&usg=IzBedhqezgBenXSvm4p-nfh6czm2bRTJwf" "Mozilla/5.0 (Windows NT 6.1; WOW64; rv:23.0) Gecko/20100101 Firefox/23.0" "www.liebreich.at"
146.185.223.200 - - [03/Mar/2017:17:09:09 +0100] "GET / HTTP/1.0" 404 - "http://www.theknot.com/wedding/sporanox-and-cheap" "Mozilla/5.0 (Windows NT 10.0; WOW64) AppleWebKit/537.36 (KHTML, like Gecko) Chrome/48.0.2564.97 Safari/537.36" "www.liebreich.at"
146.185.223.200 - - [03/Mar/2017:17:09:09 +0100] "GET / HTTP/1.0" 404 - "http://www.theknot.com/wedding/sporanox-and-cheap" "Mozilla/5.0 (Windows NT 10.0; WOW64) AppleWebKit/537.36 (KHTML, like Gecko) Chrome/48.0.2564.97 Safari/537.36" "www.liebreich.at"
193.226.177.45 - - [03/Mar/2017:17:05:27 +0100] "GET /m/whatsapp HTTP/1.1" 404 208 "-" "Mozilla/4.0" "www.liebreich.at"
213.81.140.48 - - [03/Mar/2017:17:06:05 +0100] "GET /m/whatsapp HTTP/1.1" 404 208 "http://www.google.sk/url?sa=t&rct=j&q=&esrc=s&source=web&cd=1&ved=0CCEQFjAA&url=http%3A%2F%2Fliebreich.at%2Fm%2Fwhatsapp&ei=jrnO7XAVMYykmywOZfgv&usg=g9rTJpaUoRhPJnEff57-d68sBJbYhSHDzv" "Mozilla/5.0 (compatible; MSIE 9.0; Windows NT 6.1; Win64; x64; Trident/5.0)" "www.liebreich.at"
213.81.140.48 - - [03/Mar/2017:17:06:07 +0100] "GET /m/whatsapp HTTP/1.1" 404 208 "http://www.google.sk/url?sa=t&rct=j&q=&esrc=s&source=web&cd=1&ved=0CCEQFjAA&url=http%3A%2F%2Fliebreich.at%2Fm%2Fwhatsapp&ei=Q6KeePrL28qlJUpQxELA&usg=4Qr5tokqtvH5k7TSZjF-0dFKtwBQMZr7cU" "Mozilla/5.0 (Windows NT 6.1; WOW64) AppleWebKit/537.36 (KHTML, like Gecko) Chrome/29.0.1547.62 Safari/537.36" "www.liebreich.at"
146.185.223.200 - - [03/Mar/2017:17:09:08 +0100] "GET / HTTP/1.0" 404 - "http://www.theknot.com/wedding/sporanox-and-cheap" "Mozilla/5.0 (Windows NT 10.0; WOW64) AppleWebKit/537.36 (KHTML, like Gecko) Chrome/48.0.2564.97 Safari/537.36" "www.liebreich.at"
146.185.223.200 - - [03/Mar/2017:17:09:09 +0100] "GET / HTTP/1.0" 404 - "http://www.theknot.com/wedding/sporanox-and-cheap" "Mozilla/5.0 (Windows NT 10.0; WOW64) AppleWebKit/537.36 (KHTML, like Gecko) Chrome/48.0.2564.97 Safari/537.36" "www.liebreich.at"
193.226.177.45 - - [03/Mar/2017:17:20:36 +0100] "GET /m/whatsapp HTTP/1.1" 404 208 "-" "Mozilla/4.0" "www.liebreich.at"
146.185.223.200 - - [03/Mar/2017:17:22:04 +0100] "GET / HTTP/1.0" 404 - "http://order-piroxicam-20mg-online.over-blog.com/2014/04/buy-piroxicam-20mg.html" "Mozilla/5.0 (Windows NT 6.1; WOW64) AppleWebKit/537.36 (KHTML, like Gecko) Chrome/47.0.2526.111 Safari/537.36 OPR/34.0.2036.50" "www.liebreich.at"
146.185.223.200 - - [03/Mar/2017:17:22:04 +0100] "GET / HTTP/1.0" 404 - "http://order-piroxicam-20mg-online.over-blog.com/2014/04/buy-piroxicam-20mg.html" "Mozilla/5.0 (Windows NT 6.1; WOW64) AppleWebKit/537.36 (KHTML, like Gecko) Chrome/47.0.2526.111 Safari/537.36 OPR/34.0.2036.50" "www.liebreich.at"
193.226.177.45 - - [03/Mar/2017:17:20:36 +0100] "GET /m/whatsapp HTTP/1.1" 404 208 "-" "Mozilla/4.0" "www.liebreich.at"
146.185.223.200 - - [03/Mar/2017:17:22:04 +0100] "GET / HTTP/1.0" 404 - "http://order-piroxicam-20mg-online.over-blog.com/2014/04/buy-piroxicam-20mg.html" "Mozilla/5.0 (Windows NT 6.1; WOW64) AppleWebKit/537.36 (KHTML, like Gecko) Chrome/47.0.2526.111 Safari/537.36 OPR/34.0.2036.50" "www.liebreich.at"
146.185.223.200 - - [03/Mar/2017:17:22:04 +0100] "GET / HTTP/1.0" 404 - "http://order-piroxicam-20mg-online.over-blog.com/2014/04/buy-piroxicam-20mg.html" "Mozilla/5.0 (Windows NT 6.1; WOW64) AppleWebKit/537.36 (KHTML, like Gecko) Chrome/47.0.2526.111 Safari/537.36 OPR/34.0.2036.50" "www.liebreich.at"
66.249.66.27 - - [03/Mar/2017:17:23:00 +0100] "GET /robots.txt HTTP/1.1" 404 208 "-" "Mozilla/5.0 (compatible; Googlebot/2.1; +http://www.google.com/bot.html)" "www.liebreich.at"
66.249.66.24 - - [03/Mar/2017:17:23:00 +0100] "GET /?Motorrad_%2B_Auto___Werkstatt___Vergaser_Revision HTTP/1.1" 404 - "-" "Mozilla/5.0 (Linux; Android 6.0.1; Nexus 5X Build/MMB29P) AppleWebKit/537.36 (KHTML, like Gecko) Chrome/41.0.2272.96 Mobile Safari/537.36 (compatible; Googlebot/2.1; +http://www.google.com/bot.html)" "www.liebreich.at"
95.116.17.48 - - [03/Mar/2017:17:24:18 +0100] "GET /?Motorrad_%2B_Auto___Werkstatt___Vergaser_Revision HTTP/1.1" 404 - "-" "Mozilla/5.0 (iPhone; CPU iPhone OS 10_2_1 like Mac OS X) AppleWebKit/602.4.6 (KHTML, like Gecko) Version/10.0 Mobile/14D27 Safari/602.1" "www.liebreich.at"
95.116.17.48 - - [03/Mar/2017:17:24:19 +0100] "GET /apple-touch-icon-120x120-precomposed.png HTTP/1.1" 404 238 "-" "MobileSafari/602.1 CFNetwork/808.3 Darwin/16.3.0" "www.liebreich.at"
95.116.17.48 - - [03/Mar/2017:17:24:19 +0100] "GET /apple-touch-icon-120x120.png HTTP/1.1" 404 226 "-" "MobileSafari/602.1 CFNetwork/808.3 Darwin/16.3.0" "www.liebreich.at"
95.116.17.48 - - [03/Mar/2017:17:24:19 +0100] "GET /apple-touch-icon-precomposed.png HTTP/1.1" 404 230 "-" "MobileSafari/602.1 CFNetwork/808.3 Darwin/16.3.0" "www.liebreich.at"
95.116.17.48 - - [03/Mar/2017:17:24:19 +0100] "GET /apple-touch-icon.png HTTP/1.1" 404 218 "-" "MobileSafari/602.1 CFNetwork/808.3 Darwin/16.3.0" "www.liebreich.at"
95.116.17.48 - - [03/Mar/2017:17:24:19 +0100] "GET /favicon.ico HTTP/1.1" 404 209 "-" "MobileSafari/602.1 CFNetwork/808.3 Darwin/16.3.0" "www.liebreich.at"
95.116.17.48 - - [03/Mar/2017:17:24:19 +0100] "GET /apple-touch-icon-120x120-precomposed.png HTTP/1.1" 404 238 "-" "MobileSafari/602.1 CFNetwork/808.3 Darwin/16.3.0" "www.liebreich.at"
95.116.17.48 - - [03/Mar/2017:17:24:19 +0100] "GET /apple-touch-icon-120x120.png HTTP/1.1" 404 226 "-" "MobileSafari/602.1 CFNetwork/808.3 Darwin/16.3.0" "www.liebreich.at"
95.116.17.48 - - [03/Mar/2017:17:24:19 +0100] "GET /apple-touch-icon-precomposed.png HTTP/1.1" 404 230 "-" "MobileSafari/602.1 CFNetwork/808.3 Darwin/16.3.0" "www.liebreich.at"
95.116.17.48 - - [03/Mar/2017:17:24:19 +0100] "GET /apple-touch-icon.png HTTP/1.1" 404 218 "-" "MobileSafari/602.1 CFNetwork/808.3 Darwin/16.3.0" "www.liebreich.at"
95.116.17.48 - - [03/Mar/2017:17:24:19 +0100] "GET /favicon.ico HTTP/1.1" 404 209 "-" "MobileSafari/602.1 CFNetwork/808.3 Darwin/16.3.0" "www.liebreich.at"
146.185.223.200 - - [03/Mar/2017:17:35:01 +0100] "GET / HTTP/1.0" 404 - "http://gravatar.com/softtesebcadework" "Mozilla/5.0 (Windows NT 6.1; rv:44.0) Gecko/20100101 Firefox/44.0" "www.liebreich.at"
146.185.223.200 - - [03/Mar/2017:17:35:01 +0100] "GET / HTTP/1.0" 404 - "http://gravatar.com/softtesebcadework" "Mozilla/5.0 (Windows NT 6.1; rv:44.0) Gecko/20100101 Firefox/44.0" "www.liebreich.at"
105.155.106.210 - - [03/Mar/2017:17:40:09 +0100] "GET /mobile/ HTTP/1.1" 404 205 "-" "Mozilla/5.0 (Windows NT 6.1) AppleWebKit/537.36 (KHTML, like Gecko) Chrome/56.0.2924.87 Safari/537.36" "www.liebreich.at"
105.155.106.210 - - [03/Mar/2017:17:40:09 +0100] "GET /favicon.ico HTTP/1.1" 404 209 "http://www.liebreich.at/mobile/" "Mozilla/5.0 (Windows NT 6.1) AppleWebKit/537.36 (KHTML, like Gecko) Chrome/56.0.2924.87 Safari/537.36" "www.liebreich.at"
193.226.177.45 - - [03/Mar/2017:17:46:45 +0100] "GET /m/whatsapp HTTP/1.1" 404 208 "-" "Mozilla/4.0" "www.liebreich.at"
146.185.223.200 - - [03/Mar/2017:17:35:01 +0100] "GET / HTTP/1.0" 404 - "http://gravatar.com/softtesebcadework" "Mozilla/5.0 (Windows NT 6.1; rv:44.0) Gecko/20100101 Firefox/44.0" "www.liebreich.at"
146.185.223.200 - - [03/Mar/2017:17:35:01 +0100] "GET / HTTP/1.0" 404 - "http://gravatar.com/softtesebcadework" "Mozilla/5.0 (Windows NT 6.1; rv:44.0) Gecko/20100101 Firefox/44.0" "www.liebreich.at"
193.226.177.45 - - [03/Mar/2017:17:46:46 +0100] "GET /m/whatsapp HTTP/1.1" 404 208 "-" "Mozilla/4.0" "www.liebreich.at"
146.185.223.200 - - [03/Mar/2017:17:47:59 +0100] "GET / HTTP/1.0" 404 - "http://gravatar.com/buyaravanorx" "Mozilla/5.0 (Windows NT 6.1; WOW64) AppleWebKit/537.36 (KHTML, like Gecko) Chrome/47.0.2526.111 Safari/537.36 OPR/34.0.2036.50" "www.liebreich.at"
146.185.223.200 - - [03/Mar/2017:17:47:59 +0100] "GET / HTTP/1.0" 404 - "http://gravatar.com/buyaravanorx" "Mozilla/5.0 (Windows NT 6.1; WOW64) AppleWebKit/537.36 (KHTML, like Gecko) Chrome/47.0.2526.111 Safari/537.36 OPR/34.0.2036.50" "www.liebreich.at"
146.185.223.200 - - [03/Mar/2017:17:47:59 +0100] "GET / HTTP/1.0" 404 - "http://gravatar.com/buyaravanorx" "Mozilla/5.0 (Windows NT 6.1; WOW64) AppleWebKit/537.36 (KHTML, like Gecko) Chrome/47.0.2526.111 Safari/537.36 OPR/34.0.2036.50" "www.liebreich.at"
146.185.223.200 - - [03/Mar/2017:17:48:00 +0100] "GET / HTTP/1.0" 404 - "http://gravatar.com/buyaravanorx" "Mozilla/5.0 (Windows NT 6.1; WOW64) AppleWebKit/537.36 (KHTML, like Gecko) Chrome/47.0.2526.111 Safari/537.36 OPR/34.0.2036.50" "www.liebreich.at"
46.165.197.141 - - [03/Mar/2017:17:48:03 +0100] "GET /robots.txt HTTP/1.1" 404 208 "-" "Mozilla/5.0 (compatible; MJ12bot/v1.4.8; http://mj12bot.com/)" "www.liebreich.at"
46.165.197.141 - - [03/Mar/2017:17:48:04 +0100] "GET / HTTP/1.1" 404 - "-" "Mozilla/5.0 (compatible; MJ12bot/v1.4.8; http://mj12bot.com/)" "www.liebreich.at"
80.110.70.107 - - [03/Mar/2017:17:52:24 +0100] "GET /apple-touch-icon-precomposed.png HTTP/1.1" 404 230 "-" "Safari/11602.2.14.0.7 CFNetwork/760.6.3 Darwin/15.6.0 (x86_64)" "www.liebreich.at"
80.110.70.107 - - [03/Mar/2017:17:52:24 +0100] "GET /apple-touch-icon.png HTTP/1.1" 404 218 "-" "Safari/11602.2.14.0.7 CFNetwork/760.6.3 Darwin/15.6.0 (x86_64)" "www.liebreich.at"
80.110.70.107 - - [03/Mar/2017:17:52:24 +0100] "GET /favicon.ico HTTP/1.1" 404 209 "-" "Safari/11602.2.14.0.7 CFNetwork/760.6.3 Darwin/15.6.0 (x86_64)" "www.liebreich.at"
80.110.70.107 - - [03/Mar/2017:17:52:24 +0100] "GET /apple-touch-icon-precomposed.png HTTP/1.1" 404 230 "-" "Safari/11602.2.14.0.7 CFNetwork/760.6.3 Darwin/15.6.0 (x86_64)" "www.liebreich.at"
80.110.70.107 - - [03/Mar/2017:17:52:24 +0100] "GET /apple-touch-icon.png HTTP/1.1" 404 218 "-" "Safari/11602.2.14.0.7 CFNetwork/760.6.3 Darwin/15.6.0 (x86_64)" "www.liebreich.at"
80.110.70.107 - - [03/Mar/2017:17:52:24 +0100] "GET /favicon.ico HTTP/1.1" 404 209 "-" "Safari/11602.2.14.0.7 CFNetwork/760.6.3 Darwin/15.6.0 (x86_64)" "www.liebreich.at"
80.110.70.107 - - [03/Mar/2017:17:52:24 +0100] "GET /apple-touch-icon-precomposed.png HTTP/1.1" 404 230 "-" "Safari/11602.2.14.0.7 CFNetwork/760.6.3 Darwin/15.6.0 (x86_64)" "www.liebreich.at"
80.110.70.107 - - [03/Mar/2017:17:52:24 +0100] "GET /apple-touch-icon.png HTTP/1.1" 404 218 "-" "Safari/11602.2.14.0.7 CFNetwork/760.6.3 Darwin/15.6.0 (x86_64)" "www.liebreich.at"
80.110.70.107 - - [03/Mar/2017:17:52:24 +0100] "GET /favicon.ico HTTP/1.1" 404 209 "-" "Safari/11602.2.14.0.7 CFNetwork/760.6.3 Darwin/15.6.0 (x86_64)" "www.liebreich.at"
80.110.70.107 - - [03/Mar/2017:17:52:24 +0100] "GET /apple-touch-icon-precomposed.png HTTP/1.1" 404 230 "-" "Safari/11602.2.14.0.7 CFNetwork/760.6.3 Darwin/15.6.0 (x86_64)" "www.liebreich.at"
80.110.70.107 - - [03/Mar/2017:17:52:24 +0100] "GET /apple-touch-icon.png HTTP/1.1" 404 218 "-" "Safari/11602.2.14.0.7 CFNetwork/760.6.3 Darwin/15.6.0 (x86_64)" "www.liebreich.at"
80.110.70.107 - - [03/Mar/2017:17:52:24 +0100] "GET /favicon.ico HTTP/1.1" 404 209 "-" "Safari/11602.2.14.0.7 CFNetwork/760.6.3 Darwin/15.6.0 (x86_64)" "www.liebreich.at"
104.42.198.99 - - [03/Mar/2017:17:59:13 +0100] "GET /m/WhatsApp/user/access/restore/Abo/a6998bb74d42ceee8a92b810b6a7cfa6/ HTTP/1.1" 404 266 "-" "Mozilla/4.0 (compatible; MSIE 6.0; Windows NT 5.1; .NET CLR 1.1.4322; .NET CLR 2.0.50727)" "www.liebreich.at"
104.42.198.99 - - [03/Mar/2017:17:59:24 +0100] "GET /m/WhatsApp/user/access/restore/Abo/cb37701b3e72f9ae35ab2f15c5c80014/ HTTP/1.1" 404 266 "-" "Mozilla/4.0 (compatible; MSIE 6.0; Windows NT 5.1; .NET CLR 1.1.4322; .NET CLR 2.0.50727)" "www.liebreich.at"
80.110.70.107 - - [03/Mar/2017:17:52:24 +0100] "GET /?Motorrad:Werkstatt:Vergaser_Revision HTTP/1.1" 404 - "-" "Mozilla/5.0 (Macintosh; Intel Mac OS X 10_11_6) AppleWebKit/602.2.14 (KHTML, like Gecko)" "www.liebreich.at"
80.110.70.107 - - [03/Mar/2017:17:52:24 +0100] "GET /?Motorrad:Werkstatt:Vergaser_Revision HTTP/1.1" 404 - "-" "Mozilla/5.0 (iPhone; CPU iPhone OS 10_0 like Mac OS X) AppleWebKit/602.1.38 (KHTML, like Gecko) Version/10.0 Mobile/14A300 Safari/602.1" "www.liebreich.at"
104.42.198.99 - - [03/Mar/2017:17:57:46 +0100] "GET /mobile/WhatsApp/utilisateur/login/rest-login/abonnement/4669c83f361cd79179afd51db2542672/ HTTP/1.1" 404 287 "-" "Mozilla/4.0 (compatible; MSIE 6.0; Windows NT 5.1; .NET CLR 1.1.4322; .NET CLR 2.0.50727)" "www.liebreich.at"
146.185.223.200 - - [03/Mar/2017:18:01:00 +0100] "GET / HTTP/1.0" 404 - "http://rdmeloxicam.over-blog.com/2014/04/meloxicam-buy-no-prescription-what-is-the-best-website-to-buy-meloxicam-from.html" "Mozilla/5.0 (Windows NT 10.0; WOW64; rv:43.0) Gecko/20100101 Firefox/43.0" "www.liebreich.at"
146.185.223.200 - - [03/Mar/2017:18:01:00 +0100] "GET / HTTP/1.0" 404 - "http://rdmeloxicam.over-blog.com/2014/04/meloxicam-buy-no-prescription-what-is-the-best-website-to-buy-meloxicam-from.html" "Mozilla/5.0 (Windows NT 10.0; WOW64; rv:43.0) Gecko/20100101 Firefox/43.0" "www.liebreich.at"
146.185.223.200 - - [03/Mar/2017:18:01:00 +0100] "GET / HTTP/1.0" 404 - "http://rdmeloxicam.over-blog.com/2014/04/meloxicam-buy-no-prescription-what-is-the-best-website-to-buy-meloxicam-from.html" "Mozilla/5.0 (Windows NT 10.0; WOW64; rv:43.0) Gecko/20100101 Firefox/43.0" "www.liebreich.at"
146.185.223.200 - - [03/Mar/2017:18:01:00 +0100] "GET / HTTP/1.0" 404 - "http://rdmeloxicam.over-blog.com/2014/04/meloxicam-buy-no-prescription-what-is-the-best-website-to-buy-meloxicam-from.html" "Mozilla/5.0 (Windows NT 10.0; WOW64; rv:43.0) Gecko/20100101 Firefox/43.0" "www.liebreich.at"
193.226.177.45 - - [03/Mar/2017:18:07:21 +0100] "GET /m/whatsapp HTTP/1.1" 404 208 "-" "Mozilla/4.0" "www.liebreich.at"
217.230.177.76 - - [03/Mar/2017:18:11:07 +0100] "GET /mobile/whatsapp/utilisateurs/login/verification/renewal/fee5cb544981fba5b54740387351caff/images/icon-lang-switch.png HTTP/1.1" 404 314 "http://www.liebreich.at/mobile/whatsapp/utilisateurs/login/verification/renewal/fee5cb544981fba5b54740387351caff/" "Mozilla/5.0 (iPhone; CPU iPhone OS 10_1_1 like Mac OS X) AppleWebKit/602.2.14 (KHTML, like Gecko) Version/10.0 Mobile/14B100 Safari/602.1" "www.liebreich.at"
217.230.177.76 - - [03/Mar/2017:18:11:10 +0100] "GET /mobile/whatsapp/utilisateurs/login/verification/renewal/fee5cb544981fba5b54740387351caff/images/next.png HTTP/1.1" 404 302 "http://www.liebreich.at/mobile/whatsapp/utilisateurs/login/verification/renewal/fee5cb544981fba5b54740387351caff/" "Mozilla/5.0 (iPhone; CPU iPhone OS 10_1_1 like Mac OS X) AppleWebKit/602.2.14 (KHTML, like Gecko) Version/10.0 Mobile/14B100 Safari/602.1" "www.liebreich.at"
193.226.177.45 - - [03/Mar/2017:18:12:16 +0100] "GET /m/whatsapp HTTP/1.1" 404 208 "-" "Mozilla/4.0" "www.liebreich.at"
193.226.177.45 - - [03/Mar/2017:18:12:17 +0100] "GET /m/whatsapp HTTP/1.1" 404 208 "-" "Mozilla/4.0" "www.liebreich.at"
146.185.223.200 - - [03/Mar/2017:18:13:59 +0100] "GET / HTTP/1.0" 404 - "http://gravatar.com/iimemantina" "Mozilla/5.0 (Windows NT 6.1; WOW64; rv:43.0) Gecko/20100101 Firefox/43.0" "www.liebreich.at"
146.185.223.200 - - [03/Mar/2017:18:14:00 +0100] "GET / HTTP/1.0" 404 - "http://gravatar.com/iimemantina" "Mozilla/5.0 (Windows NT 6.1; WOW64; rv:43.0) Gecko/20100101 Firefox/43.0" "www.liebreich.at"
146.185.223.200 - - [03/Mar/2017:18:14:00 +0100] "GET / HTTP/1.0" 404 - "http://gravatar.com/iimemantina" "Mozilla/5.0 (Windows NT 6.1; WOW64; rv:43.0) Gecko/20100101 Firefox/43.0" "www.liebreich.at"
146.185.223.200 - - [03/Mar/2017:18:14:00 +0100] "GET / HTTP/1.0" 404 - "http://gravatar.com/iimemantina" "Mozilla/5.0 (Windows NT 6.1; WOW64; rv:43.0) Gecko/20100101 Firefox/43.0" "www.liebreich.at"
54.153.19.189 - - [03/Mar/2017:18:15:35 +0100] "HEAD /m HTTP/1.1" 404 - "-" "Mozilla/5.0 (compatible, MSIE 11, Windows NT 6.3; Trident/7.0; rv:11.0) like Gecko" "www.liebreich.at"
146.185.223.200 - - [03/Mar/2017:18:26:59 +0100] "GET / HTTP/1.0" 404 - "http://www.theknot.com/wedding/clobetasol-and-discount" "Mozilla/5.0 (Windows NT 6.1; WOW64) AppleWebKit/537.36 (KHTML, like Gecko) Chrome/48.0.2564.103 Safari/537.36" "www.liebreich.at"
146.185.223.200 - - [03/Mar/2017:18:26:59 +0100] "GET / HTTP/1.0" 404 - "http://www.theknot.com/wedding/clobetasol-and-discount" "Mozilla/5.0 (Windows NT 6.1; WOW64) AppleWebKit/537.36 (KHTML, like Gecko) Chrome/48.0.2564.103 Safari/537.36" "www.liebreich.at"
146.185.223.200 - - [03/Mar/2017:18:26:59 +0100] "GET / HTTP/1.0" 404 - "http://www.theknot.com/wedding/clobetasol-and-discount" "Mozilla/5.0 (Windows NT 6.1; WOW64) AppleWebKit/537.36 (KHTML, like Gecko) Chrome/48.0.2564.103 Safari/537.36" "www.liebreich.at"
146.185.223.200 - - [03/Mar/2017:18:26:59 +0100] "GET / HTTP/1.0" 404 - "http://www.theknot.com/wedding/clobetasol-and-discount" "Mozilla/5.0 (Windows NT 6.1; WOW64) AppleWebKit/537.36 (KHTML, like Gecko) Chrome/48.0.2564.103 Safari/537.36" "www.liebreich.at"
213.81.140.52 - - [03/Mar/2017:18:32:23 +0100] "GET /m/whatsapp HTTP/1.1" 404 208 "http://www.google.sk/url?sa=t&rct=j&q=&esrc=s&source=web&cd=1&ved=0CCEQFjAA&url=http%3A%2F%2Fliebreich.at%2Fm%2Fwhatsapp&ei=08RQvREHE7D9IUjjP6VJ&usg=kVpddUlrvn8ZpPNLkzi-BxX2FzcSPlAfQp" "Opera/9.80 (Windows NT 6.1; Win64; x64) Presto/2.12.388 Version/12.15" "www.liebreich.at"
213.81.140.52 - - [03/Mar/2017:18:32:24 +0100] "GET /m/whatsapp HTTP/1.1" 404 208 "http://www.google.sk/url?sa=t&rct=j&q=&esrc=s&source=web&cd=1&ved=0CCEQFjAA&url=http%3A%2F%2Fliebreich.at%2Fm%2Fwhatsapp&ei=Bkh65upoD2B8U0yUiZZE&usg=Su7vWcPcK7eX7OaZRDH-deJhZrL1g92qeK" "Mozilla/5.0 (Windows NT 6.1; WOW64; rv:23.0) Gecko/20100101 Firefox/23.0" "www.liebreich.at"
213.81.140.52 - - [03/Mar/2017:18:32:24 +0100] "GET /m/whatsapp HTTP/1.1" 404 208 "http://www.google.sk/url?sa=t&rct=j&q=&esrc=s&source=web&cd=1&ved=0CCEQFjAA&url=http%3A%2F%2Fliebreich.at%2Fm%2Fwhatsapp&ei=2E3dbGd7NAWHg296lqW1&usg=KZ8MXfaqJLf4O4cs4Lw-FZSIEdw5Pp39lR" "Mozilla/5.0 (Windows NT 6.1; WOW64) AppleWebKit/537.36 (KHTML, like Gecko) Chrome/29.0.1547.62 Safari/537.36" "www.liebreich.at"
213.81.140.52 - - [03/Mar/2017:18:33:02 +0100] "GET /m/whatsapp HTTP/1.1" 404 208 "http://www.google.sk/url?sa=t&rct=j&q=&esrc=s&source=web&cd=1&ved=0CCEQFjAA&url=http%3A%2F%2Fliebreich.at%2Fm%2Fwhatsapp&ei=czrdWaCvxjxTjgNatcN7&usg=ogoGVEzjMAz1fIvUXz4-VR7lAoMy1iIyY1" "Mozilla/5.0 (Windows NT 6.1; WOW64) AppleWebKit/537.36 (KHTML, like Gecko) Chrome/27.0.1453.116 Safari/537.36" "www.liebreich.at"
193.226.177.45 - - [03/Mar/2017:18:36:57 +0100] "GET /m/whatsapp HTTP/1.1" 404 208 "-" "Mozilla/4.0" "www.liebreich.at"
193.226.177.45 - - [03/Mar/2017:18:38:29 +0100] "GET /m/whatsapp HTTP/1.1" 404 208 "-" "Mozilla/4.0" "www.liebreich.at"
146.185.223.200 - - [03/Mar/2017:18:40:04 +0100] "GET / HTTP/1.0" 404 - "http://www.nature.com/protocolexchange/labgroups/589185" "Mozilla/5.0 (Windows NT 6.1; WOW64) AppleWebKit/537.36 (KHTML, like Gecko) Chrome/48.0.2564.116 Safari/537.36" "www.liebreich.at"
146.185.223.200 - - [03/Mar/2017:18:40:05 +0100] "GET / HTTP/1.0" 404 - "http://www.nature.com/protocolexchange/labgroups/589185" "Mozilla/5.0 (Windows NT 6.1; WOW64) AppleWebKit/537.36 (KHTML, like Gecko) Chrome/48.0.2564.116 Safari/537.36" "www.liebreich.at"
146.185.223.200 - - [03/Mar/2017:18:40:04 +0100] "GET / HTTP/1.0" 404 - "http://www.nature.com/protocolexchange/labgroups/589185" "Mozilla/5.0 (Windows NT 6.1; WOW64) AppleWebKit/537.36 (KHTML, like Gecko) Chrome/48.0.2564.116 Safari/537.36" "www.liebreich.at"
146.185.223.200 - - [03/Mar/2017:18:40:04 +0100] "GET / HTTP/1.0" 404 - "http://www.nature.com/protocolexchange/labgroups/589185" "Mozilla/5.0 (Windows NT 6.1; WOW64) AppleWebKit/537.36 (KHTML, like Gecko) Chrome/48.0.2564.116 Safari/537.36" "www.liebreich.at"
146.185.223.200 - - [03/Mar/2017:18:53:13 +0100] "GET / HTTP/1.0" 404 - "http://gravatar.com/ordertegretol200mgforsale" "Mozilla/5.0 (Windows NT 6.1; WOW64) AppleWebKit/537.36 (KHTML, like Gecko) Chrome/47.0.2526.111 YaBrowser/16.2.0.3539 Safari/537.36" "www.liebreich.at"
146.185.223.200 - - [03/Mar/2017:18:53:13 +0100] "GET / HTTP/1.0" 404 - "http://gravatar.com/ordertegretol200mgforsale" "Mozilla/5.0 (Windows NT 6.1; WOW64) AppleWebKit/537.36 (KHTML, like Gecko) Chrome/47.0.2526.111 YaBrowser/16.2.0.3539 Safari/537.36" "www.liebreich.at"
146.185.223.200 - - [03/Mar/2017:18:53:13 +0100] "GET / HTTP/1.0" 404 - "http://gravatar.com/ordertegretol200mgforsale" "Mozilla/5.0 (Windows NT 6.1; WOW64) AppleWebKit/537.36 (KHTML, like Gecko) Chrome/47.0.2526.111 YaBrowser/16.2.0.3539 Safari/537.36" "www.liebreich.at"
146.185.223.200 - - [03/Mar/2017:18:53:13 +0100] "GET / HTTP/1.0" 404 - "http://gravatar.com/ordertegretol200mgforsale" "Mozilla/5.0 (Windows NT 6.1; WOW64) AppleWebKit/537.36 (KHTML, like Gecko) Chrome/47.0.2526.111 YaBrowser/16.2.0.3539 Safari/537.36" "www.liebreich.at"
193.226.177.45 - - [03/Mar/2017:19:02:08 +0100] "GET /m/whatsapp HTTP/1.1" 404 208 "-" "Mozilla/4.0" "www.liebreich.at"
193.226.177.45 - - [03/Mar/2017:19:02:09 +0100] "GET /m/whatsapp HTTP/1.1" 404 208 "-" "Mozilla/4.0" "www.liebreich.at"
146.185.223.200 - - [03/Mar/2017:19:06:17 +0100] "GET / HTTP/1.0" 404 - "http://gravatar.com/buyrifaximinonline" "Mozilla/5.0 (Windows NT 6.1) AppleWebKit/537.36 (KHTML, like Gecko) Chrome/48.0.2564.109 Safari/537.36" "www.liebreich.at"
146.185.223.200 - - [03/Mar/2017:19:06:17 +0100] "GET / HTTP/1.0" 404 - "http://gravatar.com/buyrifaximinonline" "Mozilla/5.0 (Windows NT 6.1) AppleWebKit/537.36 (KHTML, like Gecko) Chrome/48.0.2564.109 Safari/537.36" "www.liebreich.at"
146.185.223.200 - - [03/Mar/2017:19:06:17 +0100] "GET / HTTP/1.0" 404 - "http://gravatar.com/buyrifaximinonline" "Mozilla/5.0 (Windows NT 6.1) AppleWebKit/537.36 (KHTML, like Gecko) Chrome/48.0.2564.109 Safari/537.36" "www.liebreich.at"
146.185.223.200 - - [03/Mar/2017:19:06:17 +0100] "GET / HTTP/1.0" 404 - "http://gravatar.com/buyrifaximinonline" "Mozilla/5.0 (Windows NT 6.1) AppleWebKit/537.36 (KHTML, like Gecko) Chrome/48.0.2564.109 Safari/537.36" "www.liebreich.at"
193.226.177.45 - - [03/Mar/2017:19:08:09 +0100] "GET /m/whatsapp HTTP/1.1" 404 208 "-" "Mozilla/4.0" "www.liebreich.at"
213.81.140.52 - - [03/Mar/2017:19:12:16 +0100] "GET /m/whatsapp HTTP/1.1" 404 208 "http://www.google.sk/url?sa=t&rct=j&q=&esrc=s&source=web&cd=1&ved=0CCEQFjAA&url=http%3A%2F%2Fliebreich.at%2Fm%2Fwhatsapp&ei=qtJc2HY39Kcup5XTEMM4&usg=HnNUhBYTlve4NZZdmv2-TZwZmT79caapnl" "Mozilla/5.0 (Windows NT 6.1; WOW64; rv:19.0) Gecko/20100101 Firefox/19.0" "www.liebreich.at"
213.81.140.52 - - [03/Mar/2017:19:12:17 +0100] "GET /m/whatsapp HTTP/1.1" 404 208 "http://www.google.sk/url?sa=t&rct=j&q=&esrc=s&source=web&cd=1&ved=0CCEQFjAA&url=http%3A%2F%2Fliebreich.at%2Fm%2Fwhatsapp&ei=ehewpXmG0efBKtQRpur2&usg=GBtF199o8xVZZaEx0wA-R9SWQo6F4netUH" "Mozilla/5.0 (compatible; MSIE 9.0; Windows NT 6.1; Win64; x64; Trident/5.0)" "www.liebreich.at"
213.81.140.52 - - [03/Mar/2017:19:12:17 +0100] "GET /m/whatsapp HTTP/1.1" 404 208 "http://www.google.sk/url?sa=t&rct=j&q=&esrc=s&source=web&cd=1&ved=0CCEQFjAA&url=http%3A%2F%2Fliebreich.at%2Fm%2Fwhatsapp&ei=JhzRmdJoNX3I8knYlSY2&usg=ihnxhYbQMhdBxD7tXFD-yuBtLgFxZi0f4c" "Opera/9.80 (Windows NT 6.1; Win64; x64) Presto/2.12.388 Version/12.16" "www.liebreich.at"
146.185.223.200 - - [03/Mar/2017:19:19:21 +0100] "GET / HTTP/1.0" 404 - "http://gravatar.com/rocherirefeefi" "Mozilla/5.0 (Windows NT 10.0; WOW64) AppleWebKit/537.36 (KHTML, like Gecko) Chrome/48.0.2564.109 Safari/537.36" "www.liebreich.at"
146.185.223.200 - - [03/Mar/2017:19:19:21 +0100] "GET / HTTP/1.0" 404 - "http://gravatar.com/rocherirefeefi" "Mozilla/5.0 (Windows NT 10.0; WOW64) AppleWebKit/537.36 (KHTML, like Gecko) Chrome/48.0.2564.109 Safari/537.36" "www.liebreich.at"
146.185.223.200 - - [03/Mar/2017:19:19:21 +0100] "GET / HTTP/1.0" 404 - "http://gravatar.com/rocherirefeefi" "Mozilla/5.0 (Windows NT 10.0; WOW64) AppleWebKit/537.36 (KHTML, like Gecko) Chrome/48.0.2564.109 Safari/537.36" "www.liebreich.at"
193.226.177.45 - - [03/Mar/2017:19:25:18 +0100] "GET /m/whatsapp HTTP/1.1" 404 208 "-" "Mozilla/4.0" "www.liebreich.at"
146.185.223.200 - - [03/Mar/2017:19:19:21 +0100] "GET / HTTP/1.0" 404 - "http://gravatar.com/rocherirefeefi" "Mozilla/5.0 (Windows NT 10.0; WOW64) AppleWebKit/537.36 (KHTML, like Gecko) Chrome/48.0.2564.109 Safari/537.36" "www.liebreich.at"
193.226.177.45 - - [03/Mar/2017:19:25:18 +0100] "GET /m/whatsapp HTTP/1.1" 404 208 "-" "Mozilla/4.0" "www.liebreich.at"
146.185.223.200 - - [03/Mar/2017:19:32:25 +0100] "GET / HTTP/1.0" 404 - "http://www.nature.com/protocolexchange/labgroups/519869" "Mozilla/5.0 (Windows NT 10.0; WOW64) AppleWebKit/537.36 (KHTML, like Gecko) Chrome/48.0.2564.116 Safari/537.36" "www.liebreich.at"
146.185.223.200 - - [03/Mar/2017:19:32:25 +0100] "GET / HTTP/1.0" 404 - "http://www.nature.com/protocolexchange/labgroups/519869" "Mozilla/5.0 (Windows NT 10.0; WOW64) AppleWebKit/537.36 (KHTML, like Gecko) Chrome/48.0.2564.116 Safari/537.36" "www.liebreich.at"
146.185.223.200 - - [03/Mar/2017:19:32:25 +0100] "GET / HTTP/1.0" 404 - "http://www.nature.com/protocolexchange/labgroups/519869" "Mozilla/5.0 (Windows NT 10.0; WOW64) AppleWebKit/537.36 (KHTML, like Gecko) Chrome/48.0.2564.116 Safari/537.36" "www.liebreich.at"
146.185.223.200 - - [03/Mar/2017:19:32:25 +0100] "GET / HTTP/1.0" 404 - "http://www.nature.com/protocolexchange/labgroups/519869" "Mozilla/5.0 (Windows NT 10.0; WOW64) AppleWebKit/537.36 (KHTML, like Gecko) Chrome/48.0.2564.116 Safari/537.36" "www.liebreich.at"
146.185.223.200 - - [03/Mar/2017:19:45:29 +0100] "GET / HTTP/1.0" 404 - "http://www.purevolume.com/orderondansetron" "Mozilla/5.0 (Windows NT 6.1; WOW64) AppleWebKit/537.36 (KHTML, like Gecko) Chrome/47.0.2526.111 Safari/537.36 OPR/34.0.2036.50" "www.liebreich.at"
146.185.223.200 - - [03/Mar/2017:19:45:29 +0100] "GET / HTTP/1.0" 404 - "http://www.purevolume.com/orderondansetron" "Mozilla/5.0 (Windows NT 6.1; WOW64) AppleWebKit/537.36 (KHTML, like Gecko) Chrome/47.0.2526.111 Safari/537.36 OPR/34.0.2036.50" "www.liebreich.at"
146.185.223.200 - - [03/Mar/2017:19:45:29 +0100] "GET / HTTP/1.0" 404 - "http://www.purevolume.com/orderondansetron" "Mozilla/5.0 (Windows NT 6.1; WOW64) AppleWebKit/537.36 (KHTML, like Gecko) Chrome/47.0.2526.111 Safari/537.36 OPR/34.0.2036.50" "www.liebreich.at"
146.185.223.200 - - [03/Mar/2017:19:45:29 +0100] "GET / HTTP/1.0" 404 - "http://www.purevolume.com/orderondansetron" "Mozilla/5.0 (Windows NT 6.1; WOW64) AppleWebKit/537.36 (KHTML, like Gecko) Chrome/47.0.2526.111 Safari/537.36 OPR/34.0.2036.50" "www.liebreich.at"
193.226.177.45 - - [03/Mar/2017:19:49:02 +0100] "GET /m/whatsapp HTTP/1.1" 404 208 "-" "Mozilla/4.0" "www.liebreich.at"
193.226.177.45 - - [03/Mar/2017:19:49:02 +0100] "GET /m/whatsapp HTTP/1.1" 404 208 "-" "Mozilla/4.0" "www.liebreich.at"
193.226.177.45 - - [03/Mar/2017:19:59:35 +0100] "GET /m/whatsapp HTTP/1.1" 404 208 "-" "Mozilla/4.0" "www.liebreich.at"
146.185.223.200 - - [03/Mar/2017:19:58:30 +0100] "GET / HTTP/1.0" 404 - "http://lanyrd.com/profile/mijiao5173940uk-4221/bio/" "Mozilla/5.0 (Windows NT 6.3; WOW64; rv:43.0) Gecko/20100101 Firefox/43.0" "www.liebreich.at"
146.185.223.200 - - [03/Mar/2017:19:58:30 +0100] "GET / HTTP/1.0" 404 - "http://lanyrd.com/profile/mijiao5173940uk-4221/bio/" "Mozilla/5.0 (Windows NT 6.3; WOW64; rv:43.0) Gecko/20100101 Firefox/43.0" "www.liebreich.at"
146.185.223.200 - - [03/Mar/2017:19:58:30 +0100] "GET / HTTP/1.0" 404 - "http://lanyrd.com/profile/mijiao5173940uk-4221/bio/" "Mozilla/5.0 (Windows NT 6.3; WOW64; rv:43.0) Gecko/20100101 Firefox/43.0" "www.liebreich.at"
146.185.223.200 - - [03/Mar/2017:19:58:30 +0100] "GET / HTTP/1.0" 404 - "http://lanyrd.com/profile/mijiao5173940uk-4221/bio/" "Mozilla/5.0 (Windows NT 6.3; WOW64; rv:43.0) Gecko/20100101 Firefox/43.0" "www.liebreich.at"
78.43.41.45 - - [03/Mar/2017:20:04:37 +0100] "GET /userfiles/images/v_be_pumpe.jpg HTTP/1.1" 404 229 "https://www.google.de" "Mozilla/5.0 (Windows NT 6.1; WOW64; rv:38.0) Gecko/20100101 Firefox/38.0" "www.liebreich.at"
91.113.58.122 - - [03/Mar/2017:20:05:21 +0100] "GET /userfiles/images/v_schwimmer2.jpg HTTP/1.1" 404 231 "https://www.google.at/" "Mozilla/5.0 (Windows NT 10.0; WOW64; rv:51.0) Gecko/20100101 Firefox/51.0" "www.liebreich.at"
