213.81.140.50 - - [06/Mar/2017:04:53:19 +0100] "GET /m/whatsapp HTTP/1.1" 404 208 "http://www.google.sk/url?sa=t&rct=j&q=&esrc=s&source=web&cd=1&ved=0CCEQFjAA&url=http%3A%2F%2Fliebreich.at%2Fm%2Fwhatsapp&ei=LcHmp3NIesaPz0Sr2PQo&usg=iVhi2MTuo6uWHPJdJoN-lSiohYMUCbXHxf" "Mozilla/5.0 (compatible; MSIE 9.0; Windows NT 6.1; WOW64; Trident/5.0)" "www.liebreich.at"
213.81.140.50 - - [06/Mar/2017:04:53:20 +0100] "GET /m/whatsapp HTTP/1.1" 404 208 "http://www.google.sk/url?sa=t&rct=j&q=&esrc=s&source=web&cd=1&ved=0CCEQFjAA&url=http%3A%2F%2Fliebreich.at%2Fm%2Fwhatsapp&ei=SLppth0WtY3aEIWbSRgi&usg=k5VvWmJ5KJSFEmPJzEy-16ovMzQo39tiYx" "Mozilla/5.0 (Windows NT 6.1; WOW64) AppleWebKit/537.36 (KHTML, like Gecko) Chrome/27.0.1453.116 Safari/537.36" "www.liebreich.at"
213.81.140.50 - - [06/Mar/2017:04:53:20 +0100] "GET /m/whatsapp HTTP/1.1" 404 208 "http://www.google.sk/url?sa=t&rct=j&q=&esrc=s&source=web&cd=1&ved=0CCEQFjAA&url=http%3A%2F%2Fliebreich.at%2Fm%2Fwhatsapp&ei=cczeQyqPI6KnEuhuEOtj&usg=OmROtNrEut3W2JzMmaE-OXaBVeRITtopVq" "Mozilla/5.0 (Windows NT 6.1) AppleWebKit/537.36 (KHTML, like Gecko) Chrome/29.0.1547.62 Safari/537.36" "www.liebreich.at"
213.81.140.50 - - [06/Mar/2017:04:55:00 +0100] "GET /m/whatsapp HTTP/1.1" 404 208 "http://www.google.sk/url?sa=t&rct=j&q=&esrc=s&source=web&cd=1&ved=0CCEQFjAA&url=http%3A%2F%2Fliebreich.at%2Fm%2Fwhatsapp&ei=lory8NKY5iKVl6oALmK4&usg=jHSbzjJLy26YgNCtPhx-rTMFS1N52FRliC" "Opera/9.80 (Windows NT 6.1; Win64; x64) Presto/2.12.388 Version/12.16" "www.liebreich.at"
146.185.223.200 - - [06/Mar/2017:04:55:47 +0100] "GET / HTTP/1.0" 404 - "http://gravatar.com/buymethocarbamolonlinefastshipping" "Mozilla/5.0 (Windows NT 6.1; WOW64; rv:43.0) Gecko/20100101 Firefox/43.0" "www.liebreich.at"
146.185.223.200 - - [06/Mar/2017:04:55:47 +0100] "GET / HTTP/1.0" 404 - "http://gravatar.com/buymethocarbamolonlinefastshipping" "Mozilla/5.0 (Windows NT 6.1; WOW64; rv:43.0) Gecko/20100101 Firefox/43.0" "www.liebreich.at"
146.185.223.200 - - [06/Mar/2017:04:55:47 +0100] "GET / HTTP/1.0" 404 - "http://gravatar.com/buymethocarbamolonlinefastshipping" "Mozilla/5.0 (Windows NT 6.1; WOW64; rv:43.0) Gecko/20100101 Firefox/43.0" "www.liebreich.at"
146.185.223.200 - - [06/Mar/2017:04:55:47 +0100] "GET / HTTP/1.0" 404 - "http://gravatar.com/buymethocarbamolonlinefastshipping" "Mozilla/5.0 (Windows NT 6.1; WOW64; rv:43.0) Gecko/20100101 Firefox/43.0" "www.liebreich.at"
146.185.223.200 - - [06/Mar/2017:05:08:17 +0100] "GET / HTTP/1.0" 404 - "http://loxapine25mglo.over-blog.com/2014/04/buy-loxapine-without-rx.html" "Mozilla/5.0 (Windows NT 10.0; WOW64) AppleWebKit/537.36 (KHTML, like Gecko) Chrome/48.0.2564.109 Safari/537.36" "www.liebreich.at"
146.185.223.200 - - [06/Mar/2017:05:08:17 +0100] "GET / HTTP/1.0" 404 - "http://loxapine25mglo.over-blog.com/2014/04/buy-loxapine-without-rx.html" "Mozilla/5.0 (Windows NT 10.0; WOW64) AppleWebKit/537.36 (KHTML, like Gecko) Chrome/48.0.2564.109 Safari/537.36" "www.liebreich.at"
146.185.223.200 - - [06/Mar/2017:05:08:17 +0100] "GET / HTTP/1.0" 404 - "http://loxapine25mglo.over-blog.com/2014/04/buy-loxapine-without-rx.html" "Mozilla/5.0 (Windows NT 10.0; WOW64) AppleWebKit/537.36 (KHTML, like Gecko) Chrome/48.0.2564.109 Safari/537.36" "www.liebreich.at"
146.185.223.200 - - [06/Mar/2017:05:08:17 +0100] "GET / HTTP/1.0" 404 - "http://loxapine25mglo.over-blog.com/2014/04/buy-loxapine-without-rx.html" "Mozilla/5.0 (Windows NT 10.0; WOW64) AppleWebKit/537.36 (KHTML, like Gecko) Chrome/48.0.2564.109 Safari/537.36" "www.liebreich.at"
193.226.177.45 - - [06/Mar/2017:05:14:38 +0100] "GET /m/whatsapp HTTP/1.1" 404 208 "-" "Mozilla/4.0" "www.liebreich.at"
188.99.92.209 - - [06/Mar/2017:05:15:22 +0100] "GET /?Motorrad_%2B_Auto___Werkstatt___Vergaser_Revision HTTP/1.1" 404 - "-" "Mozilla/5.0 (iPad; CPU OS 10_2 like Mac OS X) AppleWebKit/602.3.12 (KHTML, like Gecko) Version/10.0 Mobile/14C92 Safari/602.1" "www.liebreich.at"
188.99.92.209 - - [06/Mar/2017:05:15:22 +0100] "GET /apple-touch-icon-152x152-precomposed.png HTTP/1.1" 404 238 "-" "MobileSafari/602.1 CFNetwork/808.2.16 Darwin/16.3.0" "www.liebreich.at"
188.99.92.209 - - [06/Mar/2017:05:15:22 +0100] "GET /apple-touch-icon-152x152.png HTTP/1.1" 404 226 "-" "MobileSafari/602.1 CFNetwork/808.2.16 Darwin/16.3.0" "www.liebreich.at"
188.99.92.209 - - [06/Mar/2017:05:15:22 +0100] "GET /apple-touch-icon-precomposed.png HTTP/1.1" 404 230 "-" "MobileSafari/602.1 CFNetwork/808.2.16 Darwin/16.3.0" "www.liebreich.at"
188.99.92.209 - - [06/Mar/2017:05:15:22 +0100] "GET /apple-touch-icon.png HTTP/1.1" 404 218 "-" "MobileSafari/602.1 CFNetwork/808.2.16 Darwin/16.3.0" "www.liebreich.at"
188.99.92.209 - - [06/Mar/2017:05:15:23 +0100] "GET /favicon.ico HTTP/1.1" 404 209 "-" "MobileSafari/602.1 CFNetwork/808.2.16 Darwin/16.3.0" "www.liebreich.at"
188.99.92.209 - - [06/Mar/2017:05:15:23 +0100] "GET /apple-touch-icon-152x152-precomposed.png HTTP/1.1" 404 238 "-" "MobileSafari/602.1 CFNetwork/808.2.16 Darwin/16.3.0" "www.liebreich.at"
188.99.92.209 - - [06/Mar/2017:05:15:23 +0100] "GET /apple-touch-icon-152x152.png HTTP/1.1" 404 226 "-" "MobileSafari/602.1 CFNetwork/808.2.16 Darwin/16.3.0" "www.liebreich.at"
188.99.92.209 - - [06/Mar/2017:05:15:23 +0100] "GET /apple-touch-icon-precomposed.png HTTP/1.1" 404 230 "-" "MobileSafari/602.1 CFNetwork/808.2.16 Darwin/16.3.0" "www.liebreich.at"
188.99.92.209 - - [06/Mar/2017:05:15:23 +0100] "GET /apple-touch-icon.png HTTP/1.1" 404 218 "-" "MobileSafari/602.1 CFNetwork/808.2.16 Darwin/16.3.0" "www.liebreich.at"
188.99.92.209 - - [06/Mar/2017:05:15:23 +0100] "GET /favicon.ico HTTP/1.1" 404 209 "-" "MobileSafari/602.1 CFNetwork/808.2.16 Darwin/16.3.0" "www.liebreich.at"
146.185.223.200 - - [06/Mar/2017:05:20:47 +0100] "GET / HTTP/1.0" 404 - "http://gravatar.com/thyroxine5ax" "Mozilla/5.0 (Windows NT 10.0; WOW64) AppleWebKit/537.36 (KHTML, like Gecko) Chrome/48.0.2564.103 Safari/537.36" "www.liebreich.at"
146.185.223.200 - - [06/Mar/2017:05:20:47 +0100] "GET / HTTP/1.0" 404 - "http://gravatar.com/thyroxine5ax" "Mozilla/5.0 (Windows NT 10.0; WOW64) AppleWebKit/537.36 (KHTML, like Gecko) Chrome/48.0.2564.103 Safari/537.36" "www.liebreich.at"
146.185.223.200 - - [06/Mar/2017:05:20:47 +0100] "GET / HTTP/1.0" 404 - "http://gravatar.com/thyroxine5ax" "Mozilla/5.0 (Windows NT 10.0; WOW64) AppleWebKit/537.36 (KHTML, like Gecko) Chrome/48.0.2564.103 Safari/537.36" "www.liebreich.at"
146.185.223.200 - - [06/Mar/2017:05:20:47 +0100] "GET / HTTP/1.0" 404 - "http://gravatar.com/thyroxine5ax" "Mozilla/5.0 (Windows NT 10.0; WOW64) AppleWebKit/537.36 (KHTML, like Gecko) Chrome/48.0.2564.103 Safari/537.36" "www.liebreich.at"
146.185.223.200 - - [06/Mar/2017:05:33:21 +0100] "GET / HTTP/1.0" 404 - "http://www.purevolume.com/ordercordaronesafely" "Mozilla/5.0 (Windows NT 5.1; rv:43.0) Gecko/20100101 Firefox/43.0" "www.liebreich.at"
146.185.223.200 - - [06/Mar/2017:05:33:21 +0100] "GET / HTTP/1.0" 404 - "http://www.purevolume.com/ordercordaronesafely" "Mozilla/5.0 (Windows NT 5.1; rv:43.0) Gecko/20100101 Firefox/43.0" "www.liebreich.at"
146.185.223.200 - - [06/Mar/2017:05:33:21 +0100] "GET / HTTP/1.0" 404 - "http://www.purevolume.com/ordercordaronesafely" "Mozilla/5.0 (Windows NT 5.1; rv:43.0) Gecko/20100101 Firefox/43.0" "www.liebreich.at"
146.185.223.200 - - [06/Mar/2017:05:33:21 +0100] "GET / HTTP/1.0" 404 - "http://www.purevolume.com/ordercordaronesafely" "Mozilla/5.0 (Windows NT 5.1; rv:43.0) Gecko/20100101 Firefox/43.0" "www.liebreich.at"
146.185.223.200 - - [06/Mar/2017:05:45:53 +0100] "GET / HTTP/1.0" 404 - "http://gravatar.com/geysnedymesraga" "Mozilla/5.0 (Windows NT 6.1; WOW64) AppleWebKit/537.36 (KHTML, like Gecko) Chrome/48.0.2564.116 Safari/537.36" "www.liebreich.at"
146.185.223.200 - - [06/Mar/2017:05:45:53 +0100] "GET / HTTP/1.0" 404 - "http://gravatar.com/geysnedymesraga" "Mozilla/5.0 (Windows NT 6.1; WOW64) AppleWebKit/537.36 (KHTML, like Gecko) Chrome/48.0.2564.116 Safari/537.36" "www.liebreich.at"
146.185.223.200 - - [06/Mar/2017:05:45:53 +0100] "GET / HTTP/1.0" 404 - "http://gravatar.com/geysnedymesraga" "Mozilla/5.0 (Windows NT 6.1; WOW64) AppleWebKit/537.36 (KHTML, like Gecko) Chrome/48.0.2564.116 Safari/537.36" "www.liebreich.at"
146.185.223.200 - - [06/Mar/2017:05:45:53 +0100] "GET / HTTP/1.0" 404 - "http://gravatar.com/geysnedymesraga" "Mozilla/5.0 (Windows NT 6.1; WOW64) AppleWebKit/537.36 (KHTML, like Gecko) Chrome/48.0.2564.116 Safari/537.36" "www.liebreich.at"
146.185.223.200 - - [06/Mar/2017:05:58:19 +0100] "GET / HTTP/1.0" 404 - "http://progestogencj.over-blog.com/2014/05/order-progestogen-25mg-without-prescription.html" "Mozilla/5.0 (Windows NT 6.1; WOW64) AppleWebKit/537.36 (KHTML, like Gecko) Chrome/48.0.2564.97 Safari/537.36" "www.liebreich.at"
146.185.223.200 - - [06/Mar/2017:05:58:19 +0100] "GET / HTTP/1.0" 404 - "http://progestogencj.over-blog.com/2014/05/order-progestogen-25mg-without-prescription.html" "Mozilla/5.0 (Windows NT 6.1; WOW64) AppleWebKit/537.36 (KHTML, like Gecko) Chrome/48.0.2564.97 Safari/537.36" "www.liebreich.at"
146.185.223.200 - - [06/Mar/2017:05:58:18 +0100] "GET / HTTP/1.0" 404 - "http://progestogencj.over-blog.com/2014/05/order-progestogen-25mg-without-prescription.html" "Mozilla/5.0 (Windows NT 6.1; WOW64) AppleWebKit/537.36 (KHTML, like Gecko) Chrome/48.0.2564.97 Safari/537.36" "www.liebreich.at"
146.185.223.200 - - [06/Mar/2017:05:58:19 +0100] "GET / HTTP/1.0" 404 - "http://progestogencj.over-blog.com/2014/05/order-progestogen-25mg-without-prescription.html" "Mozilla/5.0 (Windows NT 6.1; WOW64) AppleWebKit/537.36 (KHTML, like Gecko) Chrome/48.0.2564.97 Safari/537.36" "www.liebreich.at"
40.77.167.131 - - [06/Mar/2017:06:09:43 +0100] "GET /?&sitemap HTTP/1.1" 404 - "-" "Mozilla/5.0 (iPhone; CPU iPhone OS 7_0 like Mac OS X) AppleWebKit/537.51.1 (KHTML, like Gecko) Version/7.0 Mobile/11A465 Safari/9537.53 (compatible; bingbot/2.0; +http://www.bing.com/bingbot.htm)" "www.liebreich.at"
146.185.223.200 - - [06/Mar/2017:06:10:51 +0100] "GET / HTTP/1.0" 404 - "http://norfloxacinyr.aircus.com" "Mozilla/5.0 (Windows NT 6.1; WOW64) AppleWebKit/537.36 (KHTML, like Gecko) Chrome/47.0.2526.111 YaBrowser/16.2.0.3539 Safari/537.36" "www.liebreich.at"
146.185.223.200 - - [06/Mar/2017:06:10:51 +0100] "GET / HTTP/1.0" 404 - "http://norfloxacinyr.aircus.com" "Mozilla/5.0 (Windows NT 6.1; WOW64) AppleWebKit/537.36 (KHTML, like Gecko) Chrome/47.0.2526.111 YaBrowser/16.2.0.3539 Safari/537.36" "www.liebreich.at"
146.185.223.200 - - [06/Mar/2017:06:10:50 +0100] "GET / HTTP/1.0" 404 - "http://norfloxacinyr.aircus.com" "Mozilla/5.0 (Windows NT 6.1; WOW64) AppleWebKit/537.36 (KHTML, like Gecko) Chrome/47.0.2526.111 YaBrowser/16.2.0.3539 Safari/537.36" "www.liebreich.at"
146.185.223.200 - - [06/Mar/2017:06:10:51 +0100] "GET / HTTP/1.0" 404 - "http://norfloxacinyr.aircus.com" "Mozilla/5.0 (Windows NT 6.1; WOW64) AppleWebKit/537.36 (KHTML, like Gecko) Chrome/47.0.2526.111 YaBrowser/16.2.0.3539 Safari/537.36" "www.liebreich.at"
178.255.215.64 - - [06/Mar/2017:06:15:20 +0100] "GET /robots.txt HTTP/1.1" 404 208 "-" "Mozilla/5.0 (compatible; Exabot/3.0; +http://www.exabot.com/go/robot)" "www.liebreich.at"
178.255.215.64 - - [06/Mar/2017:06:15:20 +0100] "GET / HTTP/1.1" 404 - "-" "Mozilla/5.0 (compatible; Exabot/3.0; +http://www.exabot.com/go/robot)" "www.liebreich.at"
146.185.223.200 - - [06/Mar/2017:06:23:22 +0100] "GET / HTTP/1.0" 404 - "http://www.theknot.com/wedding/acticin-and-shipping" "Mozilla/5.0 (Windows NT 10.0; WOW64) AppleWebKit/537.36 (KHTML, like Gecko) Chrome/48.0.2564.97 Safari/537.36" "www.liebreich.at"
146.185.223.200 - - [06/Mar/2017:06:23:23 +0100] "GET / HTTP/1.0" 404 - "http://www.theknot.com/wedding/acticin-and-shipping" "Mozilla/5.0 (Windows NT 10.0; WOW64) AppleWebKit/537.36 (KHTML, like Gecko) Chrome/48.0.2564.97 Safari/537.36" "www.liebreich.at"
146.185.223.200 - - [06/Mar/2017:06:23:23 +0100] "GET / HTTP/1.0" 404 - "http://www.theknot.com/wedding/acticin-and-shipping" "Mozilla/5.0 (Windows NT 10.0; WOW64) AppleWebKit/537.36 (KHTML, like Gecko) Chrome/48.0.2564.97 Safari/537.36" "www.liebreich.at"
146.185.223.200 - - [06/Mar/2017:06:23:23 +0100] "GET / HTTP/1.0" 404 - "http://www.theknot.com/wedding/acticin-and-shipping" "Mozilla/5.0 (Windows NT 10.0; WOW64) AppleWebKit/537.36 (KHTML, like Gecko) Chrome/48.0.2564.97 Safari/537.36" "www.liebreich.at"
146.185.223.200 - - [06/Mar/2017:06:35:51 +0100] "GET / HTTP/1.0" 404 - "http://www.nature.com/protocolexchange/labgroups/600493" "Mozilla/5.0 (Windows NT 5.1; rv:43.0) Gecko/20100101 Firefox/43.0" "www.liebreich.at"
146.185.223.200 - - [06/Mar/2017:06:35:51 +0100] "GET / HTTP/1.0" 404 - "http://www.nature.com/protocolexchange/labgroups/600493" "Mozilla/5.0 (Windows NT 5.1; rv:43.0) Gecko/20100101 Firefox/43.0" "www.liebreich.at"
146.185.223.200 - - [06/Mar/2017:06:35:51 +0100] "GET / HTTP/1.0" 404 - "http://www.nature.com/protocolexchange/labgroups/600493" "Mozilla/5.0 (Windows NT 5.1; rv:43.0) Gecko/20100101 Firefox/43.0" "www.liebreich.at"
146.185.223.200 - - [06/Mar/2017:06:35:51 +0100] "GET / HTTP/1.0" 404 - "http://www.nature.com/protocolexchange/labgroups/600493" "Mozilla/5.0 (Windows NT 5.1; rv:43.0) Gecko/20100101 Firefox/43.0" "www.liebreich.at"
213.81.140.54 - - [06/Mar/2017:06:44:28 +0100] "GET /m/whatsapp HTTP/1.1" 404 208 "http://www.google.sk/url?sa=t&rct=j&q=&esrc=s&source=web&cd=1&ved=0CCEQFjAA&url=http%3A%2F%2Fliebreich.at%2Fm%2Fwhatsapp&ei=qjCHvg8uYlkWBTXC33rP&usg=0ByLZrPKIS5MwbYsDDG-eFlAvl09ApsfSM" "Opera/9.80 (Windows NT 6.1; Win64; x64) Presto/2.12.388 Version/12.15" "www.liebreich.at"
213.81.140.54 - - [06/Mar/2017:06:44:28 +0100] "GET /m/whatsapp HTTP/1.1" 404 208 "http://www.google.sk/url?sa=t&rct=j&q=&esrc=s&source=web&cd=1&ved=0CCEQFjAA&url=http%3A%2F%2Fliebreich.at%2Fm%2Fwhatsapp&ei=FGg6WmyOrSN1D7sgGS5c&usg=AXhtqyT94Dvkd6dZVBH-TFY5DscA39fM4F" "Mozilla/5.0 (Windows NT 6.1; WOW64) AppleWebKit/537.36 (KHTML, like Gecko) Chrome/29.0.1547.62 Safari/537.36" "www.liebreich.at"
213.81.140.54 - - [06/Mar/2017:06:44:29 +0100] "GET /m/whatsapp HTTP/1.1" 404 208 "http://www.google.sk/url?sa=t&rct=j&q=&esrc=s&source=web&cd=1&ved=0CCEQFjAA&url=http%3A%2F%2Fliebreich.at%2Fm%2Fwhatsapp&ei=ajZl81GCROCjYg0tZSAj&usg=AivJMPlSUxjTT9Ie77W-vDRjZ8RJVT0wY0" "Mozilla/5.0 (Windows NT 6.1; WOW64; rv:21.0) Gecko/20100101 Firefox/21.0" "www.liebreich.at"
146.185.223.200 - - [06/Mar/2017:06:48:22 +0100] "GET / HTTP/1.0" 404 - "http://gravatar.com/lamotriginecomprarespana" "Mozilla/5.0 (Windows NT 10.0; WOW64) AppleWebKit/537.36 (KHTML, like Gecko) Chrome/48.0.2564.116 Safari/537.36" "www.liebreich.at"
146.185.223.200 - - [06/Mar/2017:06:48:22 +0100] "GET / HTTP/1.0" 404 - "http://gravatar.com/lamotriginecomprarespana" "Mozilla/5.0 (Windows NT 10.0; WOW64) AppleWebKit/537.36 (KHTML, like Gecko) Chrome/48.0.2564.116 Safari/537.36" "www.liebreich.at"
146.185.223.200 - - [06/Mar/2017:06:48:22 +0100] "GET / HTTP/1.0" 404 - "http://gravatar.com/lamotriginecomprarespana" "Mozilla/5.0 (Windows NT 10.0; WOW64) AppleWebKit/537.36 (KHTML, like Gecko) Chrome/48.0.2564.116 Safari/537.36" "www.liebreich.at"
146.185.223.200 - - [06/Mar/2017:06:48:22 +0100] "GET / HTTP/1.0" 404 - "http://gravatar.com/lamotriginecomprarespana" "Mozilla/5.0 (Windows NT 10.0; WOW64) AppleWebKit/537.36 (KHTML, like Gecko) Chrome/48.0.2564.116 Safari/537.36" "www.liebreich.at"
146.185.223.200 - - [06/Mar/2017:07:00:56 +0100] "GET / HTTP/1.0" 404 - "http://www.nature.com/protocolexchange/labgroups/612237" "Mozilla/5.0 (Windows NT 6.1; WOW64) AppleWebKit/537.36 (KHTML, like Gecko) Chrome/48.0.2564.103 Safari/537.36" "www.liebreich.at"
146.185.223.200 - - [06/Mar/2017:07:00:56 +0100] "GET / HTTP/1.0" 404 - "http://www.nature.com/protocolexchange/labgroups/612237" "Mozilla/5.0 (Windows NT 6.1; WOW64) AppleWebKit/537.36 (KHTML, like Gecko) Chrome/48.0.2564.103 Safari/537.36" "www.liebreich.at"
146.185.223.200 - - [06/Mar/2017:07:00:56 +0100] "GET / HTTP/1.0" 404 - "http://www.nature.com/protocolexchange/labgroups/612237" "Mozilla/5.0 (Windows NT 6.1; WOW64) AppleWebKit/537.36 (KHTML, like Gecko) Chrome/48.0.2564.103 Safari/537.36" "www.liebreich.at"
146.185.223.200 - - [06/Mar/2017:07:00:56 +0100] "GET / HTTP/1.0" 404 - "http://www.nature.com/protocolexchange/labgroups/612237" "Mozilla/5.0 (Windows NT 6.1; WOW64) AppleWebKit/537.36 (KHTML, like Gecko) Chrome/48.0.2564.103 Safari/537.36" "www.liebreich.at"
146.185.223.200 - - [06/Mar/2017:07:13:37 +0100] "GET / HTTP/1.0" 404 - "http://buyolmesartan.aircus.com" "Mozilla/5.0 (Windows NT 5.1; rv:43.0) Gecko/20100101 Firefox/43.0" "www.liebreich.at"
146.185.223.200 - - [06/Mar/2017:07:13:37 +0100] "GET / HTTP/1.0" 404 - "http://buyolmesartan.aircus.com" "Mozilla/5.0 (Windows NT 5.1; rv:43.0) Gecko/20100101 Firefox/43.0" "www.liebreich.at"
146.185.223.200 - - [06/Mar/2017:07:13:37 +0100] "GET / HTTP/1.0" 404 - "http://buyolmesartan.aircus.com" "Mozilla/5.0 (Windows NT 5.1; rv:43.0) Gecko/20100101 Firefox/43.0" "www.liebreich.at"
146.185.223.200 - - [06/Mar/2017:07:13:37 +0100] "GET / HTTP/1.0" 404 - "http://buyolmesartan.aircus.com" "Mozilla/5.0 (Windows NT 5.1; rv:43.0) Gecko/20100101 Firefox/43.0" "www.liebreich.at"
213.81.140.54 - - [06/Mar/2017:07:21:27 +0100] "GET /m/whatsapp HTTP/1.1" 404 208 "http://www.google.sk/url?sa=t&rct=j&q=&esrc=s&source=web&cd=1&ved=0CCEQFjAA&url=http%3A%2F%2Fliebreich.at%2Fm%2Fwhatsapp&ei=akCpx93sjpv5EIdZ9hpO&usg=H36DCbyk5ZDyp8y42IC-MMILsHnzYfNKzh" "Mozilla/5.0 (Windows NT 6.1) AppleWebKit/537.36 (KHTML, like Gecko) Chrome/27.0.1453.116 Safari/537.36" "www.liebreich.at"
213.81.140.54 - - [06/Mar/2017:07:23:30 +0100] "GET /m/whatsapp HTTP/1.1" 404 208 "http://www.google.sk/url?sa=t&rct=j&q=&esrc=s&source=web&cd=1&ved=0CCEQFjAA&url=http%3A%2F%2Fliebreich.at%2Fm%2Fwhatsapp&ei=ehQLgcHBeXQDNTFMhyOF&usg=MYeDrFvfP3GoqzbBPax-WQqrkiumAqQ0fT" "Mozilla/5.0 (compatible; MSIE 9.0; Windows NT 6.1; WOW64; Trident/5.0)" "www.liebreich.at"
40.77.167.131 - - [06/Mar/2017:07:24:12 +0100] "GET /?Ueber_uns___Sabine HTTP/1.1" 404 - "-" "Mozilla/5.0 (compatible; bingbot/2.0; +http://www.bing.com/bingbot.htm)" "www.liebreich.at"
213.81.140.54 - - [06/Mar/2017:07:23:28 +0100] "GET /m/whatsapp HTTP/1.1" 404 208 "http://www.google.sk/url?sa=t&rct=j&q=&esrc=s&source=web&cd=1&ved=0CCEQFjAA&url=http%3A%2F%2Fliebreich.at%2Fm%2Fwhatsapp&ei=lkbJYVned5x6FyOZI4sZ&usg=5qfzAtRnBrDXufsARg6-m4v7D3kgdQxy5I" "Opera/9.80 (Windows NT 6.1; Win64; x64) Presto/2.12.388 Version/12.15" "www.liebreich.at"
213.81.140.54 - - [06/Mar/2017:07:23:30 +0100] "GET /m/whatsapp HTTP/1.1" 404 208 "http://www.google.sk/url?sa=t&rct=j&q=&esrc=s&source=web&cd=1&ved=0CCEQFjAA&url=http%3A%2F%2Fliebreich.at%2Fm%2Fwhatsapp&ei=Eb5w2ZGxsj6cDjDmRfFK&usg=Yd2L22crBFqwv5EIpMY-zWg6JTWSHzIOyZ" "Mozilla/5.0 (compatible; MSIE 9.0; Windows NT 6.1; WOW64; Trident/5.0)" "www.liebreich.at"
96.47.226.20 - - [06/Mar/2017:07:25:20 +0100] "HEAD / HTTP/1.1" 404 - "http://uptime.com/liebreich.at" "Mozilla/5.0 (compatible; Uptimebot/1.0; +http://www.uptime.com/uptimebot)" "www.liebreich.at"
146.185.223.200 - - [06/Mar/2017:07:26:08 +0100] "GET / HTTP/1.0" 404 - "http://gravatar.com/buyallopurinol300mgjp" "Mozilla/5.0 (Windows NT 10.0; WOW64; rv:44.0) Gecko/20100101 Firefox/44.0" "www.liebreich.at"
146.185.223.200 - - [06/Mar/2017:07:26:08 +0100] "GET / HTTP/1.0" 404 - "http://gravatar.com/buyallopurinol300mgjp" "Mozilla/5.0 (Windows NT 10.0; WOW64; rv:44.0) Gecko/20100101 Firefox/44.0" "www.liebreich.at"
146.185.223.200 - - [06/Mar/2017:07:26:08 +0100] "GET / HTTP/1.0" 404 - "http://gravatar.com/buyallopurinol300mgjp" "Mozilla/5.0 (Windows NT 10.0; WOW64; rv:44.0) Gecko/20100101 Firefox/44.0" "www.liebreich.at"
146.185.223.200 - - [06/Mar/2017:07:26:08 +0100] "GET / HTTP/1.0" 404 - "http://gravatar.com/buyallopurinol300mgjp" "Mozilla/5.0 (Windows NT 10.0; WOW64; rv:44.0) Gecko/20100101 Firefox/44.0" "www.liebreich.at"
146.185.223.200 - - [06/Mar/2017:07:38:39 +0100] "GET / HTTP/1.0" 404 - "http://gravatar.com/5jbupropion150mg" "Mozilla/5.0 (Windows NT 6.1; WOW64) AppleWebKit/537.36 (KHTML, like Gecko) Chrome/47.0.2526.111 YaBrowser/16.2.0.3539 Safari/537.36" "www.liebreich.at"
146.185.223.200 - - [06/Mar/2017:07:38:39 +0100] "GET / HTTP/1.0" 404 - "http://gravatar.com/5jbupropion150mg" "Mozilla/5.0 (Windows NT 6.1; WOW64) AppleWebKit/537.36 (KHTML, like Gecko) Chrome/47.0.2526.111 YaBrowser/16.2.0.3539 Safari/537.36" "www.liebreich.at"
146.185.223.200 - - [06/Mar/2017:07:38:39 +0100] "GET / HTTP/1.0" 404 - "http://gravatar.com/5jbupropion150mg" "Mozilla/5.0 (Windows NT 6.1; WOW64) AppleWebKit/537.36 (KHTML, like Gecko) Chrome/47.0.2526.111 YaBrowser/16.2.0.3539 Safari/537.36" "www.liebreich.at"
146.185.223.200 - - [06/Mar/2017:07:38:39 +0100] "GET / HTTP/1.0" 404 - "http://gravatar.com/5jbupropion150mg" "Mozilla/5.0 (Windows NT 6.1; WOW64) AppleWebKit/537.36 (KHTML, like Gecko) Chrome/47.0.2526.111 YaBrowser/16.2.0.3539 Safari/537.36" "www.liebreich.at"
157.55.39.242 - - [06/Mar/2017:07:50:50 +0100] "GET /?Motorrad_%2B_Auto___Werkstatt HTTP/1.1" 404 - "-" "Mozilla/5.0 (iPhone; CPU iPhone OS 7_0 like Mac OS X) AppleWebKit/537.51.1 (KHTML, like Gecko) Version/7.0 Mobile/11A465 Safari/9537.53 (compatible; bingbot/2.0; +http://www.bing.com/bingbot.htm)" "www.liebreich.at"
146.185.223.200 - - [06/Mar/2017:07:53:45 +0100] "GET / HTTP/1.0" 404 - "http://tetracycline-buy-hq.aircus.com" "Mozilla/5.0 (Windows NT 6.1) AppleWebKit/537.36 (KHTML, like Gecko) Chrome/47.0.2526.111 Safari/537.36" "www.liebreich.at"
146.185.223.200 - - [06/Mar/2017:07:53:46 +0100] "GET / HTTP/1.0" 404 - "http://tetracycline-buy-hq.aircus.com" "Mozilla/5.0 (Windows NT 6.1) AppleWebKit/537.36 (KHTML, like Gecko) Chrome/47.0.2526.111 Safari/537.36" "www.liebreich.at"
146.185.223.200 - - [06/Mar/2017:07:53:46 +0100] "GET / HTTP/1.0" 404 - "http://tetracycline-buy-hq.aircus.com" "Mozilla/5.0 (Windows NT 6.1) AppleWebKit/537.36 (KHTML, like Gecko) Chrome/47.0.2526.111 Safari/537.36" "www.liebreich.at"
146.185.223.200 - - [06/Mar/2017:07:53:47 +0100] "GET / HTTP/1.0" 404 - "http://tetracycline-buy-hq.aircus.com" "Mozilla/5.0 (Windows NT 6.1) AppleWebKit/537.36 (KHTML, like Gecko) Chrome/47.0.2526.111 Safari/537.36" "www.liebreich.at"
146.185.223.200 - - [06/Mar/2017:08:19:56 +0100] "GET / HTTP/1.0" 404 - "http://www.purevolume.com/purchaseledipasvir90mgcheap" "Mozilla/5.0 (Windows NT 6.3; WOW64; rv:44.0) Gecko/20100101 Firefox/44.0" "www.liebreich.at"
146.185.223.200 - - [06/Mar/2017:08:19:57 +0100] "GET / HTTP/1.0" 404 - "http://www.purevolume.com/purchaseledipasvir90mgcheap" "Mozilla/5.0 (Windows NT 6.3; WOW64; rv:44.0) Gecko/20100101 Firefox/44.0" "www.liebreich.at"
80.187.114.205 - - [06/Mar/2017:08:27:11 +0100] "GET /?Motorrad_%2B_Auto___Werkstatt___Vergaser_Revision HTTP/1.1" 404 - "-" "Mozilla/5.0 (iPhone; CPU iPhone OS 10_2_1 like Mac OS X) AppleWebKit/602.4.6 (KHTML, like Gecko) Version/10.0 Mobile/14D27 Safari/602.1" "www.liebreich.at"
146.185.223.200 - - [06/Mar/2017:08:19:55 +0100] "GET / HTTP/1.0" 404 - "http://www.purevolume.com/purchaseledipasvir90mgcheap" "Mozilla/5.0 (Windows NT 6.3; WOW64; rv:44.0) Gecko/20100101 Firefox/44.0" "www.liebreich.at"
146.185.223.200 - - [06/Mar/2017:08:19:57 +0100] "GET / HTTP/1.0" 404 - "http://www.purevolume.com/purchaseledipasvir90mgcheap" "Mozilla/5.0 (Windows NT 6.3; WOW64; rv:44.0) Gecko/20100101 Firefox/44.0" "www.liebreich.at"
80.187.114.205 - - [06/Mar/2017:08:27:12 +0100] "GET /apple-touch-icon-120x120-precomposed.png HTTP/1.1" 404 238 "-" "MobileSafari/602.1 CFNetwork/808.3 Darwin/16.3.0" "www.liebreich.at"
80.187.114.205 - - [06/Mar/2017:08:27:12 +0100] "GET /apple-touch-icon-120x120.png HTTP/1.1" 404 226 "-" "MobileSafari/602.1 CFNetwork/808.3 Darwin/16.3.0" "www.liebreich.at"
80.187.114.205 - - [06/Mar/2017:08:27:12 +0100] "GET /apple-touch-icon-precomposed.png HTTP/1.1" 404 230 "-" "MobileSafari/602.1 CFNetwork/808.3 Darwin/16.3.0" "www.liebreich.at"
80.187.114.205 - - [06/Mar/2017:08:27:12 +0100] "GET /apple-touch-icon.png HTTP/1.1" 404 218 "-" "MobileSafari/602.1 CFNetwork/808.3 Darwin/16.3.0" "www.liebreich.at"
80.187.114.205 - - [06/Mar/2017:08:27:12 +0100] "GET /favicon.ico HTTP/1.1" 404 209 "-" "MobileSafari/602.1 CFNetwork/808.3 Darwin/16.3.0" "www.liebreich.at"
80.187.114.205 - - [06/Mar/2017:08:27:12 +0100] "GET /apple-touch-icon-120x120-precomposed.png HTTP/1.1" 404 238 "-" "MobileSafari/602.1 CFNetwork/808.3 Darwin/16.3.0" "www.liebreich.at"
80.187.114.205 - - [06/Mar/2017:08:27:12 +0100] "GET /apple-touch-icon-120x120.png HTTP/1.1" 404 226 "-" "MobileSafari/602.1 CFNetwork/808.3 Darwin/16.3.0" "www.liebreich.at"
80.187.114.205 - - [06/Mar/2017:08:27:12 +0100] "GET /apple-touch-icon-precomposed.png HTTP/1.1" 404 230 "-" "MobileSafari/602.1 CFNetwork/808.3 Darwin/16.3.0" "www.liebreich.at"
80.187.114.205 - - [06/Mar/2017:08:27:12 +0100] "GET /apple-touch-icon.png HTTP/1.1" 404 218 "-" "MobileSafari/602.1 CFNetwork/808.3 Darwin/16.3.0" "www.liebreich.at"
80.187.114.205 - - [06/Mar/2017:08:27:13 +0100] "GET /favicon.ico HTTP/1.1" 404 209 "-" "MobileSafari/602.1 CFNetwork/808.3 Darwin/16.3.0" "www.liebreich.at"
91.200.12.1 - - [06/Mar/2017:08:40:44 +0100] "GET /gbook/gbook.php HTTP/1.0" 404 213 "http://www.liebreich.at/gbook/gbook.php" "Mozilla/5.0 (Windows NT 6.1; WOW64; rv:44.0) Gecko/20100101 Firefox/44.0" "www.liebreich.at"
91.200.12.1 - - [06/Mar/2017:08:40:44 +0100] "GET / HTTP/1.0" 404 - "http://www.liebreich.at/" "Mozilla/5.0 (Windows NT 6.1; WOW64; rv:44.0) Gecko/20100101 Firefox/44.0" "www.liebreich.at"
91.200.12.1 - - [06/Mar/2017:08:40:45 +0100] "GET / HTTP/1.0" 404 - "http://www.liebreich.at/" "Mozilla/5.0 (Windows NT 6.1; WOW64; rv:44.0) Gecko/20100101 Firefox/44.0" "www.liebreich.at"
5.255.253.71 - - [06/Mar/2017:08:43:52 +0100] "GET /robots.txt HTTP/1.1" 404 208 "-" "Mozilla/5.0 (compatible; YandexBot/3.0; +http://yandex.com/bots)" "www.liebreich.at"
130.193.51.23 - - [06/Mar/2017:08:43:55 +0100] "GET / HTTP/1.1" 404 - "-" "Mozilla/5.0 (compatible; YandexBot/3.0; +http://yandex.com/bots)" "www.liebreich.at"
66.249.66.139 - - [06/Mar/2017:08:44:00 +0100] "GET /?Motorrad_%2B_Auto___Werkstatt___Bordsteckdose HTTP/1.1" 404 - "-" "Mozilla/5.0 (compatible; Googlebot/2.1; +http://www.google.com/bot.html)" "www.liebreich.at"
130.193.51.59 - - [06/Mar/2017:08:43:56 +0100] "GET / HTTP/1.1" 404 - "-" "Mozilla/5.0 (compatible; YandexBot/3.0; +http://yandex.com/bots)" "www.liebreich.at"
213.81.140.52 - - [06/Mar/2017:08:46:57 +0100] "GET /m/whatsapp HTTP/1.1" 404 208 "http://www.google.sk/url?sa=t&rct=j&q=&esrc=s&source=web&cd=1&ved=0CCEQFjAA&url=http%3A%2F%2Fliebreich.at%2Fm%2Fwhatsapp&ei=SDyrIGwKP2H5rIYAoNfp&usg=CsatRSmKDGRAIryokyg-rZPNsrccQaYgrQ" "Mozilla/4.0 (compatible; MSIE 7.0; Windows NT 6.1; Win64; x64; Trident/5.0)" "www.liebreich.at"
66.249.66.30 - - [06/Mar/2017:08:43:44 +0100] "GET /robots.txt HTTP/1.1" 404 208 "-" "Mozilla/5.0 (compatible; Googlebot/2.1; +http://www.google.com/bot.html)" "www.liebreich.at"
66.249.66.30 - - [06/Mar/2017:08:43:45 +0100] "GET /?Motorrad_%2B_Auto___Werkstatt___Bordsteckdose HTTP/1.1" 404 - "-" "Mozilla/5.0 (compatible; Googlebot/2.1; +http://www.google.com/bot.html)" "www.liebreich.at"
5.255.253.52 - - [06/Mar/2017:08:43:51 +0100] "GET /robots.txt HTTP/1.1" 404 208 "-" "Mozilla/5.0 (compatible; YandexBot/3.0; +http://yandex.com/bots)" "www.liebreich.at"
66.249.66.135 - - [06/Mar/2017:08:44:00 +0100] "GET /robots.txt HTTP/1.1" 404 208 "-" "Mozilla/5.0 (compatible; Googlebot/2.1; +http://www.google.com/bot.html)" "www.liebreich.at"
213.81.140.52 - - [06/Mar/2017:08:45:22 +0100] "GET /m/whatsapp HTTP/1.1" 404 208 "http://www.google.sk/url?sa=t&rct=j&q=&esrc=s&source=web&cd=1&ved=0CCEQFjAA&url=http%3A%2F%2Fliebreich.at%2Fm%2Fwhatsapp&ei=noiTrm6weHoGFcijaCd7&usg=F4niFqe0C7yhH9RdKGu-gNOlJsYUOrThAx" "Mozilla/5.0 (Windows NT 6.1; WOW64) AppleWebKit/537.36 (KHTML, like Gecko) Chrome/27.0.1453.116 Safari/537.36" "www.liebreich.at"
66.249.66.24 - - [06/Mar/2017:08:47:29 +0100] "GET /?Trivia___Welche_Farbe_hat_Schnee%3F HTTP/1.1" 404 - "-" "Mozilla/5.0 (compatible; Googlebot/2.1; +http://www.google.com/bot.html)" "www.liebreich.at"
66.249.66.135 - - [06/Mar/2017:08:47:47 +0100] "GET /?Trivia___Welche_Farbe_hat_Schnee%3F HTTP/1.1" 404 - "-" "Mozilla/5.0 (compatible; Googlebot/2.1; +http://www.google.com/bot.html)" "www.liebreich.at"
213.81.140.52 - - [06/Mar/2017:08:49:12 +0100] "GET /m/whatsapp HTTP/1.1" 404 208 "http://www.google.sk/url?sa=t&rct=j&q=&esrc=s&source=web&cd=1&ved=0CCEQFjAA&url=http%3A%2F%2Fliebreich.at%2Fm%2Fwhatsapp&ei=znUSRFhwGIVQwYB9CtIf&usg=fYNkDBQQKMMZngXweNC-hvHRVyZiarXG2R" "Mozilla/4.0 (compatible; MSIE 7.0; Windows NT 6.1; Win64; x64; Trident/5.0)" "www.liebreich.at"
213.81.140.52 - - [06/Mar/2017:08:49:12 +0100] "GET /m/whatsapp HTTP/1.1" 404 208 "http://www.google.sk/url?sa=t&rct=j&q=&esrc=s&source=web&cd=1&ved=0CCEQFjAA&url=http%3A%2F%2Fliebreich.at%2Fm%2Fwhatsapp&ei=7jardwVxCq4j3EIOXU63&usg=1AuekmiN4sguVnFVrHB-VKKLKX3jWBjtd3" "Mozilla/5.0 (Windows NT 6.1) AppleWebKit/537.36 (KHTML, like Gecko) Chrome/29.0.1547.62 Safari/537.36" "www.liebreich.at"
213.81.140.52 - - [06/Mar/2017:08:49:12 +0100] "GET /m/whatsapp HTTP/1.1" 404 208 "http://www.google.sk/url?sa=t&rct=j&q=&esrc=s&source=web&cd=1&ved=0CCEQFjAA&url=http%3A%2F%2Fliebreich.at%2Fm%2Fwhatsapp&ei=uj3aj9SOnPGxKZMd69kn&usg=E8D8XktZrx46SOgyari-Vy1kJfVsLuXjaw" "Mozilla/4.0 (compatible; MSIE 8.0; Windows NT 6.1; Win64; x64; Trident/5.0)" "www.liebreich.at"
213.81.140.52 - - [06/Mar/2017:08:50:10 +0100] "GET /m/whatsapp HTTP/1.1" 404 208 "http://www.google.sk/url?sa=t&rct=j&q=&esrc=s&source=web&cd=1&ved=0CCEQFjAA&url=http%3A%2F%2Fliebreich.at%2Fm%2Fwhatsapp&ei=OoOB88eqnLHwsauFij2x&usg=elow3JKSAP1nfn3Fsrd-yT1slGX8evq6KC" "Mozilla/5.0 (Windows NT 6.1; WOW64) AppleWebKit/537.36 (KHTML, like Gecko) Chrome/27.0.1453.116 Safari/537.36" "www.liebreich.at"
66.249.66.143 - - [06/Mar/2017:08:51:14 +0100] "GET /?Trivia___Welche_Farbe_hat_Schnee%3F HTTP/1.1" 404 - "-" "Mozilla/5.0 (compatible; Googlebot/2.1; +http://www.google.com/bot.html)" "www.liebreich.at"
146.185.223.200 - - [06/Mar/2017:08:53:39 +0100] "GET / HTTP/1.0" 404 - "http://gravatar.com/sotalolnn" "Mozilla/5.0 (Windows NT 6.1) AppleWebKit/537.36 (KHTML, like Gecko) Chrome/47.0.2526.111 Safari/537.36" "www.liebreich.at"
146.185.223.200 - - [06/Mar/2017:08:53:40 +0100] "GET / HTTP/1.0" 404 - "http://gravatar.com/sotalolnn" "Mozilla/5.0 (Windows NT 6.1) AppleWebKit/537.36 (KHTML, like Gecko) Chrome/47.0.2526.111 Safari/537.36" "www.liebreich.at"
146.185.223.200 - - [06/Mar/2017:08:53:42 +0100] "GET / HTTP/1.0" 404 - "http://gravatar.com/sotalolnn" "Mozilla/5.0 (Windows NT 6.1) AppleWebKit/537.36 (KHTML, like Gecko) Chrome/47.0.2526.111 Safari/537.36" "www.liebreich.at"
146.185.223.200 - - [06/Mar/2017:08:53:42 +0100] "GET / HTTP/1.0" 404 - "http://gravatar.com/sotalolnn" "Mozilla/5.0 (Windows NT 6.1) AppleWebKit/537.36 (KHTML, like Gecko) Chrome/47.0.2526.111 Safari/537.36" "www.liebreich.at"
213.81.140.50 - - [06/Mar/2017:09:05:43 +0100] "GET /m/whatsapp HTTP/1.1" 404 208 "http://www.google.sk/url?sa=t&rct=j&q=&esrc=s&source=web&cd=1&ved=0CCEQFjAA&url=http%3A%2F%2Fliebreich.at%2Fm%2Fwhatsapp&ei=rdnJIAUjWyIICDjt490M&usg=WdeTNaPGJW4JXgykZqK-hyKSEC9FSvRSBz" "Mozilla/5.0 (Windows NT 6.1) AppleWebKit/537.36 (KHTML, like Gecko) Chrome/27.0.1453.116 Safari/537.36" "www.liebreich.at"
213.81.140.50 - - [06/Mar/2017:09:05:44 +0100] "GET /m/whatsapp HTTP/1.1" 404 208 "http://www.google.sk/url?sa=t&rct=j&q=&esrc=s&source=web&cd=1&ved=0CCEQFjAA&url=http%3A%2F%2Fliebreich.at%2Fm%2Fwhatsapp&ei=qjApFH7FEErrmlleGeRx&usg=Hzmyqqo8lklq1ukyGwT-jJ0aDpYYlBlfFl" "Mozilla/5.0 (compatible; MSIE 9.0; Windows NT 6.1; WOW64; Trident/5.0)" "www.liebreich.at"
213.81.140.50 - - [06/Mar/2017:09:05:43 +0100] "GET /m/whatsapp HTTP/1.1" 404 208 "http://www.google.sk/url?sa=t&rct=j&q=&esrc=s&source=web&cd=1&ved=0CCEQFjAA&url=http%3A%2F%2Fliebreich.at%2Fm%2Fwhatsapp&ei=2vMp1RWItktqySUo92f2&usg=ngsaI9hGD8QGjMmJasa-HPNz8cuIpWF5y9" "Mozilla/4.0 (compatible; MSIE 8.0; Windows NT 6.1; Win64; x64; Trident/5.0)" "www.liebreich.at"
173.234.164.9 - - [06/Mar/2017:09:17:50 +0100] "HEAD / HTTP/1.1" 404 - "http://uptime.com/liebreich.at" "Mozilla/5.0 (compatible; Uptimebot/1.0; +http://www.uptime.com/uptimebot)" "www.liebreich.at"
66.249.66.27 - - [06/Mar/2017:09:24:59 +0100] "GET /?Trivia___Welche_Farbe_hat_Schnee%3F HTTP/1.1" 404 - "-" "Mozilla/5.0 (Linux; Android 6.0.1; Nexus 5X Build/MMB29P) AppleWebKit/537.36 (KHTML, like Gecko) Chrome/41.0.2272.96 Mobile Safari/537.36 (compatible; Googlebot/2.1; +http://www.google.com/bot.html)" "www.liebreich.at"
64.120.30.145 - - [06/Mar/2017:09:28:20 +0100] "HEAD / HTTP/1.1" 404 - "http://uptime.com/liebreich.at" "Mozilla/5.0 (compatible; Uptimebot/1.0; +http://www.uptime.com/uptimebot)" "www.liebreich.at"
66.249.66.135 - - [06/Mar/2017:09:28:44 +0100] "GET /?Motorrad_%2B_Auto___Werkstatt___Bordsteckdose HTTP/1.1" 404 - "-" "Mozilla/5.0 (compatible; Googlebot/2.1; +http://www.google.com/bot.html)" "www.liebreich.at"
146.185.223.200 - - [06/Mar/2017:09:31:36 +0100] "GET / HTTP/1.0" 404 - "http://www.nature.com/protocolexchange/labgroups/548775" "Mozilla/5.0 (Windows NT 6.1; rv:44.0) Gecko/20100101 Firefox/44.0" "www.liebreich.at"
146.185.223.200 - - [06/Mar/2017:09:31:36 +0100] "GET / HTTP/1.0" 404 - "http://www.nature.com/protocolexchange/labgroups/548775" "Mozilla/5.0 (Windows NT 6.1; rv:44.0) Gecko/20100101 Firefox/44.0" "www.liebreich.at"
146.185.223.200 - - [06/Mar/2017:09:31:35 +0100] "GET / HTTP/1.0" 404 - "http://www.nature.com/protocolexchange/labgroups/548775" "Mozilla/5.0 (Windows NT 6.1; rv:44.0) Gecko/20100101 Firefox/44.0" "www.liebreich.at"
146.185.223.200 - - [06/Mar/2017:09:31:36 +0100] "GET / HTTP/1.0" 404 - "http://www.nature.com/protocolexchange/labgroups/548775" "Mozilla/5.0 (Windows NT 6.1; rv:44.0) Gecko/20100101 Firefox/44.0" "www.liebreich.at"
193.226.177.45 - - [06/Mar/2017:09:45:31 +0100] "GET /m/whatsapp HTTP/1.1" 404 208 "-" "Mozilla/4.0" "www.liebreich.at"
66.249.66.135 - - [06/Mar/2017:09:47:50 +0100] "GET /?Motorrad_%2B_Auto___Werkstatt___GPS_Halterung HTTP/1.1" 404 - "-" "Mozilla/5.0 (compatible; Googlebot/2.1; +http://www.google.com/bot.html)" "www.liebreich.at"
194.118.192.201 - - [06/Mar/2017:09:41:56 +0100] "GET /fotos/duster/Defender_vs_Duster.jpg HTTP/1.1" 404 233 "https://www.google.at/" "Mozilla/5.0 (Windows NT 6.3; WOW64) AppleWebKit/537.36 (KHTML, like Gecko) Chrome/56.0.2924.87 Safari/537.36" "www.liebreich.at"
66.249.66.27 - - [06/Mar/2017:09:47:29 +0100] "GET /?Motorrad_%2B_Auto___Werkstatt___GPS_Halterung HTTP/1.1" 404 - "-" "Mozilla/5.0 (compatible; Googlebot/2.1; +http://www.google.com/bot.html)" "www.liebreich.at"
157.55.39.242 - - [06/Mar/2017:09:50:09 +0100] "GET /?Motorrad_%2B_Auto___KTM_400_EXC HTTP/1.1" 404 - "-" "msnbot-media/1.1 (+http://search.msn.com/msnbot.htm)" "www.liebreich.at"
213.81.140.48 - - [06/Mar/2017:09:58:36 +0100] "GET /m/whatsapp HTTP/1.1" 404 208 "http://www.google.sk/url?sa=t&rct=j&q=&esrc=s&source=web&cd=1&ved=0CCEQFjAA&url=http%3A%2F%2Fliebreich.at%2Fm%2Fwhatsapp&ei=YrpWF5PQcZEdg9WzZl9T&usg=z6Zt40CHBDCUM5j04BC-jrEAQBGIkhKkQd" "Mozilla/4.0 (compatible; MSIE 7.0; Windows NT 6.1; WOW64; Trident/5.0)" "www.liebreich.at"
213.81.140.48 - - [06/Mar/2017:09:58:52 +0100] "GET /m/whatsapp HTTP/1.1" 404 208 "http://www.google.sk/url?sa=t&rct=j&q=&esrc=s&source=web&cd=1&ved=0CCEQFjAA&url=http%3A%2F%2Fliebreich.at%2Fm%2Fwhatsapp&ei=ZCJLDbtovcYRepM1Bt2Q&usg=Lyi78Sm9zfYD6eTAjol-FvmmWAxco55XXj" "Mozilla/4.0 (compatible; MSIE 8.0; Windows NT 6.1; WOW64; Trident/5.0)" "www.liebreich.at"
213.81.140.48 - - [06/Mar/2017:09:58:35 +0100] "GET /m/whatsapp HTTP/1.1" 404 208 "http://www.google.sk/url?sa=t&rct=j&q=&esrc=s&source=web&cd=1&ved=0CCEQFjAA&url=http%3A%2F%2Fliebreich.at%2Fm%2Fwhatsapp&ei=i3dahSGedhs32XTl29sv&usg=mI8Y7KnJE9wt35NHrAP-Tql8YggA6AJLos" "Opera/9.80 (Windows NT 6.1; Win64; x64) Presto/2.12.388 Version/12.15" "www.liebreich.at"
213.81.140.48 - - [06/Mar/2017:09:59:26 +0100] "GET /m/whatsapp HTTP/1.1" 404 208 "http://www.google.sk/url?sa=t&rct=j&q=&esrc=s&source=web&cd=1&ved=0CCEQFjAA&url=http%3A%2F%2Fliebreich.at%2Fm%2Fwhatsapp&ei=gyAbkoWknHyenuwTY9Yd&usg=DmKtXftNpPIjZd1gKHO-c5LVWqVfZwH1GR" "Mozilla/4.0 (compatible; MSIE 8.0; Windows NT 6.1; WOW64; Trident/5.0)" "www.liebreich.at"
85.233.76.49 - - [06/Mar/2017:10:02:14 +0100] "GET /language/en-GB/en-GB.xml HTTP/1.1" 404 222 "-" "Python-urllib/2.6" "www.liebreich.at"
66.249.66.27 - - [06/Mar/2017:10:36:14 +0100] "GET /?Motorrad_%2B_Auto___Werkstatt___Bordsteckdose HTTP/1.1" 404 - "-" "Mozilla/5.0 (Linux; Android 6.0.1; Nexus 5X Build/MMB29P) AppleWebKit/537.36 (KHTML, like Gecko) Chrome/41.0.2272.96 Mobile Safari/537.36 (compatible; Googlebot/2.1; +http://www.google.com/bot.html)" "www.liebreich.at"
213.81.140.48 - - [06/Mar/2017:10:37:05 +0100] "GET /m/whatsapp HTTP/1.1" 404 208 "http://www.google.sk/url?sa=t&rct=j&q=&esrc=s&source=web&cd=1&ved=0CCEQFjAA&url=http%3A%2F%2Fliebreich.at%2Fm%2Fwhatsapp&ei=k29K8GHCkZ39LvlTRHeK&usg=QI62LXUyHCFEoadIZno-rZfmyBN2SLCa93" "Mozilla/5.0 (Windows NT 6.1; WOW64; rv:21.0) Gecko/20100101 Firefox/21.0" "www.liebreich.at"
213.81.140.48 - - [06/Mar/2017:10:37:06 +0100] "GET /m/whatsapp HTTP/1.1" 404 208 "http://www.google.sk/url?sa=t&rct=j&q=&esrc=s&source=web&cd=1&ved=0CCEQFjAA&url=http%3A%2F%2Fliebreich.at%2Fm%2Fwhatsapp&ei=s0TWumRj8pMa0LOB9Q4S&usg=cVklLYmEy2rvXnZ5tbE-cSPcr7RcjzeBMQ" "Mozilla/5.0 (Windows NT 6.1; WOW64) AppleWebKit/537.36 (KHTML, like Gecko) Chrome/27.0.1453.116 Safari/537.36" "www.liebreich.at"
213.81.140.48 - - [06/Mar/2017:10:37:06 +0100] "GET /m/whatsapp HTTP/1.1" 404 208 "http://www.google.sk/url?sa=t&rct=j&q=&esrc=s&source=web&cd=1&ved=0CCEQFjAA&url=http%3A%2F%2Fliebreich.at%2Fm%2Fwhatsapp&ei=DmFv4Tc6KLqUWFeAfAAx&usg=aX8ebrNucm2yvajcGh9-hG3M6qETP6hT3q" "Mozilla/4.0 (compatible; MSIE 8.0; Windows NT 6.1; WOW64; Trident/5.0)" "www.liebreich.at"
66.249.66.135 - - [06/Mar/2017:10:39:59 +0100] "GET /?Motorrad_%2B_Auto___Werkstatt___GPS_Halterung HTTP/1.1" 404 - "-" "Mozilla/5.0 (compatible; Googlebot/2.1; +http://www.google.com/bot.html)" "www.liebreich.at"
93.219.19.49 - - [06/Mar/2017:10:45:03 +0100] "GET /?Motorrad_%2B_Auto___Werkstatt___Vergaser_Revision HTTP/1.1" 404 - "-" "Mozilla/5.0 (iPhone; CPU iPhone OS 10_2_1 like Mac OS X) AppleWebKit/602.4.6 (KHTML, like Gecko) Version/10.0 Mobile/14D27 Safari/602.1" "www.liebreich.at"
93.219.19.49 - - [06/Mar/2017:10:45:03 +0100] "GET /apple-touch-icon-120x120-precomposed.png HTTP/1.1" 404 238 "-" "MobileSafari/602.1 CFNetwork/808.3 Darwin/16.3.0" "www.liebreich.at"
93.219.19.49 - - [06/Mar/2017:10:45:03 +0100] "GET /apple-touch-icon-120x120.png HTTP/1.1" 404 226 "-" "MobileSafari/602.1 CFNetwork/808.3 Darwin/16.3.0" "www.liebreich.at"
93.219.19.49 - - [06/Mar/2017:10:45:03 +0100] "GET /apple-touch-icon-precomposed.png HTTP/1.1" 404 230 "-" "MobileSafari/602.1 CFNetwork/808.3 Darwin/16.3.0" "www.liebreich.at"
93.219.19.49 - - [06/Mar/2017:10:45:03 +0100] "GET /apple-touch-icon.png HTTP/1.1" 404 218 "-" "MobileSafari/602.1 CFNetwork/808.3 Darwin/16.3.0" "www.liebreich.at"
93.219.19.49 - - [06/Mar/2017:10:45:03 +0100] "GET /favicon.ico HTTP/1.1" 404 209 "-" "MobileSafari/602.1 CFNetwork/808.3 Darwin/16.3.0" "www.liebreich.at"
93.219.19.49 - - [06/Mar/2017:10:45:03 +0100] "GET /apple-touch-icon-120x120-precomposed.png HTTP/1.1" 404 238 "-" "MobileSafari/602.1 CFNetwork/808.3 Darwin/16.3.0" "www.liebreich.at"
93.219.19.49 - - [06/Mar/2017:10:45:03 +0100] "GET /apple-touch-icon-120x120.png HTTP/1.1" 404 226 "-" "MobileSafari/602.1 CFNetwork/808.3 Darwin/16.3.0" "www.liebreich.at"
93.219.19.49 - - [06/Mar/2017:10:45:03 +0100] "GET /apple-touch-icon-precomposed.png HTTP/1.1" 404 230 "-" "MobileSafari/602.1 CFNetwork/808.3 Darwin/16.3.0" "www.liebreich.at"
93.219.19.49 - - [06/Mar/2017:10:45:03 +0100] "GET /apple-touch-icon.png HTTP/1.1" 404 218 "-" "MobileSafari/602.1 CFNetwork/808.3 Darwin/16.3.0" "www.liebreich.at"
93.219.19.49 - - [06/Mar/2017:10:45:03 +0100] "GET /favicon.ico HTTP/1.1" 404 209 "-" "MobileSafari/602.1 CFNetwork/808.3 Darwin/16.3.0" "www.liebreich.at"
68.180.230.186 - - [06/Mar/2017:10:48:09 +0100] "GET /?Ueber_uns&login HTTP/1.1" 404 - "-" "Mozilla/5.0 (compatible; Yahoo! Slurp; http://help.yahoo.com/help/us/ysearch/slurp)" "www.liebreich.at"
66.249.66.30 - - [06/Mar/2017:11:17:31 +0100] "GET /?Motorrad_%2B_Auto___Fazer_1000 HTTP/1.1" 404 - "-" "Mozilla/5.0 (Linux; Android 6.0.1; Nexus 5X Build/MMB29P) AppleWebKit/537.36 (KHTML, like Gecko) Chrome/41.0.2272.96 Mobile Safari/537.36 (compatible; Googlebot/2.1; +http://www.google.com/bot.html)" "www.liebreich.at"
146.185.223.200 - - [06/Mar/2017:11:21:31 +0100] "GET / HTTP/1.0" 404 - "http://gravatar.com/verapamil240mgcomprar" "Mozilla/5.0 (Windows NT 6.1; WOW64; rv:43.0) Gecko/20100101 Firefox/43.0" "www.liebreich.at"
146.185.223.200 - - [06/Mar/2017:11:21:32 +0100] "GET / HTTP/1.0" 404 - "http://gravatar.com/verapamil240mgcomprar" "Mozilla/5.0 (Windows NT 6.1; WOW64; rv:43.0) Gecko/20100101 Firefox/43.0" "www.liebreich.at"
146.185.223.200 - - [06/Mar/2017:11:21:32 +0100] "GET / HTTP/1.0" 404 - "http://gravatar.com/verapamil240mgcomprar" "Mozilla/5.0 (Windows NT 6.1; WOW64; rv:43.0) Gecko/20100101 Firefox/43.0" "www.liebreich.at"
146.185.223.200 - - [06/Mar/2017:11:21:32 +0100] "GET / HTTP/1.0" 404 - "http://gravatar.com/verapamil240mgcomprar" "Mozilla/5.0 (Windows NT 6.1; WOW64; rv:43.0) Gecko/20100101 Firefox/43.0" "www.liebreich.at"
151.80.39.134 - - [06/Mar/2017:11:25:19 +0100] "GET /robots.txt HTTP/1.1" 404 208 "-" "Mozilla/5.0 (compatible; AhrefsBot/5.2; +http://ahrefs.com/robot/)" "www.liebreich.at"
207.46.13.132 - - [06/Mar/2017:11:25:32 +0100] "GET /?Motorrad_%2B_Auto___Motorrad_Geschichten___Days_of_thunder_1 HTTP/1.1" 404 - "-" "Mozilla/5.0 (iPhone; CPU iPhone OS 7_0 like Mac OS X) AppleWebKit/537.51.1 (KHTML, like Gecko) Version/7.0 Mobile/11A465 Safari/9537.53 (compatible; bingbot/2.0; +http://www.bing.com/bingbot.htm)" "www.liebreich.at"
51.255.65.90 - - [06/Mar/2017:11:24:55 +0100] "GET /?Fotografie&print HTTP/1.1" 404 - "-" "Mozilla/5.0 (compatible; AhrefsBot/5.2; +http://ahrefs.com/robot/)" "www.liebreich.at"
146.185.223.200 - - [06/Mar/2017:11:34:06 +0100] "GET / HTTP/1.0" 404 - "http://www.theknot.com/wedding/rizatriptan-and-without" "Mozilla/5.0 (Windows NT 6.3; WOW64; rv:44.0) Gecko/20100101 Firefox/44.0" "www.liebreich.at"
146.185.223.200 - - [06/Mar/2017:11:34:06 +0100] "GET / HTTP/1.0" 404 - "http://www.theknot.com/wedding/rizatriptan-and-without" "Mozilla/5.0 (Windows NT 6.3; WOW64; rv:44.0) Gecko/20100101 Firefox/44.0" "www.liebreich.at"
146.185.223.200 - - [06/Mar/2017:11:34:06 +0100] "GET / HTTP/1.0" 404 - "http://www.theknot.com/wedding/rizatriptan-and-without" "Mozilla/5.0 (Windows NT 6.3; WOW64; rv:44.0) Gecko/20100101 Firefox/44.0" "www.liebreich.at"
146.185.223.200 - - [06/Mar/2017:11:34:06 +0100] "GET / HTTP/1.0" 404 - "http://www.theknot.com/wedding/rizatriptan-and-without" "Mozilla/5.0 (Windows NT 6.3; WOW64; rv:44.0) Gecko/20100101 Firefox/44.0" "www.liebreich.at"
40.77.167.131 - - [06/Mar/2017:11:45:52 +0100] "GET /?Motorrad_%2B_Auto___KTM_625_SXC HTTP/1.1" 404 - "-" "Mozilla/5.0 (iPhone; CPU iPhone OS 7_0 like Mac OS X) AppleWebKit/537.51.1 (KHTML, like Gecko) Version/7.0 Mobile/11A465 Safari/9537.53 (compatible; bingbot/2.0; +http://www.bing.com/bingbot.htm)" "www.liebreich.at"
146.185.223.200 - - [06/Mar/2017:11:47:03 +0100] "GET / HTTP/1.0" 404 - "http://www.purevolume.com/orderchlorthalidoneatdiscounts" "Mozilla/5.0 (Windows NT 6.3; WOW64) AppleWebKit/537.36 (KHTML, like Gecko) Chrome/48.0.2564.97 Safari/537.36" "www.liebreich.at"
146.185.223.200 - - [06/Mar/2017:11:47:04 +0100] "GET / HTTP/1.0" 404 - "http://www.purevolume.com/orderchlorthalidoneatdiscounts" "Mozilla/5.0 (Windows NT 6.3; WOW64) AppleWebKit/537.36 (KHTML, like Gecko) Chrome/48.0.2564.97 Safari/537.36" "www.liebreich.at"
146.185.223.200 - - [06/Mar/2017:11:47:03 +0100] "GET / HTTP/1.0" 404 - "http://www.purevolume.com/orderchlorthalidoneatdiscounts" "Mozilla/5.0 (Windows NT 6.3; WOW64) AppleWebKit/537.36 (KHTML, like Gecko) Chrome/48.0.2564.97 Safari/537.36" "www.liebreich.at"
146.185.223.200 - - [06/Mar/2017:11:47:04 +0100] "GET / HTTP/1.0" 404 - "http://www.purevolume.com/orderchlorthalidoneatdiscounts" "Mozilla/5.0 (Windows NT 6.3; WOW64) AppleWebKit/537.36 (KHTML, like Gecko) Chrome/48.0.2564.97 Safari/537.36" "www.liebreich.at"
66.249.66.30 - - [06/Mar/2017:11:47:29 +0100] "GET /bellatores-veteres/forum/viewtopic.php?p=2648&sid=097e4adf216b253453e4f7a3f88a9ff2 HTTP/1.1" 404 236 "-" "Mozilla/5.0 (compatible; Googlebot/2.1; +http://www.google.com/bot.html)" "www.liebreich.at"
130.180.117.58 - - [06/Mar/2017:11:53:19 +0100] "GET /userfiles/images/v_schwimmer1.jpg HTTP/1.1" 404 231 "https://www.google.de/" "Mozilla/5.0 (Windows NT 6.3; WOW64; rv:51.0) Gecko/20100101 Firefox/51.0" "www.liebreich.at"
130.180.117.58 - - [06/Mar/2017:11:53:30 +0100] "GET /?Motorrad_%2B_Auto___Werkstatt___Vergaser_Revision HTTP/1.1" 404 - "https://www.google.de/" "Mozilla/5.0 (Windows NT 6.3; WOW64; rv:51.0) Gecko/20100101 Firefox/51.0" "www.liebreich.at"
130.180.117.58 - - [06/Mar/2017:11:53:30 +0100] "GET /favicon.ico HTTP/1.1" 404 209 "-" "Mozilla/5.0 (Windows NT 6.3; WOW64; rv:51.0) Gecko/20100101 Firefox/51.0" "www.liebreich.at"
130.180.117.58 - - [06/Mar/2017:11:53:30 +0100] "GET /favicon.ico HTTP/1.1" 404 209 "-" "Mozilla/5.0 (Windows NT 6.3; WOW64; rv:51.0) Gecko/20100101 Firefox/51.0" "www.liebreich.at"
130.180.117.58 - - [06/Mar/2017:11:53:36 +0100] "GET /userfiles/images/v_schwimmer1.jpg HTTP/1.1" 404 231 "https://www.google.de/" "Mozilla/5.0 (Windows NT 6.3; WOW64; rv:51.0) Gecko/20100101 Firefox/51.0" "www.liebreich.at"
130.180.117.58 - - [06/Mar/2017:11:53:50 +0100] "GET /?Motorrad_%2B_Auto___Werkstatt___Vergaser_Revision HTTP/1.1" 404 - "https://www.google.de/" "Mozilla/5.0 (Windows NT 6.3; WOW64; rv:51.0) Gecko/20100101 Firefox/51.0" "www.liebreich.at"
146.185.223.200 - - [06/Mar/2017:12:03:33 +0100] "GET / HTTP/1.0" 404 - "http://gravatar.com/os4norfloxacina400mg" "Mozilla/5.0 (Windows NT 6.1; WOW64; rv:44.0) Gecko/20100101 Firefox/44.0" "www.liebreich.at"
146.185.223.200 - - [06/Mar/2017:12:03:33 +0100] "GET / HTTP/1.0" 404 - "http://gravatar.com/os4norfloxacina400mg" "Mozilla/5.0 (Windows NT 6.1; WOW64; rv:44.0) Gecko/20100101 Firefox/44.0" "www.liebreich.at"
66.249.66.27 - - [06/Mar/2017:12:02:29 +0100] "GET /?mailform HTTP/1.1" 404 - "-" "Mozilla/5.0 (compatible; Googlebot/2.1; +http://www.google.com/bot.html)" "www.liebreich.at"
146.185.223.200 - - [06/Mar/2017:12:03:33 +0100] "GET / HTTP/1.0" 404 - "http://gravatar.com/os4norfloxacina400mg" "Mozilla/5.0 (Windows NT 6.1; WOW64; rv:44.0) Gecko/20100101 Firefox/44.0" "www.liebreich.at"
146.185.223.200 - - [06/Mar/2017:12:03:33 +0100] "GET / HTTP/1.0" 404 - "http://gravatar.com/os4norfloxacina400mg" "Mozilla/5.0 (Windows NT 6.1; WOW64; rv:44.0) Gecko/20100101 Firefox/44.0" "www.liebreich.at"
146.185.223.200 - - [06/Mar/2017:12:20:09 +0100] "GET / HTTP/1.0" 404 - "http://colchicine60b.aircus.com" "Mozilla/5.0 (Windows NT 10.0; WOW64) AppleWebKit/537.36 (KHTML, like Gecko) Chrome/48.0.2564.103 Safari/537.36" "www.liebreich.at"
146.185.223.200 - - [06/Mar/2017:12:20:09 +0100] "GET / HTTP/1.0" 404 - "http://colchicine60b.aircus.com" "Mozilla/5.0 (Windows NT 10.0; WOW64) AppleWebKit/537.36 (KHTML, like Gecko) Chrome/48.0.2564.103 Safari/537.36" "www.liebreich.at"
146.185.223.200 - - [06/Mar/2017:12:20:09 +0100] "GET / HTTP/1.0" 404 - "http://colchicine60b.aircus.com" "Mozilla/5.0 (Windows NT 10.0; WOW64) AppleWebKit/537.36 (KHTML, like Gecko) Chrome/48.0.2564.103 Safari/537.36" "www.liebreich.at"
146.185.223.200 - - [06/Mar/2017:12:20:10 +0100] "GET / HTTP/1.0" 404 - "http://colchicine60b.aircus.com" "Mozilla/5.0 (Windows NT 10.0; WOW64) AppleWebKit/537.36 (KHTML, like Gecko) Chrome/48.0.2564.103 Safari/537.36" "www.liebreich.at"
66.249.66.24 - - [06/Mar/2017:12:24:59 +0100] "GET /?Motorrad_%2B_Auto___KTM_950_Adventure HTTP/1.1" 404 - "-" "Mozilla/5.0 (Linux; Android 6.0.1; Nexus 5X Build/MMB29P) AppleWebKit/537.36 (KHTML, like Gecko) Chrome/41.0.2272.96 Mobile Safari/537.36 (compatible; Googlebot/2.1; +http://www.google.com/bot.html)" "www.liebreich.at"
213.81.140.48 - - [06/Mar/2017:12:27:25 +0100] "GET /m/whatsapp HTTP/1.1" 404 208 "http://www.google.sk/url?sa=t&rct=j&q=&esrc=s&source=web&cd=1&ved=0CCEQFjAA&url=http%3A%2F%2Fliebreich.at%2Fm%2Fwhatsapp&ei=5AAmHuxMrAE0bTF5sXV8&usg=PDvl6xhtCcvDRVTrnEd-Kjmv2eLS50Osyv" "Opera/9.80 (Windows NT 6.1; Win64; x64) Presto/2.12.388 Version/12.16" "www.liebreich.at"
213.81.140.48 - - [06/Mar/2017:12:28:23 +0100] "GET /m/whatsapp HTTP/1.1" 404 208 "http://www.google.sk/url?sa=t&rct=j&q=&esrc=s&source=web&cd=1&ved=0CCEQFjAA&url=http%3A%2F%2Fliebreich.at%2Fm%2Fwhatsapp&ei=49cWJflnliwlMM09d9Z4&usg=VXN72c3s5KXOuxogrju-hAGwJC2PkRDBIQ" "Mozilla/5.0 (Windows NT 6.1; WOW64; rv:19.0) Gecko/20100101 Firefox/19.0" "www.liebreich.at"
193.226.177.45 - - [06/Mar/2017:12:33:24 +0100] "GET /m/whatsapp HTTP/1.1" 404 208 "-" "Mozilla/4.0" "www.liebreich.at"
146.185.223.200 - - [06/Mar/2017:12:36:52 +0100] "GET / HTTP/1.0" 404 - "http://www.theknot.com/wedding/isosorbide-and-without" "Mozilla/5.0 (Windows NT 6.1; rv:44.0) Gecko/20100101 Firefox/44.0" "www.liebreich.at"
146.185.223.200 - - [06/Mar/2017:12:36:58 +0100] "GET / HTTP/1.0" 404 - "http://www.theknot.com/wedding/isosorbide-and-without" "Mozilla/5.0 (Windows NT 6.1; rv:44.0) Gecko/20100101 Firefox/44.0" "www.liebreich.at"
213.81.140.52 - - [06/Mar/2017:12:37:19 +0100] "GET /m/whatsapp HTTP/1.1" 404 208 "http://www.google.sk/url?sa=t&rct=j&q=&esrc=s&source=web&cd=1&ved=0CCEQFjAA&url=http%3A%2F%2Fliebreich.at%2Fm%2Fwhatsapp&ei=YByrbQFfitmLANKyitPD&usg=KPktPttpA7DBjoCGMA6-TtdzWReilI5Jyu" "Mozilla/4.0 (compatible; MSIE 7.0; Windows NT 6.1; Win64; x64; Trident/5.0)" "www.liebreich.at"
