193.226.177.45 - - [01/Mar/2017:00:07:10 +0100] "GET /m/whatsapp HTTP/1.1" 404 208 "-" "Mozilla/4.0" "www.liebreich.at"
146.185.223.200 - - [01/Mar/2017:00:09:48 +0100] "GET / HTTP/1.0" 404 - "http://0qltrimethoprim.aircus.com" "Mozilla/5.0 (Windows NT 6.1; WOW64) AppleWebKit/537.36 (KHTML, like Gecko) Chrome/46.0.2490.86 YaBrowser/15.12.1.6475 Safari/537.36" "www.liebreich.at"
146.185.223.200 - - [01/Mar/2017:00:09:49 +0100] "GET / HTTP/1.0" 404 - "http://0qltrimethoprim.aircus.com" "Mozilla/5.0 (Windows NT 6.1; WOW64) AppleWebKit/537.36 (KHTML, like Gecko) Chrome/46.0.2490.86 YaBrowser/15.12.1.6475 Safari/537.36" "www.liebreich.at"
146.185.223.200 - - [01/Mar/2017:00:09:48 +0100] "GET / HTTP/1.0" 404 - "http://0qltrimethoprim.aircus.com" "Mozilla/5.0 (Windows NT 6.1; WOW64) AppleWebKit/537.36 (KHTML, like Gecko) Chrome/46.0.2490.86 YaBrowser/15.12.1.6475 Safari/537.36" "www.liebreich.at"
146.185.223.200 - - [01/Mar/2017:00:09:49 +0100] "GET / HTTP/1.0" 404 - "http://0qltrimethoprim.aircus.com" "Mozilla/5.0 (Windows NT 6.1; WOW64) AppleWebKit/537.36 (KHTML, like Gecko) Chrome/46.0.2490.86 YaBrowser/15.12.1.6475 Safari/537.36" "www.liebreich.at"
193.226.177.45 - - [01/Mar/2017:00:17:08 +0100] "GET /m/whatsapp HTTP/1.1" 404 208 "-" "Mozilla/4.0" "www.liebreich.at"
146.185.223.200 - - [01/Mar/2017:00:22:24 +0100] "GET / HTTP/1.0" 404 - "http://buyramiprilonlinefrance.over-blog.com/2014/04/buy-ramipril-10mg-low-price.html" "Mozilla/5.0 (Windows NT 10.0; WOW64) AppleWebKit/537.36 (KHTML, like Gecko) Chrome/48.0.2564.97 Safari/537.36" "www.liebreich.at"
146.185.223.200 - - [01/Mar/2017:00:22:24 +0100] "GET / HTTP/1.0" 404 - "http://buyramiprilonlinefrance.over-blog.com/2014/04/buy-ramipril-10mg-low-price.html" "Mozilla/5.0 (Windows NT 10.0; WOW64) AppleWebKit/537.36 (KHTML, like Gecko) Chrome/48.0.2564.97 Safari/537.36" "www.liebreich.at"
146.185.223.200 - - [01/Mar/2017:00:22:23 +0100] "GET / HTTP/1.0" 404 - "http://buyramiprilonlinefrance.over-blog.com/2014/04/buy-ramipril-10mg-low-price.html" "Mozilla/5.0 (Windows NT 10.0; WOW64) AppleWebKit/537.36 (KHTML, like Gecko) Chrome/48.0.2564.97 Safari/537.36" "www.liebreich.at"
146.185.223.200 - - [01/Mar/2017:00:22:24 +0100] "GET / HTTP/1.0" 404 - "http://buyramiprilonlinefrance.over-blog.com/2014/04/buy-ramipril-10mg-low-price.html" "Mozilla/5.0 (Windows NT 10.0; WOW64) AppleWebKit/537.36 (KHTML, like Gecko) Chrome/48.0.2564.97 Safari/537.36" "www.liebreich.at"
193.226.177.45 - - [01/Mar/2017:00:27:05 +0100] "GET /m/whatsapp HTTP/1.1" 404 208 "-" "Mozilla/4.0" "www.liebreich.at"
66.249.64.61 - - [01/Mar/2017:00:33:30 +0100] "GET /robots.txt HTTP/1.1" 404 208 "-" "Mozilla/5.0 (compatible; Googlebot/2.1; +http://www.google.com/bot.html)" "www.liebreich.at"
66.249.64.57 - - [01/Mar/2017:00:33:30 +0100] "GET / HTTP/1.1" 404 - "-" "Mozilla/5.0 (compatible; Googlebot/2.1; +http://www.google.com/bot.html)" "www.liebreich.at"
146.185.223.200 - - [01/Mar/2017:00:35:03 +0100] "GET / HTTP/1.0" 404 - "http://www.theknot.com/wedding/cefuroxime-and-prescription" "Mozilla/5.0 (Windows NT 10.0; WOW64; rv:43.0) Gecko/20100101 Firefox/43.0" "www.liebreich.at"
146.185.223.200 - - [01/Mar/2017:00:35:03 +0100] "GET / HTTP/1.0" 404 - "http://www.theknot.com/wedding/cefuroxime-and-prescription" "Mozilla/5.0 (Windows NT 10.0; WOW64; rv:43.0) Gecko/20100101 Firefox/43.0" "www.liebreich.at"
146.185.223.200 - - [01/Mar/2017:00:35:03 +0100] "GET / HTTP/1.0" 404 - "http://www.theknot.com/wedding/cefuroxime-and-prescription" "Mozilla/5.0 (Windows NT 10.0; WOW64; rv:43.0) Gecko/20100101 Firefox/43.0" "www.liebreich.at"
146.185.223.200 - - [01/Mar/2017:00:35:03 +0100] "GET / HTTP/1.0" 404 - "http://www.theknot.com/wedding/cefuroxime-and-prescription" "Mozilla/5.0 (Windows NT 10.0; WOW64; rv:43.0) Gecko/20100101 Firefox/43.0" "www.liebreich.at"
193.226.177.45 - - [01/Mar/2017:00:37:06 +0100] "GET /m/whatsapp HTTP/1.1" 404 208 "-" "Mozilla/4.0" "www.liebreich.at"
193.226.177.45 - - [01/Mar/2017:00:47:02 +0100] "GET /m/whatsapp HTTP/1.1" 404 208 "-" "Mozilla/4.0" "www.liebreich.at"
146.185.223.200 - - [01/Mar/2017:00:47:38 +0100] "GET / HTTP/1.0" 404 - "http://buyfluvoxamine50mgonlineitaly.aircus.com" "Mozilla/5.0 (Windows NT 6.3; WOW64; rv:44.0) Gecko/20100101 Firefox/44.0" "www.liebreich.at"
146.185.223.200 - - [01/Mar/2017:00:47:38 +0100] "GET / HTTP/1.0" 404 - "http://buyfluvoxamine50mgonlineitaly.aircus.com" "Mozilla/5.0 (Windows NT 6.3; WOW64; rv:44.0) Gecko/20100101 Firefox/44.0" "www.liebreich.at"
146.185.223.200 - - [01/Mar/2017:00:47:38 +0100] "GET / HTTP/1.0" 404 - "http://buyfluvoxamine50mgonlineitaly.aircus.com" "Mozilla/5.0 (Windows NT 6.3; WOW64; rv:44.0) Gecko/20100101 Firefox/44.0" "www.liebreich.at"
146.185.223.200 - - [01/Mar/2017:00:47:38 +0100] "GET / HTTP/1.0" 404 - "http://buyfluvoxamine50mgonlineitaly.aircus.com" "Mozilla/5.0 (Windows NT 6.3; WOW64; rv:44.0) Gecko/20100101 Firefox/44.0" "www.liebreich.at"
188.172.220.70 - - [01/Mar/2017:00:56:54 +0100] "GET /mobile/whatsapp/utilisateurs/login/verification/renewal/25e8d87420e47a398184accb612b4dc5 HTTP/1.0" 404 286 "http://liebreich.at/mobile/whatsapp/utilisateurs/login/verification/renewal/25e8d87420e47a398184accb612b4dc5" "Mozilla/5.0 (Windows NT 6.1; WOW64; rv:50.0) Gecko/20100101 Firefox/50.0" "www.liebreich.at"
78.41.115.145 - - [01/Mar/2017:00:56:54 +0100] "GET /mobile/whatsapp/utilisateurs/login/verification/renewal/25e8d87420e47a398184accb612b4dc5 HTTP/1.1" 404 286 "http://liebreich.at/mobile/whatsapp/utilisateurs/login/verification/renewal/25e8d87420e47a398184accb612b4dc5" "Mozilla/5.0 (Windows NT 6.1; WOW64; rv:50.0) Gecko/20100101 Firefox/50.0" "www.liebreich.at"
104.131.165.123 - - [01/Mar/2017:00:56:55 +0100] "GET /mobile/whatsapp/utilisateurs/login/verification/renewal/25e8d87420e47a398184accb612b4dc5 HTTP/1.1" 404 286 "http://liebreich.at/mobile/whatsapp/utilisateurs/login/verification/renewal/25e8d87420e47a398184accb612b4dc5" "Mozilla/5.0 (Windows NT 6.1; WOW64; rv:50.0) Gecko/20100101 Firefox/50.0" "www.liebreich.at"
216.218.222.12 - - [01/Mar/2017:00:56:55 +0100] "GET /mobile/whatsapp/utilisateurs/login/verification/renewal/25e8d87420e47a398184accb612b4dc5 HTTP/1.1" 404 286 "http://liebreich.at/mobile/whatsapp/utilisateurs/login/verification/renewal/25e8d87420e47a398184accb612b4dc5" "Mozilla/5.0 (Windows NT 6.1; WOW64; rv:50.0) Gecko/20100101 Firefox/50.0" "www.liebreich.at"
139.59.4.194 - - [01/Mar/2017:00:56:55 +0100] "GET /mobile/whatsapp/utilisateurs/login/verification/renewal/25e8d87420e47a398184accb612b4dc5 HTTP/1.1" 404 286 "http://liebreich.at/mobile/whatsapp/utilisateurs/login/verification/renewal/25e8d87420e47a398184accb612b4dc5" "Mozilla/5.0 (Windows NT 6.1; WOW64; rv:50.0) Gecko/20100101 Firefox/50.0" "www.liebreich.at"
104.131.165.123 - - [01/Mar/2017:00:56:56 +0100] "GET /mobile/whatsapp/utilisateurs/login/verification/renewal/25e8d87420e47a398184accb612b4dc5 HTTP/1.1" 404 286 "http://liebreich.at/mobile/whatsapp/utilisateurs/login/verification/renewal/25e8d87420e47a398184accb612b4dc5" "Mozilla/5.0 (Linux; U; Android 2.2; en-us; Nexus One Build/FRF91) AppleWebKit/533.1 (KHTML, like Gecko) Version/4.0 Mobile Safari/533.1" "www.liebreich.at"
216.218.222.12 - - [01/Mar/2017:00:56:57 +0100] "OPTIONS /mobile/whatsapp/utilisateurs/login/verification/renewal/25e8d87420e47a398184accb612b4dc5 HTTP/1.1" 200 - "http://liebreich.at/mobile/whatsapp/utilisateurs/login/verification/renewal/25e8d87420e47a398184accb612b4dc5" "Mozilla/5.0 (Linux; U; Android 2.2; en-gb; GT-P1000 Build/FROYO) AppleWebKit/533.1 (KHTML, like Gecko) Version/4.0 Mobile Safari/533.1" "www.liebreich.at"
139.59.4.194 - - [01/Mar/2017:00:57:01 +0100] "GET /mobile/whatsapp/utilisateurs/login/verification/renewal/ HTTP/1.1" 404 254 "http://liebreich.at/mobile/whatsapp/utilisateurs/login/verification/renewal/" "Mozilla/5.0 (Linux; Android 4.0.4; Galaxy Nexus Build/IMM76B) AppleWebKit/535.19 (KHTML, like Gecko) Chrome/18.0.1025.133 Mobile Safari/535.19" "www.liebreich.at"
188.172.220.70 - - [01/Mar/2017:00:57:01 +0100] "GET /mobile/whatsapp/utilisateurs/login/verification/renewal/ HTTP/1.0" 404 254 "http://liebreich.at/mobile/whatsapp/utilisateurs/login/verification/renewal/" "Mozilla/5.0 (Linux; Android 4.0.4; Galaxy Nexus Build/IMM76B) AppleWebKit/535.19 (KHTML, like Gecko) Chrome/18.0.1025.133 Mobile Safari/535.19" "www.liebreich.at"
193.171.202.150 - - [01/Mar/2017:00:57:01 +0100] "GET /mobile/whatsapp/utilisateurs/login/verification/renewal/ HTTP/1.1" 404 254 "http://liebreich.at/mobile/whatsapp/utilisateurs/login/verification/renewal/" "Mozilla/5.0 (Linux; Android 4.0.4; Galaxy Nexus Build/IMM76B) AppleWebKit/535.19 (KHTML, like Gecko) Chrome/18.0.1025.133 Mobile Safari/535.19" "www.liebreich.at"
104.131.157.171 - - [01/Mar/2017:00:57:02 +0100] "GET /mobile/whatsapp/utilisateurs/login/verification/renewal/ HTTP/1.1" 404 254 "http://liebreich.at/mobile/whatsapp/utilisateurs/login/verification/renewal/" "Mozilla/5.0 (Linux; Android 4.0.4; Galaxy Nexus Build/IMM76B) AppleWebKit/535.19 (KHTML, like Gecko) Chrome/18.0.1025.133 Mobile Safari/535.19" "www.liebreich.at"
193.226.177.45 - - [01/Mar/2017:00:57:02 +0100] "GET /m/whatsapp HTTP/1.1" 404 208 "-" "Mozilla/4.0" "www.liebreich.at"
104.131.157.171 - - [01/Mar/2017:00:57:13 +0100] "GET /mobile/whatsapp/utilisateurs/login/verification/renewal/ HTTP/1.1" 404 254 "http://liebreich.at/mobile/whatsapp/utilisateurs/login/verification/renewal/" "Mozilla/5.0 (Linux; U; Android 2.2; en-us; Nexus One Build/FRF91) AppleWebKit/533.1 (KHTML, like Gecko) Version/4.0 Mobile Safari/533.1" "www.liebreich.at"
166.70.207.2 - - [01/Mar/2017:00:57:12 +0100] "GET /mobile/whatsapp/utilisateurs/login/verification/renewal/ HTTP/1.1" 404 254 "http://liebreich.at/mobile/whatsapp/utilisateurs/login/verification/renewal/" "Mozilla/5.0 (Linux; Android 4.0.4; Galaxy Nexus Build/IMM76B) AppleWebKit/535.19 (KHTML, like Gecko) Chrome/18.0.1025.133 Mobile Safari/535.19" "www.liebreich.at"
146.185.223.200 - - [01/Mar/2017:01:00:18 +0100] "GET / HTTP/1.0" 404 - "http://gravatar.com/incyrodametal" "Mozilla/5.0 (Windows NT 6.1; WOW64; rv:44.0) Gecko/20100101 Firefox/44.0" "www.liebreich.at"
166.70.207.2 - - [01/Mar/2017:00:57:13 +0100] "OPTIONS /mobile/whatsapp/utilisateurs/login/verification/renewal/ HTTP/1.1" 200 - "http://liebreich.at/mobile/whatsapp/utilisateurs/login/verification/renewal/" "Mozilla/5.0 (Linux; U; Android 2.2; en-us; Nexus One Build/FRF91) AppleWebKit/533.1 (KHTML, like Gecko) Version/4.0 Mobile Safari/533.1" "www.liebreich.at"
146.185.223.200 - - [01/Mar/2017:01:00:31 +0100] "GET / HTTP/1.0" 404 - "http://gravatar.com/incyrodametal" "Mozilla/5.0 (Windows NT 6.1; WOW64; rv:44.0) Gecko/20100101 Firefox/44.0" "www.liebreich.at"
146.185.223.200 - - [01/Mar/2017:01:00:31 +0100] "GET / HTTP/1.0" 404 - "http://gravatar.com/incyrodametal" "Mozilla/5.0 (Windows NT 6.1; WOW64; rv:44.0) Gecko/20100101 Firefox/44.0" "www.liebreich.at"
146.185.223.200 - - [01/Mar/2017:01:00:31 +0100] "GET / HTTP/1.0" 404 - "http://gravatar.com/incyrodametal" "Mozilla/5.0 (Windows NT 6.1; WOW64; rv:44.0) Gecko/20100101 Firefox/44.0" "www.liebreich.at"
81.217.211.135 - - [01/Mar/2017:01:01:51 +0100] "GET / HTTP/1.1" 404 - "-" "Mozilla/5.0 (iPad; CPU OS 10_2 like Mac OS X) AppleWebKit/602.3.12 (KHTML, like Gecko) Version/10.0 Mobile/14C92 Safari/602.1" "www.liebreich.at"
81.217.211.135 - - [01/Mar/2017:01:01:51 +0100] "GET /apple-touch-icon-152x152-precomposed.png HTTP/1.1" 404 238 "-" "MobileSafari/602.1 CFNetwork/808.2.16 Darwin/16.3.0" "www.liebreich.at"
81.217.211.135 - - [01/Mar/2017:01:01:51 +0100] "GET /apple-touch-icon-152x152.png HTTP/1.1" 404 226 "-" "MobileSafari/602.1 CFNetwork/808.2.16 Darwin/16.3.0" "www.liebreich.at"
81.217.211.135 - - [01/Mar/2017:01:01:51 +0100] "GET /apple-touch-icon-precomposed.png HTTP/1.1" 404 230 "-" "MobileSafari/602.1 CFNetwork/808.2.16 Darwin/16.3.0" "www.liebreich.at"
81.217.211.135 - - [01/Mar/2017:01:01:51 +0100] "GET /apple-touch-icon.png HTTP/1.1" 404 218 "-" "MobileSafari/602.1 CFNetwork/808.2.16 Darwin/16.3.0" "www.liebreich.at"
81.217.211.135 - - [01/Mar/2017:01:01:51 +0100] "GET /favicon.ico HTTP/1.1" 404 209 "-" "MobileSafari/602.1 CFNetwork/808.2.16 Darwin/16.3.0" "www.liebreich.at"
81.217.211.135 - - [01/Mar/2017:01:01:51 +0100] "GET /apple-touch-icon-152x152-precomposed.png HTTP/1.1" 404 238 "-" "MobileSafari/602.1 CFNetwork/808.2.16 Darwin/16.3.0" "www.liebreich.at"
81.217.211.135 - - [01/Mar/2017:01:01:51 +0100] "GET /apple-touch-icon-152x152.png HTTP/1.1" 404 226 "-" "MobileSafari/602.1 CFNetwork/808.2.16 Darwin/16.3.0" "www.liebreich.at"
81.217.211.135 - - [01/Mar/2017:01:01:51 +0100] "GET /apple-touch-icon-precomposed.png HTTP/1.1" 404 230 "-" "MobileSafari/602.1 CFNetwork/808.2.16 Darwin/16.3.0" "www.liebreich.at"
81.217.211.135 - - [01/Mar/2017:01:01:51 +0100] "GET /apple-touch-icon.png HTTP/1.1" 404 218 "-" "MobileSafari/602.1 CFNetwork/808.2.16 Darwin/16.3.0" "www.liebreich.at"
81.217.211.135 - - [01/Mar/2017:01:01:51 +0100] "GET /favicon.ico HTTP/1.1" 404 209 "-" "MobileSafari/602.1 CFNetwork/808.2.16 Darwin/16.3.0" "www.liebreich.at"
193.226.177.45 - - [01/Mar/2017:01:07:03 +0100] "GET /m/whatsapp HTTP/1.1" 404 208 "-" "Mozilla/4.0" "www.liebreich.at"
146.185.223.200 - - [01/Mar/2017:01:13:08 +0100] "GET / HTTP/1.0" 404 - "http://azelastine-order-online.over-blog.com/2014/04/cheap-azelastine-5mg-buy-online.html" "Mozilla/5.0 (Windows NT 10.0; WOW64; rv:43.0) Gecko/20100101 Firefox/43.0" "www.liebreich.at"
146.185.223.200 - - [01/Mar/2017:01:13:09 +0100] "GET / HTTP/1.0" 404 - "http://azelastine-order-online.over-blog.com/2014/04/cheap-azelastine-5mg-buy-online.html" "Mozilla/5.0 (Windows NT 10.0; WOW64; rv:43.0) Gecko/20100101 Firefox/43.0" "www.liebreich.at"
146.185.223.200 - - [01/Mar/2017:01:13:08 +0100] "GET / HTTP/1.0" 404 - "http://azelastine-order-online.over-blog.com/2014/04/cheap-azelastine-5mg-buy-online.html" "Mozilla/5.0 (Windows NT 10.0; WOW64; rv:43.0) Gecko/20100101 Firefox/43.0" "www.liebreich.at"
146.185.223.200 - - [01/Mar/2017:01:13:08 +0100] "GET / HTTP/1.0" 404 - "http://azelastine-order-online.over-blog.com/2014/04/cheap-azelastine-5mg-buy-online.html" "Mozilla/5.0 (Windows NT 10.0; WOW64; rv:43.0) Gecko/20100101 Firefox/43.0" "www.liebreich.at"
193.226.177.45 - - [01/Mar/2017:01:17:03 +0100] "GET /m/whatsapp HTTP/1.1" 404 208 "-" "Mozilla/4.0" "www.liebreich.at"
146.185.223.200 - - [01/Mar/2017:01:25:49 +0100] "GET / HTTP/1.0" 404 - "http://www.nature.com/protocolexchange/labgroups/540639" "Mozilla/5.0 (Windows NT 10.0; WOW64) AppleWebKit/537.36 (KHTML, like Gecko) Chrome/48.0.2564.103 Safari/537.36" "www.liebreich.at"
146.185.223.200 - - [01/Mar/2017:01:25:49 +0100] "GET / HTTP/1.0" 404 - "http://www.nature.com/protocolexchange/labgroups/540639" "Mozilla/5.0 (Windows NT 10.0; WOW64) AppleWebKit/537.36 (KHTML, like Gecko) Chrome/48.0.2564.103 Safari/537.36" "www.liebreich.at"
146.185.223.200 - - [01/Mar/2017:01:25:49 +0100] "GET / HTTP/1.0" 404 - "http://www.nature.com/protocolexchange/labgroups/540639" "Mozilla/5.0 (Windows NT 10.0; WOW64) AppleWebKit/537.36 (KHTML, like Gecko) Chrome/48.0.2564.103 Safari/537.36" "www.liebreich.at"
146.185.223.200 - - [01/Mar/2017:01:25:49 +0100] "GET / HTTP/1.0" 404 - "http://www.nature.com/protocolexchange/labgroups/540639" "Mozilla/5.0 (Windows NT 10.0; WOW64) AppleWebKit/537.36 (KHTML, like Gecko) Chrome/48.0.2564.103 Safari/537.36" "www.liebreich.at"
193.226.177.45 - - [01/Mar/2017:01:27:00 +0100] "GET /m/whatsapp HTTP/1.1" 404 208 "-" "Mozilla/4.0" "www.liebreich.at"
193.226.177.45 - - [01/Mar/2017:01:37:01 +0100] "GET /m/whatsapp HTTP/1.1" 404 208 "-" "Mozilla/4.0" "www.liebreich.at"
146.185.223.200 - - [01/Mar/2017:01:38:32 +0100] "GET / HTTP/1.0" 404 - "http://gravatar.com/chlorzoxazone500mg35t" "Mozilla/5.0 (Windows NT 6.1) AppleWebKit/537.36 (KHTML, like Gecko) Chrome/47.0.2526.111 Safari/537.36" "www.liebreich.at"
146.185.223.200 - - [01/Mar/2017:01:38:32 +0100] "GET / HTTP/1.0" 404 - "http://gravatar.com/chlorzoxazone500mg35t" "Mozilla/5.0 (Windows NT 6.1) AppleWebKit/537.36 (KHTML, like Gecko) Chrome/47.0.2526.111 Safari/537.36" "www.liebreich.at"
146.185.223.200 - - [01/Mar/2017:01:38:33 +0100] "GET / HTTP/1.0" 404 - "http://gravatar.com/chlorzoxazone500mg35t" "Mozilla/5.0 (Windows NT 6.1) AppleWebKit/537.36 (KHTML, like Gecko) Chrome/47.0.2526.111 Safari/537.36" "www.liebreich.at"
146.185.223.200 - - [01/Mar/2017:01:38:33 +0100] "GET / HTTP/1.0" 404 - "http://gravatar.com/chlorzoxazone500mg35t" "Mozilla/5.0 (Windows NT 6.1) AppleWebKit/537.36 (KHTML, like Gecko) Chrome/47.0.2526.111 Safari/537.36" "www.liebreich.at"
193.226.177.45 - - [01/Mar/2017:01:46:59 +0100] "GET /m/whatsapp HTTP/1.1" 404 208 "-" "Mozilla/4.0" "www.liebreich.at"
146.185.223.200 - - [01/Mar/2017:01:51:16 +0100] "GET / HTTP/1.0" 404 - "http://clarithromycinhji.aircus.com" "Mozilla/5.0 (Windows NT 6.1; WOW64) AppleWebKit/537.36 (KHTML, like Gecko) Chrome/48.0.2564.97 Safari/537.36" "www.liebreich.at"
146.185.223.200 - - [01/Mar/2017:01:51:16 +0100] "GET / HTTP/1.0" 404 - "http://clarithromycinhji.aircus.com" "Mozilla/5.0 (Windows NT 6.1; WOW64) AppleWebKit/537.36 (KHTML, like Gecko) Chrome/48.0.2564.97 Safari/537.36" "www.liebreich.at"
146.185.223.200 - - [01/Mar/2017:01:51:16 +0100] "GET / HTTP/1.0" 404 - "http://clarithromycinhji.aircus.com" "Mozilla/5.0 (Windows NT 6.1; WOW64) AppleWebKit/537.36 (KHTML, like Gecko) Chrome/48.0.2564.97 Safari/537.36" "www.liebreich.at"
146.185.223.200 - - [01/Mar/2017:01:51:16 +0100] "GET / HTTP/1.0" 404 - "http://clarithromycinhji.aircus.com" "Mozilla/5.0 (Windows NT 6.1; WOW64) AppleWebKit/537.36 (KHTML, like Gecko) Chrome/48.0.2564.97 Safari/537.36" "www.liebreich.at"
193.226.177.45 - - [01/Mar/2017:01:57:01 +0100] "GET /m/whatsapp HTTP/1.1" 404 208 "-" "Mozilla/4.0" "www.liebreich.at"
146.185.223.200 - - [01/Mar/2017:02:04:05 +0100] "GET / HTTP/1.0" 404 - "http://risperidone-order-online.over-blog.com/2014/04/purchase-risperidone-online-buy-risperidone-for-cheap-online.html" "Mozilla/5.0 (Windows NT 6.1) AppleWebKit/537.36 (KHTML, like Gecko) Chrome/48.0.2564.109 Safari/537.36" "www.liebreich.at"
146.185.223.200 - - [01/Mar/2017:02:04:05 +0100] "GET / HTTP/1.0" 404 - "http://risperidone-order-online.over-blog.com/2014/04/purchase-risperidone-online-buy-risperidone-for-cheap-online.html" "Mozilla/5.0 (Windows NT 6.1) AppleWebKit/537.36 (KHTML, like Gecko) Chrome/48.0.2564.109 Safari/537.36" "www.liebreich.at"
146.185.223.200 - - [01/Mar/2017:02:04:05 +0100] "GET / HTTP/1.0" 404 - "http://risperidone-order-online.over-blog.com/2014/04/purchase-risperidone-online-buy-risperidone-for-cheap-online.html" "Mozilla/5.0 (Windows NT 6.1) AppleWebKit/537.36 (KHTML, like Gecko) Chrome/48.0.2564.109 Safari/537.36" "www.liebreich.at"
146.185.223.200 - - [01/Mar/2017:02:04:05 +0100] "GET / HTTP/1.0" 404 - "http://risperidone-order-online.over-blog.com/2014/04/purchase-risperidone-online-buy-risperidone-for-cheap-online.html" "Mozilla/5.0 (Windows NT 6.1) AppleWebKit/537.36 (KHTML, like Gecko) Chrome/48.0.2564.109 Safari/537.36" "www.liebreich.at"
193.226.177.45 - - [01/Mar/2017:02:07:00 +0100] "GET /m/whatsapp HTTP/1.1" 404 208 "-" "Mozilla/4.0" "www.liebreich.at"
146.185.223.200 - - [01/Mar/2017:02:16:54 +0100] "GET / HTTP/1.0" 404 - "http://bethanecholyw4.aircus.com" "Mozilla/5.0 (Windows NT 10.0; WOW64; rv:44.0) Gecko/20100101 Firefox/44.0" "www.liebreich.at"
146.185.223.200 - - [01/Mar/2017:02:16:54 +0100] "GET / HTTP/1.0" 404 - "http://bethanecholyw4.aircus.com" "Mozilla/5.0 (Windows NT 10.0; WOW64; rv:44.0) Gecko/20100101 Firefox/44.0" "www.liebreich.at"
146.185.223.200 - - [01/Mar/2017:02:16:54 +0100] "GET / HTTP/1.0" 404 - "http://bethanecholyw4.aircus.com" "Mozilla/5.0 (Windows NT 10.0; WOW64; rv:44.0) Gecko/20100101 Firefox/44.0" "www.liebreich.at"
146.185.223.200 - - [01/Mar/2017:02:16:54 +0100] "GET / HTTP/1.0" 404 - "http://bethanecholyw4.aircus.com" "Mozilla/5.0 (Windows NT 10.0; WOW64; rv:44.0) Gecko/20100101 Firefox/44.0" "www.liebreich.at"
193.226.177.45 - - [01/Mar/2017:02:17:01 +0100] "GET /m/whatsapp HTTP/1.1" 404 208 "-" "Mozilla/4.0" "www.liebreich.at"
104.42.198.99 - - [01/Mar/2017:02:17:05 +0100] "GET /mobile/WhatsApp/utilisateur/login/rest-login/abonnement/ HTTP/1.1" 404 254 "-" "Mozilla/4.0 (compatible; MSIE 6.0; Windows NT 5.1; .NET CLR 1.1.4322; .NET CLR 2.0.50727)" "www.liebreich.at"
104.42.198.99 - - [01/Mar/2017:02:17:15 +0100] "GET /mobile/WhatsApp/utilisateur/login/rest-login/abonnement/564ccf497628bf216a18104b2aa552dd/ HTTP/1.1" 404 287 "-" "Mozilla/4.0 (compatible; MSIE 6.0; Windows NT 5.1; .NET CLR 1.1.4322; .NET CLR 2.0.50727)" "www.liebreich.at"
207.46.13.165 - - [01/Mar/2017:02:18:18 +0100] "GET / HTTP/1.1" 404 - "-" "Mozilla/5.0 (compatible; bingbot/2.0; +http://www.bing.com/bingbot.htm)" "www.liebreich.at"
193.171.202.150 - - [01/Mar/2017:02:21:48 +0100] "GET /mobile/whatsapp/utilisateurs/login/ HTTP/1.1" 404 233 "http://liebreich.at/mobile/whatsapp/utilisateurs/login/" "Mozilla/5.0 (Macintosh; Intel Mac OS X 10_12_2) AppleWebKit/537.36 (KHTML, like Gecko) Chrome/55.0.2883.95 Safari/537.36" "www.liebreich.at"
188.172.220.70 - - [01/Mar/2017:02:21:48 +0100] "GET /mobile/whatsapp/utilisateurs/login/ HTTP/1.0" 404 233 "http://liebreich.at/mobile/whatsapp/utilisateurs/login/" "Mozilla/5.0 (Macintosh; Intel Mac OS X 10_12_2) AppleWebKit/537.36 (KHTML, like Gecko) Chrome/55.0.2883.95 Safari/537.36" "www.liebreich.at"
104.131.157.171 - - [01/Mar/2017:02:21:48 +0100] "GET /mobile/whatsapp/utilisateurs/login/ HTTP/1.1" 404 233 "http://liebreich.at/mobile/whatsapp/utilisateurs/login/" "Mozilla/5.0 (Macintosh; Intel Mac OS X 10_12_2) AppleWebKit/537.36 (KHTML, like Gecko) Chrome/55.0.2883.95 Safari/537.36" "www.liebreich.at"
139.59.4.194 - - [01/Mar/2017:02:21:48 +0100] "GET /mobile/whatsapp/utilisateurs/login/ HTTP/1.1" 404 233 "http://liebreich.at/mobile/whatsapp/utilisateurs/login/" "Mozilla/5.0 (Macintosh; Intel Mac OS X 10_12_2) AppleWebKit/537.36 (KHTML, like Gecko) Chrome/55.0.2883.95 Safari/537.36" "www.liebreich.at"
199.249.223.76 - - [01/Mar/2017:02:21:49 +0100] "GET /mobile/whatsapp/utilisateurs/login/ HTTP/1.1" 404 233 "http://liebreich.at/mobile/whatsapp/utilisateurs/login/" "Mozilla/5.0 (Macintosh; Intel Mac OS X 10_12_2) AppleWebKit/537.36 (KHTML, like Gecko) Chrome/55.0.2883.95 Safari/537.36" "www.liebreich.at"
193.171.202.150 - - [01/Mar/2017:02:21:51 +0100] "OPTIONS /mobile/whatsapp/utilisateurs/login/ HTTP/1.1" 200 - "http://liebreich.at/mobile/whatsapp/utilisateurs/login/" "Mozilla/5.0 (Windows NT 6.1; WOW64; Trident/7.0; rv:11.0) like Gecko" "www.liebreich.at"
139.59.4.194 - - [01/Mar/2017:02:21:51 +0100] "GET /mobile/whatsapp/utilisateurs/login/ HTTP/1.1" 404 233 "http://liebreich.at/mobile/whatsapp/utilisateurs/login/" "Mozilla/5.0 (Linux; Android 4.0.4; Galaxy Nexus Build/IMM76B) AppleWebKit/535.19 (KHTML, like Gecko) Chrome/18.0.1025.133 Mobile Safari/535.19" "www.liebreich.at"
193.171.202.150 - - [01/Mar/2017:02:22:03 +0100] "GET /mobile/whatsapp/utilisateurs/login/verification/ HTTP/1.1" 404 246 "http://liebreich.at/mobile/whatsapp/utilisateurs/login/verification/" "Mozilla/5.0 (Windows NT 6.1; WOW64; rv:50.0) Gecko/20100101 Firefox/50.0" "www.liebreich.at"
139.59.4.194 - - [01/Mar/2017:02:22:03 +0100] "GET /mobile/whatsapp/utilisateurs/login/verification/ HTTP/1.1" 404 246 "http://liebreich.at/mobile/whatsapp/utilisateurs/login/verification/" "Mozilla/5.0 (Windows NT 6.1; WOW64; rv:50.0) Gecko/20100101 Firefox/50.0" "www.liebreich.at"
104.131.165.123 - - [01/Mar/2017:02:22:03 +0100] "GET /mobile/whatsapp/utilisateurs/login/verification/ HTTP/1.1" 404 246 "http://liebreich.at/mobile/whatsapp/utilisateurs/login/verification/" "Mozilla/5.0 (Windows NT 6.1; WOW64; rv:50.0) Gecko/20100101 Firefox/50.0" "www.liebreich.at"
188.172.220.70 - - [01/Mar/2017:02:22:03 +0100] "GET /mobile/whatsapp/utilisateurs/login/verification/ HTTP/1.0" 404 246 "http://liebreich.at/mobile/whatsapp/utilisateurs/login/verification/" "Mozilla/5.0 (Windows NT 6.1; WOW64; rv:50.0) Gecko/20100101 Firefox/50.0" "www.liebreich.at"
173.254.216.66 - - [01/Mar/2017:02:22:03 +0100] "GET /mobile/whatsapp/utilisateurs/login/verification/ HTTP/1.1" 404 246 "http://liebreich.at/mobile/whatsapp/utilisateurs/login/verification/" "Mozilla/5.0 (Windows NT 6.1; WOW64; rv:50.0) Gecko/20100101 Firefox/50.0" "www.liebreich.at"
104.131.165.123 - - [01/Mar/2017:02:22:05 +0100] "OPTIONS /mobile/whatsapp/utilisateurs/login/verification/ HTTP/1.1" 200 - "http://liebreich.at/mobile/whatsapp/utilisateurs/login/verification/" "Mozilla/5.0 (Macintosh; Intel Mac OS X 10_12_2) AppleWebKit/602.3.12 (KHTML, like Gecko) Version/10.0.2 Safari/602.3.12" "www.liebreich.at"
188.172.220.70 - - [01/Mar/2017:02:22:05 +0100] "GET /mobile/whatsapp/utilisateurs/login/verification/ HTTP/1.0" 404 246 "http://liebreich.at/mobile/whatsapp/utilisateurs/login/verification/" "Mozilla/5.0 (Linux; U; Android 2.2; en-gb; GT-P1000 Build/FROYO) AppleWebKit/533.1 (KHTML, like Gecko) Version/4.0 Mobile Safari/533.1" "www.liebreich.at"
188.172.220.70 - - [01/Mar/2017:02:22:07 +0100] "GET /mobile/whatsapp/ HTTP/1.0" 404 214 "http://liebreich.at/mobile/whatsapp/" "Mozilla/5.0 (Windows NT 6.1; WOW64; rv:50.0) Gecko/20100101 Firefox/50.0" "www.liebreich.at"
139.59.4.194 - - [01/Mar/2017:02:22:07 +0100] "GET /mobile/whatsapp/ HTTP/1.1" 404 214 "http://liebreich.at/mobile/whatsapp/" "Mozilla/5.0 (Windows NT 6.1; WOW64; rv:50.0) Gecko/20100101 Firefox/50.0" "www.liebreich.at"
104.131.157.171 - - [01/Mar/2017:02:22:07 +0100] "GET /mobile/whatsapp/ HTTP/1.1" 404 214 "http://liebreich.at/mobile/whatsapp/" "Mozilla/5.0 (Windows NT 6.1; WOW64; rv:50.0) Gecko/20100101 Firefox/50.0" "www.liebreich.at"
199.249.223.76 - - [01/Mar/2017:02:22:07 +0100] "GET /mobile/whatsapp/ HTTP/1.1" 404 214 "http://liebreich.at/mobile/whatsapp/" "Mozilla/5.0 (Windows NT 6.1; WOW64; rv:50.0) Gecko/20100101 Firefox/50.0" "www.liebreich.at"
193.171.202.150 - - [01/Mar/2017:02:22:09 +0100] "GET /mobile/whatsapp/ HTTP/1.1" 404 214 "http://liebreich.at/mobile/whatsapp/" "Mozilla/5.0 (Windows NT 6.1; WOW64; rv:50.0) Gecko/20100101 Firefox/50.0" "www.liebreich.at"
193.171.202.150 - - [01/Mar/2017:02:22:09 +0100] "OPTIONS /mobile/whatsapp/ HTTP/1.1" 200 - "http://liebreich.at/mobile/whatsapp/" "Mozilla/5.0 (Windows NT 10.0; WOW64; rv:50.0) Gecko/20100101 Firefox/50.0" "www.liebreich.at"
188.172.220.70 - - [01/Mar/2017:02:22:10 +0100] "GET /mobile/whatsapp/ HTTP/1.0" 404 214 "http://liebreich.at/mobile/whatsapp/" "Mozilla/5.0 (Linux; Android 4.0.4; Galaxy Nexus Build/IMM76B) AppleWebKit/535.19 (KHTML, like Gecko) Chrome/18.0.1025.133 Mobile Safari/535.19" "www.liebreich.at"
193.171.202.150 - - [01/Mar/2017:02:25:39 +0100] "GET /mobile/whatsapp/utilisateurs/ HTTP/1.1" 404 227 "http://liebreich.at/mobile/whatsapp/utilisateurs/" "Mozilla/5.0 (Linux; Android 4.0.4; Galaxy Nexus Build/IMM76B) AppleWebKit/535.19 (KHTML, like Gecko) Chrome/18.0.1025.133 Mobile Safari/535.19" "www.liebreich.at"
216.218.222.11 - - [01/Mar/2017:02:25:39 +0100] "GET /mobile/whatsapp/utilisateurs/ HTTP/1.1" 404 227 "http://liebreich.at/mobile/whatsapp/utilisateurs/" "Mozilla/5.0 (Linux; Android 4.0.4; Galaxy Nexus Build/IMM76B) AppleWebKit/535.19 (KHTML, like Gecko) Chrome/18.0.1025.133 Mobile Safari/535.19" "www.liebreich.at"
188.172.220.70 - - [01/Mar/2017:02:25:39 +0100] "GET /mobile/whatsapp/utilisateurs/ HTTP/1.0" 404 227 "http://liebreich.at/mobile/whatsapp/utilisateurs/" "Mozilla/5.0 (Linux; Android 4.0.4; Galaxy Nexus Build/IMM76B) AppleWebKit/535.19 (KHTML, like Gecko) Chrome/18.0.1025.133 Mobile Safari/535.19" "www.liebreich.at"
104.131.165.123 - - [01/Mar/2017:02:25:39 +0100] "GET /mobile/whatsapp/utilisateurs/ HTTP/1.1" 404 227 "http://liebreich.at/mobile/whatsapp/utilisateurs/" "Mozilla/5.0 (Linux; Android 4.0.4; Galaxy Nexus Build/IMM76B) AppleWebKit/535.19 (KHTML, like Gecko) Chrome/18.0.1025.133 Mobile Safari/535.19" "www.liebreich.at"
139.59.4.194 - - [01/Mar/2017:02:25:39 +0100] "GET /mobile/whatsapp/utilisateurs/ HTTP/1.1" 404 227 "http://liebreich.at/mobile/whatsapp/utilisateurs/" "Mozilla/5.0 (Linux; Android 4.0.4; Galaxy Nexus Build/IMM76B) AppleWebKit/535.19 (KHTML, like Gecko) Chrome/18.0.1025.133 Mobile Safari/535.19" "www.liebreich.at"
193.171.202.150 - - [01/Mar/2017:02:25:44 +0100] "GET /mobile/whatsapp/utilisateurs/ HTTP/1.1" 404 227 "http://liebreich.at/mobile/whatsapp/utilisateurs/" "Mozilla/5.0 (Linux; U; Android 2.2; en-gb; GT-P1000 Build/FROYO) AppleWebKit/533.1 (KHTML, like Gecko) Version/4.0 Mobile Safari/533.1" "www.liebreich.at"
139.59.4.194 - - [01/Mar/2017:02:25:44 +0100] "OPTIONS /mobile/whatsapp/utilisateurs/ HTTP/1.1" 200 - "http://liebreich.at/mobile/whatsapp/utilisateurs/" "Mozilla/5.0 (Linux; Android 4.0.4; Galaxy Nexus Build/IMM76B) AppleWebKit/535.19 (KHTML, like Gecko) Chrome/18.0.1025.133 Mobile Safari/535.19" "www.liebreich.at"
193.226.177.45 - - [01/Mar/2017:02:26:56 +0100] "GET /m/whatsapp HTTP/1.1" 404 208 "-" "Mozilla/4.0" "www.liebreich.at"
146.185.223.200 - - [01/Mar/2017:02:29:42 +0100] "GET / HTTP/1.0" 404 - "http://gravatar.com/clozapine100mgvr" "Mozilla/5.0 (Windows NT 5.1; rv:43.0) Gecko/20100101 Firefox/43.0" "www.liebreich.at"
146.185.223.200 - - [01/Mar/2017:02:29:42 +0100] "GET / HTTP/1.0" 404 - "http://gravatar.com/clozapine100mgvr" "Mozilla/5.0 (Windows NT 5.1; rv:43.0) Gecko/20100101 Firefox/43.0" "www.liebreich.at"
146.185.223.200 - - [01/Mar/2017:02:29:42 +0100] "GET / HTTP/1.0" 404 - "http://gravatar.com/clozapine100mgvr" "Mozilla/5.0 (Windows NT 5.1; rv:43.0) Gecko/20100101 Firefox/43.0" "www.liebreich.at"
146.185.223.200 - - [01/Mar/2017:02:29:42 +0100] "GET / HTTP/1.0" 404 - "http://gravatar.com/clozapine100mgvr" "Mozilla/5.0 (Windows NT 5.1; rv:43.0) Gecko/20100101 Firefox/43.0" "www.liebreich.at"
193.226.177.45 - - [01/Mar/2017:02:36:55 +0100] "GET /m/whatsapp HTTP/1.1" 404 208 "-" "Mozilla/4.0" "www.liebreich.at"
146.185.223.200 - - [01/Mar/2017:02:42:36 +0100] "GET / HTTP/1.0" 404 - "http://buynaproxenquickshipping.over-blog.com/2014/04/naproxen-250mg-buy-online.html" "Mozilla/5.0 (Windows NT 10.0; WOW64; rv:43.0) Gecko/20100101 Firefox/43.0" "www.liebreich.at"
146.185.223.200 - - [01/Mar/2017:02:42:36 +0100] "GET / HTTP/1.0" 404 - "http://buynaproxenquickshipping.over-blog.com/2014/04/naproxen-250mg-buy-online.html" "Mozilla/5.0 (Windows NT 10.0; WOW64; rv:43.0) Gecko/20100101 Firefox/43.0" "www.liebreich.at"
146.185.223.200 - - [01/Mar/2017:02:42:36 +0100] "GET / HTTP/1.0" 404 - "http://buynaproxenquickshipping.over-blog.com/2014/04/naproxen-250mg-buy-online.html" "Mozilla/5.0 (Windows NT 10.0; WOW64; rv:43.0) Gecko/20100101 Firefox/43.0" "www.liebreich.at"
146.185.223.200 - - [01/Mar/2017:02:42:36 +0100] "GET / HTTP/1.0" 404 - "http://buynaproxenquickshipping.over-blog.com/2014/04/naproxen-250mg-buy-online.html" "Mozilla/5.0 (Windows NT 10.0; WOW64; rv:43.0) Gecko/20100101 Firefox/43.0" "www.liebreich.at"
144.76.185.46 - - [01/Mar/2017:02:44:06 +0100] "GET /robots.txt HTTP/1.1" 404 208 "-" "Mozilla/5.0 (compatible; MetaJobBot; http://www.metajob.at/crawler)" "www.liebreich.at"
144.76.185.46 - - [01/Mar/2017:02:44:06 +0100] "GET /?Ueber_uns HTTP/1.1" 404 - "-" "Mozilla/5.0 (compatible; MetaJobBot; http://www.metajob.at/crawler)" "www.liebreich.at"
193.226.177.45 - - [01/Mar/2017:02:46:55 +0100] "GET /m/whatsapp HTTP/1.1" 404 208 "-" "Mozilla/4.0" "www.liebreich.at"
5.146.243.106 - - [01/Mar/2017:02:50:11 +0100] "GET /userfiles/images/v_schwimmer2.jpg HTTP/1.1" 404 231 "https://www.google.de/" "Mozilla/5.0 (Windows NT 10.0) AppleWebKit/537.36 (KHTML, like Gecko) Chrome/51.0.2704.79 Safari/537.36 Edge/14.14393" "www.liebreich.at"
5.146.243.106 - - [01/Mar/2017:02:50:25 +0100] "GET /userfiles/images/v_schwimmer2.jpg HTTP/1.1" 404 231 "https://www.google.de/" "Mozilla/5.0 (Windows NT 10.0) AppleWebKit/537.36 (KHTML, like Gecko) Chrome/51.0.2704.79 Safari/537.36 Edge/14.14393" "www.liebreich.at"
5.146.243.106 - - [01/Mar/2017:02:51:21 +0100] "GET /userfiles/images/v_schwimmernadelventil1.jpg HTTP/1.1" 404 242 "https://www.google.de/" "Mozilla/5.0 (Windows NT 10.0) AppleWebKit/537.36 (KHTML, like Gecko) Chrome/51.0.2704.79 Safari/537.36 Edge/14.14393" "www.liebreich.at"
5.146.243.106 - - [01/Mar/2017:02:51:33 +0100] "GET /userfiles/images/v_schwimmernadelventil1.jpg HTTP/1.1" 404 242 "https://www.google.de/" "Mozilla/5.0 (Windows NT 10.0) AppleWebKit/537.36 (KHTML, like Gecko) Chrome/51.0.2704.79 Safari/537.36 Edge/14.14393" "www.liebreich.at"
5.146.243.106 - - [01/Mar/2017:02:51:45 +0100] "GET /userfiles/images/v_duesen.jpg HTTP/1.1" 404 227 "https://www.google.de/" "Mozilla/5.0 (Windows NT 10.0) AppleWebKit/537.36 (KHTML, like Gecko) Chrome/51.0.2704.79 Safari/537.36 Edge/14.14393" "www.liebreich.at"
146.185.223.200 - - [01/Mar/2017:02:55:23 +0100] "GET / HTTP/1.0" 404 - "http://oatriamcinolone.aircus.com" "Mozilla/5.0 (Windows NT 6.3; WOW64) AppleWebKit/537.36 (KHTML, like Gecko) Chrome/47.0.2526.111 Safari/537.36" "www.liebreich.at"
146.185.223.200 - - [01/Mar/2017:02:55:23 +0100] "GET / HTTP/1.0" 404 - "http://oatriamcinolone.aircus.com" "Mozilla/5.0 (Windows NT 6.3; WOW64) AppleWebKit/537.36 (KHTML, like Gecko) Chrome/47.0.2526.111 Safari/537.36" "www.liebreich.at"
146.185.223.200 - - [01/Mar/2017:02:55:23 +0100] "GET / HTTP/1.0" 404 - "http://oatriamcinolone.aircus.com" "Mozilla/5.0 (Windows NT 6.3; WOW64) AppleWebKit/537.36 (KHTML, like Gecko) Chrome/47.0.2526.111 Safari/537.36" "www.liebreich.at"
146.185.223.200 - - [01/Mar/2017:02:55:23 +0100] "GET / HTTP/1.0" 404 - "http://oatriamcinolone.aircus.com" "Mozilla/5.0 (Windows NT 6.3; WOW64) AppleWebKit/537.36 (KHTML, like Gecko) Chrome/47.0.2526.111 Safari/537.36" "www.liebreich.at"
193.226.177.45 - - [01/Mar/2017:02:56:56 +0100] "GET /m/whatsapp HTTP/1.1" 404 208 "-" "Mozilla/4.0" "www.liebreich.at"
193.226.177.45 - - [01/Mar/2017:03:06:55 +0100] "GET /m/whatsapp HTTP/1.1" 404 208 "-" "Mozilla/4.0" "www.liebreich.at"
146.185.223.200 - - [01/Mar/2017:03:08:16 +0100] "GET / HTTP/1.0" 404 - "http://www.nature.com/protocolexchange/labgroups/545853" "Mozilla/5.0 (Windows NT 6.3; WOW64) AppleWebKit/537.36 (KHTML, like Gecko) Chrome/48.0.2564.109 Safari/537.36" "www.liebreich.at"
146.185.223.200 - - [01/Mar/2017:03:08:16 +0100] "GET / HTTP/1.0" 404 - "http://www.nature.com/protocolexchange/labgroups/545853" "Mozilla/5.0 (Windows NT 6.3; WOW64) AppleWebKit/537.36 (KHTML, like Gecko) Chrome/48.0.2564.109 Safari/537.36" "www.liebreich.at"
146.185.223.200 - - [01/Mar/2017:03:08:16 +0100] "GET / HTTP/1.0" 404 - "http://www.nature.com/protocolexchange/labgroups/545853" "Mozilla/5.0 (Windows NT 6.3; WOW64) AppleWebKit/537.36 (KHTML, like Gecko) Chrome/48.0.2564.109 Safari/537.36" "www.liebreich.at"
146.185.223.200 - - [01/Mar/2017:03:08:16 +0100] "GET / HTTP/1.0" 404 - "http://www.nature.com/protocolexchange/labgroups/545853" "Mozilla/5.0 (Windows NT 6.3; WOW64) AppleWebKit/537.36 (KHTML, like Gecko) Chrome/48.0.2564.109 Safari/537.36" "www.liebreich.at"
193.226.177.45 - - [01/Mar/2017:03:16:58 +0100] "GET /m/whatsapp HTTP/1.1" 404 208 "-" "Mozilla/4.0" "www.liebreich.at"
146.185.223.200 - - [01/Mar/2017:03:21:07 +0100] "GET / HTTP/1.0" 404 - "http://gravatar.com/oczetia" "Mozilla/5.0 (Windows NT 6.1) AppleWebKit/537.36 (KHTML, like Gecko) Chrome/47.0.2526.111 Safari/537.36" "www.liebreich.at"
146.185.223.200 - - [01/Mar/2017:03:21:08 +0100] "GET / HTTP/1.0" 404 - "http://gravatar.com/oczetia" "Mozilla/5.0 (Windows NT 6.1) AppleWebKit/537.36 (KHTML, like Gecko) Chrome/47.0.2526.111 Safari/537.36" "www.liebreich.at"
146.185.223.200 - - [01/Mar/2017:03:21:08 +0100] "GET / HTTP/1.0" 404 - "http://gravatar.com/oczetia" "Mozilla/5.0 (Windows NT 6.1) AppleWebKit/537.36 (KHTML, like Gecko) Chrome/47.0.2526.111 Safari/537.36" "www.liebreich.at"
146.185.223.200 - - [01/Mar/2017:03:21:08 +0100] "GET / HTTP/1.0" 404 - "http://gravatar.com/oczetia" "Mozilla/5.0 (Windows NT 6.1) AppleWebKit/537.36 (KHTML, like Gecko) Chrome/47.0.2526.111 Safari/537.36" "www.liebreich.at"
193.226.177.45 - - [01/Mar/2017:03:26:58 +0100] "GET /m/whatsapp HTTP/1.1" 404 208 "-" "Mozilla/4.0" "www.liebreich.at"
146.185.223.200 - - [01/Mar/2017:03:34:02 +0100] "GET / HTTP/1.0" 404 - "http://gravatar.com/vvlithobid" "Mozilla/5.0 (Windows NT 6.1; rv:43.0) Gecko/20100101 Firefox/43.0" "www.liebreich.at"
146.185.223.200 - - [01/Mar/2017:03:34:02 +0100] "GET / HTTP/1.0" 404 - "http://gravatar.com/vvlithobid" "Mozilla/5.0 (Windows NT 6.1; rv:43.0) Gecko/20100101 Firefox/43.0" "www.liebreich.at"
146.185.223.200 - - [01/Mar/2017:03:34:02 +0100] "GET / HTTP/1.0" 404 - "http://gravatar.com/vvlithobid" "Mozilla/5.0 (Windows NT 6.1; rv:43.0) Gecko/20100101 Firefox/43.0" "www.liebreich.at"
146.185.223.200 - - [01/Mar/2017:03:34:02 +0100] "GET / HTTP/1.0" 404 - "http://gravatar.com/vvlithobid" "Mozilla/5.0 (Windows NT 6.1; rv:43.0) Gecko/20100101 Firefox/43.0" "www.liebreich.at"
193.226.177.45 - - [01/Mar/2017:03:36:58 +0100] "GET /m/whatsapp HTTP/1.1" 404 208 "-" "Mozilla/4.0" "www.liebreich.at"
59.88.249.140 - - [01/Mar/2017:03:41:52 +0100] "HEAD /mobile/whatsapp/utilisateurs/login/verification/renewal/ HTTP/1.1" 404 - "-" "curl/7.25.0 (i386-pc-win32) libcurl/7.25.0 OpenSSL/0.9.8u zlib/1.2.6" "www.liebreich.at"
146.185.223.200 - - [01/Mar/2017:03:46:49 +0100] "GET / HTTP/1.0" 404 - "http://www.theknot.com/wedding/albenza-and-guaranteed" "Mozilla/5.0 (Windows NT 6.1; WOW64) AppleWebKit/537.36 (KHTML, like Gecko) Chrome/47.0.2526.111 Safari/537.36" "www.liebreich.at"
146.185.223.200 - - [01/Mar/2017:03:46:49 +0100] "GET / HTTP/1.0" 404 - "http://www.theknot.com/wedding/albenza-and-guaranteed" "Mozilla/5.0 (Windows NT 6.1; WOW64) AppleWebKit/537.36 (KHTML, like Gecko) Chrome/47.0.2526.111 Safari/537.36" "www.liebreich.at"
146.185.223.200 - - [01/Mar/2017:03:46:48 +0100] "GET / HTTP/1.0" 404 - "http://www.theknot.com/wedding/albenza-and-guaranteed" "Mozilla/5.0 (Windows NT 6.1; WOW64) AppleWebKit/537.36 (KHTML, like Gecko) Chrome/47.0.2526.111 Safari/537.36" "www.liebreich.at"
146.185.223.200 - - [01/Mar/2017:03:46:49 +0100] "GET / HTTP/1.0" 404 - "http://www.theknot.com/wedding/albenza-and-guaranteed" "Mozilla/5.0 (Windows NT 6.1; WOW64) AppleWebKit/537.36 (KHTML, like Gecko) Chrome/47.0.2526.111 Safari/537.36" "www.liebreich.at"
193.226.177.45 - - [01/Mar/2017:03:46:57 +0100] "GET /m/whatsapp HTTP/1.1" 404 208 "-" "Mozilla/4.0" "www.liebreich.at"
193.226.177.45 - - [01/Mar/2017:03:56:59 +0100] "GET /m/whatsapp HTTP/1.1" 404 208 "-" "Mozilla/4.0" "www.liebreich.at"
146.185.223.200 - - [01/Mar/2017:03:59:36 +0100] "GET / HTTP/1.0" 404 - "http://dimenhydrinate-50mg-order.over-blog.com/2014/04/order-dimenhydrinate-no-prescription-buy-dimenhydrinate-pharmacy-ireland.html" "Mozilla/5.0 (Windows NT 6.1; WOW64) AppleWebKit/537.36 (KHTML, like Gecko) Chrome/48.0.2564.103 Safari/537.36" "www.liebreich.at"
146.185.223.200 - - [01/Mar/2017:03:59:36 +0100] "GET / HTTP/1.0" 404 - "http://dimenhydrinate-50mg-order.over-blog.com/2014/04/order-dimenhydrinate-no-prescription-buy-dimenhydrinate-pharmacy-ireland.html" "Mozilla/5.0 (Windows NT 6.1; WOW64) AppleWebKit/537.36 (KHTML, like Gecko) Chrome/48.0.2564.103 Safari/537.36" "www.liebreich.at"
146.185.223.200 - - [01/Mar/2017:03:59:35 +0100] "GET / HTTP/1.0" 404 - "http://dimenhydrinate-50mg-order.over-blog.com/2014/04/order-dimenhydrinate-no-prescription-buy-dimenhydrinate-pharmacy-ireland.html" "Mozilla/5.0 (Windows NT 6.1; WOW64) AppleWebKit/537.36 (KHTML, like Gecko) Chrome/48.0.2564.103 Safari/537.36" "www.liebreich.at"
146.185.223.200 - - [01/Mar/2017:03:59:36 +0100] "GET / HTTP/1.0" 404 - "http://dimenhydrinate-50mg-order.over-blog.com/2014/04/order-dimenhydrinate-no-prescription-buy-dimenhydrinate-pharmacy-ireland.html" "Mozilla/5.0 (Windows NT 6.1; WOW64) AppleWebKit/537.36 (KHTML, like Gecko) Chrome/48.0.2564.103 Safari/537.36" "www.liebreich.at"
193.226.177.45 - - [01/Mar/2017:04:07:00 +0100] "GET /m/whatsapp HTTP/1.1" 404 208 "-" "Mozilla/4.0" "www.liebreich.at"
146.185.223.200 - - [01/Mar/2017:04:12:28 +0100] "GET / HTTP/1.0" 404 - "http://www.theknot.com/wedding/price-and-tizanidine" "Mozilla/5.0 (Windows NT 6.1; WOW64) AppleWebKit/537.36 (KHTML, like Gecko) Chrome/47.0.2526.111 Safari/537.36 OPR/34.0.2036.50" "www.liebreich.at"
146.185.223.200 - - [01/Mar/2017:04:12:28 +0100] "GET / HTTP/1.0" 404 - "http://www.theknot.com/wedding/price-and-tizanidine" "Mozilla/5.0 (Windows NT 6.1; WOW64) AppleWebKit/537.36 (KHTML, like Gecko) Chrome/47.0.2526.111 Safari/537.36 OPR/34.0.2036.50" "www.liebreich.at"
146.185.223.200 - - [01/Mar/2017:04:12:28 +0100] "GET / HTTP/1.0" 404 - "http://www.theknot.com/wedding/price-and-tizanidine" "Mozilla/5.0 (Windows NT 6.1; WOW64) AppleWebKit/537.36 (KHTML, like Gecko) Chrome/47.0.2526.111 Safari/537.36 OPR/34.0.2036.50" "www.liebreich.at"
146.185.223.200 - - [01/Mar/2017:04:12:29 +0100] "GET / HTTP/1.0" 404 - "http://www.theknot.com/wedding/price-and-tizanidine" "Mozilla/5.0 (Windows NT 6.1; WOW64) AppleWebKit/537.36 (KHTML, like Gecko) Chrome/47.0.2526.111 Safari/537.36 OPR/34.0.2036.50" "www.liebreich.at"
193.226.177.45 - - [01/Mar/2017:04:17:00 +0100] "GET /m/whatsapp HTTP/1.1" 404 208 "-" "Mozilla/4.0" "www.liebreich.at"
146.185.223.200 - - [01/Mar/2017:04:25:17 +0100] "GET / HTTP/1.0" 404 - "http://gravatar.com/famciclovir250mgt0" "Mozilla/5.0 (Windows NT 6.3; WOW64) AppleWebKit/537.36 (KHTML, like Gecko) Chrome/48.0.2564.97 Safari/537.36" "www.liebreich.at"
146.185.223.200 - - [01/Mar/2017:04:25:17 +0100] "GET / HTTP/1.0" 404 - "http://gravatar.com/famciclovir250mgt0" "Mozilla/5.0 (Windows NT 6.3; WOW64) AppleWebKit/537.36 (KHTML, like Gecko) Chrome/48.0.2564.97 Safari/537.36" "www.liebreich.at"
146.185.223.200 - - [01/Mar/2017:04:25:17 +0100] "GET / HTTP/1.0" 404 - "http://gravatar.com/famciclovir250mgt0" "Mozilla/5.0 (Windows NT 6.3; WOW64) AppleWebKit/537.36 (KHTML, like Gecko) Chrome/48.0.2564.97 Safari/537.36" "www.liebreich.at"
146.185.223.200 - - [01/Mar/2017:04:25:17 +0100] "GET / HTTP/1.0" 404 - "http://gravatar.com/famciclovir250mgt0" "Mozilla/5.0 (Windows NT 6.3; WOW64) AppleWebKit/537.36 (KHTML, like Gecko) Chrome/48.0.2564.97 Safari/537.36" "www.liebreich.at"
193.226.177.45 - - [01/Mar/2017:04:27:00 +0100] "GET /m/whatsapp HTTP/1.1" 404 208 "-" "Mozilla/4.0" "www.liebreich.at"
68.180.230.186 - - [01/Mar/2017:04:32:19 +0100] "GET /?Fotografie HTTP/1.1" 404 - "-" "Mozilla/5.0 (compatible; Yahoo! Slurp; http://help.yahoo.com/help/us/ysearch/slurp)" "www.liebreich.at"
146.185.223.200 - - [01/Mar/2017:04:38:04 +0100] "GET / HTTP/1.0" 404 - "http://gravatar.com/ipfairialenpartsmar" "Mozilla/5.0 (Windows NT 6.3; WOW64) AppleWebKit/537.36 (KHTML, like Gecko) Chrome/48.0.2564.97 Safari/537.36" "www.liebreich.at"
146.185.223.200 - - [01/Mar/2017:04:38:04 +0100] "GET / HTTP/1.0" 404 - "http://gravatar.com/ipfairialenpartsmar" "Mozilla/5.0 (Windows NT 6.3; WOW64) AppleWebKit/537.36 (KHTML, like Gecko) Chrome/48.0.2564.97 Safari/537.36" "www.liebreich.at"
146.185.223.200 - - [01/Mar/2017:04:38:04 +0100] "GET / HTTP/1.0" 404 - "http://gravatar.com/ipfairialenpartsmar" "Mozilla/5.0 (Windows NT 6.3; WOW64) AppleWebKit/537.36 (KHTML, like Gecko) Chrome/48.0.2564.97 Safari/537.36" "www.liebreich.at"
146.185.223.200 - - [01/Mar/2017:04:38:04 +0100] "GET / HTTP/1.0" 404 - "http://gravatar.com/ipfairialenpartsmar" "Mozilla/5.0 (Windows NT 6.3; WOW64) AppleWebKit/537.36 (KHTML, like Gecko) Chrome/48.0.2564.97 Safari/537.36" "www.liebreich.at"
213.81.140.52 - - [01/Mar/2017:04:49:51 +0100] "GET /m/whatsapp HTTP/1.1" 404 208 "http://www.google.sk/url?sa=t&rct=j&q=&esrc=s&source=web&cd=1&ved=0CCEQFjAA&url=http%3A%2F%2Fliebreich.at%2Fm%2Fwhatsapp&ei=Jy0lbli4G3AWCQG1LtdJ&usg=8LJgnSepxSnOD4E5b9B-Wvw04wSq99dfsA" "Mozilla/4.0 (compatible; MSIE 7.0; Windows NT 6.1; WOW64; Trident/5.0)" "www.liebreich.at"
213.81.140.52 - - [01/Mar/2017:04:49:51 +0100] "GET /m/whatsapp HTTP/1.1" 404 208 "http://www.google.sk/url?sa=t&rct=j&q=&esrc=s&source=web&cd=1&ved=0CCEQFjAA&url=http%3A%2F%2Fliebreich.at%2Fm%2Fwhatsapp&ei=Mp2OogMuodDTyojkW36f&usg=CpSRexzhmZsxLg42wCH-hcEs5a5fUxFRyF" "Mozilla/5.0 (Windows NT 6.1; WOW64) AppleWebKit/537.36 (KHTML, like Gecko) Chrome/27.0.1453.116 Safari/537.36" "www.liebreich.at"
213.81.140.52 - - [01/Mar/2017:04:50:08 +0100] "GET /m/whatsapp HTTP/1.1" 404 208 "http://www.google.sk/url?sa=t&rct=j&q=&esrc=s&source=web&cd=1&ved=0CCEQFjAA&url=http%3A%2F%2Fliebreich.at%2Fm%2Fwhatsapp&ei=PIizxWZRZDLh7zstkJ7A&usg=iLiA1Qb4rPHglihbXgm-jylCk2e8OibQpB" "Mozilla/5.0 (Windows NT 6.1; WOW64) AppleWebKit/537.36 (KHTML, like Gecko) Chrome/27.0.1453.116 Safari/537.36" "www.liebreich.at"
146.185.223.200 - - [01/Mar/2017:04:50:53 +0100] "GET / HTTP/1.0" 404 - "http://www.nature.com/protocolexchange/labgroups/553257" "Mozilla/5.0 (Windows NT 6.1; WOW64; rv:44.0) Gecko/20100101 Firefox/44.0" "www.liebreich.at"
146.185.223.200 - - [01/Mar/2017:04:50:53 +0100] "GET / HTTP/1.0" 404 - "http://www.nature.com/protocolexchange/labgroups/553257" "Mozilla/5.0 (Windows NT 6.1; WOW64; rv:44.0) Gecko/20100101 Firefox/44.0" "www.liebreich.at"
146.185.223.200 - - [01/Mar/2017:04:50:53 +0100] "GET / HTTP/1.0" 404 - "http://www.nature.com/protocolexchange/labgroups/553257" "Mozilla/5.0 (Windows NT 6.1; WOW64; rv:44.0) Gecko/20100101 Firefox/44.0" "www.liebreich.at"
146.185.223.200 - - [01/Mar/2017:04:50:54 +0100] "GET / HTTP/1.0" 404 - "http://www.nature.com/protocolexchange/labgroups/553257" "Mozilla/5.0 (Windows NT 6.1; WOW64; rv:44.0) Gecko/20100101 Firefox/44.0" "www.liebreich.at"
213.81.140.52 - - [01/Mar/2017:04:51:43 +0100] "GET /m/whatsapp HTTP/1.1" 404 208 "http://www.google.sk/url?sa=t&rct=j&q=&esrc=s&source=web&cd=1&ved=0CCEQFjAA&url=http%3A%2F%2Fliebreich.at%2Fm%2Fwhatsapp&ei=1GnzT6ZFTXDVIsP5O2tU&usg=baYibHTcD1gbdU8mOBp-PsGoEaKCzZBWpa" "Mozilla/5.0 (compatible; MSIE 9.0; Windows NT 6.1; Win64; x64; Trident/5.0)" "www.liebreich.at"
146.185.223.200 - - [01/Mar/2017:05:03:47 +0100] "GET / HTTP/1.0" 404 - "http://www.theknot.com/wedding/without-and-avana" "Mozilla/5.0 (Windows NT 6.1; WOW64) AppleWebKit/537.36 (KHTML, like Gecko) Chrome/48.0.2564.109 Safari/537.36" "www.liebreich.at"
146.185.223.200 - - [01/Mar/2017:05:03:47 +0100] "GET / HTTP/1.0" 404 - "http://www.theknot.com/wedding/without-and-avana" "Mozilla/5.0 (Windows NT 6.1; WOW64) AppleWebKit/537.36 (KHTML, like Gecko) Chrome/48.0.2564.109 Safari/537.36" "www.liebreich.at"
146.185.223.200 - - [01/Mar/2017:05:03:47 +0100] "GET / HTTP/1.0" 404 - "http://www.theknot.com/wedding/without-and-avana" "Mozilla/5.0 (Windows NT 6.1; WOW64) AppleWebKit/537.36 (KHTML, like Gecko) Chrome/48.0.2564.109 Safari/537.36" "www.liebreich.at"
146.185.223.200 - - [01/Mar/2017:05:03:48 +0100] "GET / HTTP/1.0" 404 - "http://www.theknot.com/wedding/without-and-avana" "Mozilla/5.0 (Windows NT 6.1; WOW64) AppleWebKit/537.36 (KHTML, like Gecko) Chrome/48.0.2564.109 Safari/537.36" "www.liebreich.at"
146.185.223.200 - - [01/Mar/2017:05:16:35 +0100] "GET / HTTP/1.0" 404 - "http://gravatar.com/w8eniacin" "Mozilla/5.0 (Windows NT 6.1; WOW64) AppleWebKit/537.36 (KHTML, like Gecko) Chrome/48.0.2564.103 Safari/537.36" "www.liebreich.at"
146.185.223.200 - - [01/Mar/2017:05:16:35 +0100] "GET / HTTP/1.0" 404 - "http://gravatar.com/w8eniacin" "Mozilla/5.0 (Windows NT 6.1; WOW64) AppleWebKit/537.36 (KHTML, like Gecko) Chrome/48.0.2564.103 Safari/537.36" "www.liebreich.at"
146.185.223.200 - - [01/Mar/2017:05:16:35 +0100] "GET / HTTP/1.0" 404 - "http://gravatar.com/w8eniacin" "Mozilla/5.0 (Windows NT 6.1; WOW64) AppleWebKit/537.36 (KHTML, like Gecko) Chrome/48.0.2564.103 Safari/537.36" "www.liebreich.at"
146.185.223.200 - - [01/Mar/2017:05:16:35 +0100] "GET / HTTP/1.0" 404 - "http://gravatar.com/w8eniacin" "Mozilla/5.0 (Windows NT 6.1; WOW64) AppleWebKit/537.36 (KHTML, like Gecko) Chrome/48.0.2564.103 Safari/537.36" "www.liebreich.at"
146.185.223.200 - - [01/Mar/2017:05:29:24 +0100] "GET / HTTP/1.0" 404 - "http://www.purevolume.com/purchasedesvenlafaxine50mgnorx" "Mozilla/5.0 (Windows NT 6.3; WOW64) AppleWebKit/537.36 (KHTML, like Gecko) Chrome/48.0.2564.109 Safari/537.36" "www.liebreich.at"
146.185.223.200 - - [01/Mar/2017:05:29:24 +0100] "GET / HTTP/1.0" 404 - "http://www.purevolume.com/purchasedesvenlafaxine50mgnorx" "Mozilla/5.0 (Windows NT 6.3; WOW64) AppleWebKit/537.36 (KHTML, like Gecko) Chrome/48.0.2564.109 Safari/537.36" "www.liebreich.at"
146.185.223.200 - - [01/Mar/2017:05:29:24 +0100] "GET / HTTP/1.0" 404 - "http://www.purevolume.com/purchasedesvenlafaxine50mgnorx" "Mozilla/5.0 (Windows NT 6.3; WOW64) AppleWebKit/537.36 (KHTML, like Gecko) Chrome/48.0.2564.109 Safari/537.36" "www.liebreich.at"
146.185.223.200 - - [01/Mar/2017:05:29:24 +0100] "GET / HTTP/1.0" 404 - "http://www.purevolume.com/purchasedesvenlafaxine50mgnorx" "Mozilla/5.0 (Windows NT 6.3; WOW64) AppleWebKit/537.36 (KHTML, like Gecko) Chrome/48.0.2564.109 Safari/537.36" "www.liebreich.at"
178.24.23.28 - - [01/Mar/2017:05:37:06 +0100] "GET /m/whatsapp HTTP/1.1" 404 208 "http://www.google.com/" "Mozilla/4.0 (compatible; MSIE 8.0; Windows NT 5.1; en-GB)" "www.liebreich.at"
146.185.223.200 - - [01/Mar/2017:05:42:06 +0100] "GET / HTTP/1.0" 404 - "http://dutasterideqdn.aircus.com" "Mozilla/5.0 (Windows NT 6.1; WOW64) AppleWebKit/537.36 (KHTML, like Gecko) Chrome/47.0.2526.111 YaBrowser/16.2.0.3539 Safari/537.36" "www.liebreich.at"
146.185.223.200 - - [01/Mar/2017:05:42:06 +0100] "GET / HTTP/1.0" 404 - "http://dutasterideqdn.aircus.com" "Mozilla/5.0 (Windows NT 6.1; WOW64) AppleWebKit/537.36 (KHTML, like Gecko) Chrome/47.0.2526.111 YaBrowser/16.2.0.3539 Safari/537.36" "www.liebreich.at"
146.185.223.200 - - [01/Mar/2017:05:42:06 +0100] "GET / HTTP/1.0" 404 - "http://dutasterideqdn.aircus.com" "Mozilla/5.0 (Windows NT 6.1; WOW64) AppleWebKit/537.36 (KHTML, like Gecko) Chrome/47.0.2526.111 YaBrowser/16.2.0.3539 Safari/537.36" "www.liebreich.at"
