157.55.39.105 - - [03/Mar/2017:03:34:13 +0100] "GET /?Motorrad_%2B_Auto___Werkstatt HTTP/1.1" 404 - "-" "Mozilla/5.0 (compatible; bingbot/2.0; +http://www.bing.com/bingbot.htm)" "www.liebreich.at"
157.55.39.105 - - [03/Mar/2017:03:34:13 +0100] "GET /?Willkommen&login HTTP/1.1" 404 - "-" "Mozilla/5.0 (compatible; bingbot/2.0; +http://www.bing.com/bingbot.htm)" "www.liebreich.at"
157.55.39.105 - - [03/Mar/2017:03:34:13 +0100] "GET /?Motorrad_%2B_Auto___Fazer_1000 HTTP/1.1" 404 - "-" "Mozilla/5.0 (compatible; bingbot/2.0; +http://www.bing.com/bingbot.htm)" "www.liebreich.at"
157.55.39.105 - - [03/Mar/2017:03:34:13 +0100] "GET /?Motorrad_%2B_Auto___KTM_400_EXC HTTP/1.1" 404 - "-" "Mozilla/5.0 (compatible; bingbot/2.0; +http://www.bing.com/bingbot.htm)" "www.liebreich.at"
157.55.39.105 - - [03/Mar/2017:03:34:14 +0100] "GET /albums/hermagor_05_2006/slides/dsc_1802.html HTTP/1.1" 404 242 "-" "Mozilla/5.0 (compatible; bingbot/2.0; +http://www.bing.com/bingbot.htm)" "www.liebreich.at"
157.55.39.105 - - [03/Mar/2017:03:34:14 +0100] "GET /?Ueber_uns&login HTTP/1.1" 404 - "-" "Mozilla/5.0 (compatible; bingbot/2.0; +http://www.bing.com/bingbot.htm)" "www.liebreich.at"
157.55.39.105 - - [03/Mar/2017:03:34:14 +0100] "GET /albums/hermagor_05_2006/slides/dsc_1599.html HTTP/1.1" 404 242 "-" "Mozilla/5.0 (compatible; bingbot/2.0; +http://www.bing.com/bingbot.htm)" "www.liebreich.at"
157.55.39.105 - - [03/Mar/2017:03:34:14 +0100] "GET /albums/hermagor_05_2006/slides/dsc_1795.html HTTP/1.1" 404 242 "-" "Mozilla/5.0 (compatible; bingbot/2.0; +http://www.bing.com/bingbot.htm)" "www.liebreich.at"
157.55.39.105 - - [03/Mar/2017:03:34:14 +0100] "GET /albums/hermagor_05_2006/slides/dsc_1683.html HTTP/1.1" 404 242 "-" "Mozilla/5.0 (compatible; bingbot/2.0; +http://www.bing.com/bingbot.htm)" "www.liebreich.at"
157.55.39.105 - - [03/Mar/2017:03:34:14 +0100] "GET /albums/hermagor_05_2006/slides/dsc_1652.html HTTP/1.1" 404 242 "-" "Mozilla/5.0 (compatible; bingbot/2.0; +http://www.bing.com/bingbot.htm)" "www.liebreich.at"
157.55.39.105 - - [03/Mar/2017:03:34:15 +0100] "GET /albums/hermagor_05_2006/slides/dsc_1781.html HTTP/1.1" 404 242 "-" "Mozilla/5.0 (compatible; bingbot/2.0; +http://www.bing.com/bingbot.htm)" "www.liebreich.at"
157.55.39.105 - - [03/Mar/2017:03:34:15 +0100] "GET /albums/hermagor_05_2006/slides/dsc_1690.html HTTP/1.1" 404 242 "-" "Mozilla/5.0 (compatible; bingbot/2.0; +http://www.bing.com/bingbot.htm)" "www.liebreich.at"
193.226.177.45 - - [03/Mar/2017:03:35:40 +0100] "GET /m/whatsapp HTTP/1.1" 404 208 "-" "Mozilla/4.0" "www.liebreich.at"
207.46.13.253 - - [03/Mar/2017:03:35:43 +0100] "GET /robots.txt HTTP/1.1" 404 208 "-" "Mozilla/5.0 (compatible; bingbot/2.0; +http://www.bing.com/bingbot.htm)" "www.liebreich.at"
157.55.39.105 - - [03/Mar/2017:03:35:48 +0100] "GET /?Motorrad:TDM_850 HTTP/1.1" 404 - "-" "msnbot-media/1.1 (+http://search.msn.com/msnbot.htm)" "www.liebreich.at"
193.226.177.45 - - [03/Mar/2017:03:37:22 +0100] "GET /m/whatsapp HTTP/1.1" 404 208 "-" "Mozilla/4.0" "www.liebreich.at"
146.185.223.200 - - [03/Mar/2017:03:43:10 +0100] "GET / HTTP/1.0" 404 - "http://www.theknot.com/wedding/oxcarbazepine-and-no" "Mozilla/5.0 (Windows NT 10.0; WOW64) AppleWebKit/537.36 (KHTML, like Gecko) Chrome/48.0.2564.116 Safari/537.36" "www.liebreich.at"
146.185.223.200 - - [03/Mar/2017:03:43:10 +0100] "GET / HTTP/1.0" 404 - "http://www.theknot.com/wedding/oxcarbazepine-and-no" "Mozilla/5.0 (Windows NT 10.0; WOW64) AppleWebKit/537.36 (KHTML, like Gecko) Chrome/48.0.2564.116 Safari/537.36" "www.liebreich.at"
146.185.223.200 - - [03/Mar/2017:03:43:10 +0100] "GET / HTTP/1.0" 404 - "http://www.theknot.com/wedding/oxcarbazepine-and-no" "Mozilla/5.0 (Windows NT 10.0; WOW64) AppleWebKit/537.36 (KHTML, like Gecko) Chrome/48.0.2564.116 Safari/537.36" "www.liebreich.at"
146.185.223.200 - - [03/Mar/2017:03:43:11 +0100] "GET / HTTP/1.0" 404 - "http://www.theknot.com/wedding/oxcarbazepine-and-no" "Mozilla/5.0 (Windows NT 10.0; WOW64) AppleWebKit/537.36 (KHTML, like Gecko) Chrome/48.0.2564.116 Safari/537.36" "www.liebreich.at"
213.81.140.52 - - [03/Mar/2017:03:52:49 +0100] "GET /m/whatsapp HTTP/1.1" 404 208 "http://www.google.sk/url?sa=t&rct=j&q=&esrc=s&source=web&cd=1&ved=0CCEQFjAA&url=http%3A%2F%2Fliebreich.at%2Fm%2Fwhatsapp&ei=shhAjNC3IEI3fZF1WVpE&usg=Fjosxbyf4e78jYn6TaS-o6diSdiGW8dF1O" "Mozilla/5.0 (Windows NT 6.1; WOW64; rv:19.0) Gecko/20100101 Firefox/19.0" "www.liebreich.at"
213.81.140.52 - - [03/Mar/2017:03:52:49 +0100] "GET /m/whatsapp HTTP/1.1" 404 208 "http://www.google.sk/url?sa=t&rct=j&q=&esrc=s&source=web&cd=1&ved=0CCEQFjAA&url=http%3A%2F%2Fliebreich.at%2Fm%2Fwhatsapp&ei=UGT7r1ZUReM9M7zA1QCb&usg=hD49363qygCRyIwCu51-xxabQBVJrkkJtZ" "Mozilla/4.0 (compatible; MSIE 8.0; Windows NT 6.1; Win64; x64; Trident/5.0)" "www.liebreich.at"
213.81.140.52 - - [03/Mar/2017:03:52:51 +0100] "GET /m/whatsapp HTTP/1.1" 404 208 "http://www.google.sk/url?sa=t&rct=j&q=&esrc=s&source=web&cd=1&ved=0CCEQFjAA&url=http%3A%2F%2Fliebreich.at%2Fm%2Fwhatsapp&ei=XKYl5ME1A2vftKthH8xv&usg=QEj8pu7EZdVx7jxkJVW-M2CIkosc0tJIOf" "Mozilla/4.0 (compatible; MSIE 7.0; Windows NT 6.1; Win64; x64; Trident/5.0)" "www.liebreich.at"
146.185.223.200 - - [03/Mar/2017:03:55:50 +0100] "GET / HTTP/1.0" 404 - "http://www.nature.com/protocolexchange/labgroups/605381" "Mozilla/5.0 (Windows NT 5.1; rv:43.0) Gecko/20100101 Firefox/43.0" "www.liebreich.at"
146.185.223.200 - - [03/Mar/2017:03:55:50 +0100] "GET / HTTP/1.0" 404 - "http://www.nature.com/protocolexchange/labgroups/605381" "Mozilla/5.0 (Windows NT 5.1; rv:43.0) Gecko/20100101 Firefox/43.0" "www.liebreich.at"
146.185.223.200 - - [03/Mar/2017:03:55:50 +0100] "GET / HTTP/1.0" 404 - "http://www.nature.com/protocolexchange/labgroups/605381" "Mozilla/5.0 (Windows NT 5.1; rv:43.0) Gecko/20100101 Firefox/43.0" "www.liebreich.at"
146.185.223.200 - - [03/Mar/2017:03:55:51 +0100] "GET / HTTP/1.0" 404 - "http://www.nature.com/protocolexchange/labgroups/605381" "Mozilla/5.0 (Windows NT 5.1; rv:43.0) Gecko/20100101 Firefox/43.0" "www.liebreich.at"
87.236.194.114 - - [03/Mar/2017:03:59:00 +0100] "GET / HTTP/1.1" 404 - "http://burger-imperia.com/" "Mozilla/5.0 (X11; Linux x86_64) AppleWebKit/537.36 (KHTML, like Gecko) Chrome/37.0.2062.120 Safari/537.36" "www.liebreich.at"
146.185.223.200 - - [03/Mar/2017:04:08:31 +0100] "GET / HTTP/1.0" 404 - "http://gravatar.com/indapamide3a" "Mozilla/5.0 (Windows NT 10.0; WOW64) AppleWebKit/537.36 (KHTML, like Gecko) Chrome/48.0.2564.103 Safari/537.36" "www.liebreich.at"
180.76.15.5 - - [03/Mar/2017:04:05:06 +0100] "GET /realblog_rss_feed.xml HTTP/1.1" 404 219 "-" "Mozilla/5.0 (compatible; Baiduspider/2.0; +http://www.baidu.com/search/spider.html)" "www.liebreich.at"
146.185.223.200 - - [03/Mar/2017:04:08:31 +0100] "GET / HTTP/1.0" 404 - "http://gravatar.com/indapamide3a" "Mozilla/5.0 (Windows NT 10.0; WOW64) AppleWebKit/537.36 (KHTML, like Gecko) Chrome/48.0.2564.103 Safari/537.36" "www.liebreich.at"
146.185.223.200 - - [03/Mar/2017:04:08:31 +0100] "GET / HTTP/1.0" 404 - "http://gravatar.com/indapamide3a" "Mozilla/5.0 (Windows NT 10.0; WOW64) AppleWebKit/537.36 (KHTML, like Gecko) Chrome/48.0.2564.103 Safari/537.36" "www.liebreich.at"
54.153.19.189 - - [03/Mar/2017:04:15:45 +0100] "HEAD /m HTTP/1.1" 404 - "-" "Mozilla/5.0 (compatible, MSIE 11, Windows NT 6.3; Trident/7.0; rv:11.0) like Gecko" "www.liebreich.at"
146.185.223.200 - - [03/Mar/2017:04:08:31 +0100] "GET / HTTP/1.0" 404 - "http://gravatar.com/indapamide3a" "Mozilla/5.0 (Windows NT 10.0; WOW64) AppleWebKit/537.36 (KHTML, like Gecko) Chrome/48.0.2564.103 Safari/537.36" "www.liebreich.at"
146.185.223.200 - - [03/Mar/2017:04:21:14 +0100] "GET / HTTP/1.0" 404 - "http://gravatar.com/ondansetron8mgcomprarenviourgente" "Mozilla/5.0 (Windows NT 6.3; WOW64) AppleWebKit/537.36 (KHTML, like Gecko) Chrome/48.0.2564.109 Safari/537.36" "www.liebreich.at"
146.185.223.200 - - [03/Mar/2017:04:21:14 +0100] "GET / HTTP/1.0" 404 - "http://gravatar.com/ondansetron8mgcomprarenviourgente" "Mozilla/5.0 (Windows NT 6.3; WOW64) AppleWebKit/537.36 (KHTML, like Gecko) Chrome/48.0.2564.109 Safari/537.36" "www.liebreich.at"
146.185.223.200 - - [03/Mar/2017:04:21:14 +0100] "GET / HTTP/1.0" 404 - "http://gravatar.com/ondansetron8mgcomprarenviourgente" "Mozilla/5.0 (Windows NT 6.3; WOW64) AppleWebKit/537.36 (KHTML, like Gecko) Chrome/48.0.2564.109 Safari/537.36" "www.liebreich.at"
146.185.223.200 - - [03/Mar/2017:04:21:14 +0100] "GET / HTTP/1.0" 404 - "http://gravatar.com/ondansetron8mgcomprarenviourgente" "Mozilla/5.0 (Windows NT 6.3; WOW64) AppleWebKit/537.36 (KHTML, like Gecko) Chrome/48.0.2564.109 Safari/537.36" "www.liebreich.at"
193.226.177.45 - - [03/Mar/2017:04:22:23 +0100] "GET /m/whatsapp HTTP/1.1" 404 208 "-" "Mozilla/4.0" "www.liebreich.at"
193.226.177.45 - - [03/Mar/2017:04:23:27 +0100] "GET /m/whatsapp HTTP/1.1" 404 208 "-" "Mozilla/4.0" "www.liebreich.at"
193.226.177.45 - - [03/Mar/2017:04:26:58 +0100] "GET /m/whatsapp HTTP/1.1" 404 208 "-" "Mozilla/4.0" "www.liebreich.at"
146.185.223.200 - - [03/Mar/2017:04:33:56 +0100] "GET / HTTP/1.0" 404 - "http://www.theknot.com/wedding/galantamine-and-price" "Mozilla/5.0 (Windows NT 6.1; WOW64) AppleWebKit/537.36 (KHTML, like Gecko) Chrome/48.0.2564.109 Safari/537.36" "www.liebreich.at"
146.185.223.200 - - [03/Mar/2017:04:33:56 +0100] "GET / HTTP/1.0" 404 - "http://www.theknot.com/wedding/galantamine-and-price" "Mozilla/5.0 (Windows NT 6.1; WOW64) AppleWebKit/537.36 (KHTML, like Gecko) Chrome/48.0.2564.109 Safari/537.36" "www.liebreich.at"
146.185.223.200 - - [03/Mar/2017:04:33:57 +0100] "GET / HTTP/1.0" 404 - "http://www.theknot.com/wedding/galantamine-and-price" "Mozilla/5.0 (Windows NT 6.1; WOW64) AppleWebKit/537.36 (KHTML, like Gecko) Chrome/48.0.2564.109 Safari/537.36" "www.liebreich.at"
146.185.223.200 - - [03/Mar/2017:04:33:57 +0100] "GET / HTTP/1.0" 404 - "http://www.theknot.com/wedding/galantamine-and-price" "Mozilla/5.0 (Windows NT 6.1; WOW64) AppleWebKit/537.36 (KHTML, like Gecko) Chrome/48.0.2564.109 Safari/537.36" "www.liebreich.at"
146.185.223.200 - - [03/Mar/2017:04:46:37 +0100] "GET / HTTP/1.0" 404 - "http://4raripiprazole20mg.aircus.com" "Mozilla/5.0 (Windows NT 6.1) AppleWebKit/537.36 (KHTML, like Gecko) Chrome/48.0.2564.109 Safari/537.36" "www.liebreich.at"
146.185.223.200 - - [03/Mar/2017:04:46:37 +0100] "GET / HTTP/1.0" 404 - "http://4raripiprazole20mg.aircus.com" "Mozilla/5.0 (Windows NT 6.1) AppleWebKit/537.36 (KHTML, like Gecko) Chrome/48.0.2564.109 Safari/537.36" "www.liebreich.at"
146.185.223.200 - - [03/Mar/2017:04:46:38 +0100] "GET / HTTP/1.0" 404 - "http://4raripiprazole20mg.aircus.com" "Mozilla/5.0 (Windows NT 6.1) AppleWebKit/537.36 (KHTML, like Gecko) Chrome/48.0.2564.109 Safari/537.36" "www.liebreich.at"
146.185.223.200 - - [03/Mar/2017:04:46:38 +0100] "GET / HTTP/1.0" 404 - "http://4raripiprazole20mg.aircus.com" "Mozilla/5.0 (Windows NT 6.1) AppleWebKit/537.36 (KHTML, like Gecko) Chrome/48.0.2564.109 Safari/537.36" "www.liebreich.at"
146.185.223.200 - - [03/Mar/2017:04:59:15 +0100] "GET / HTTP/1.0" 404 - "http://www.theknot.com/wedding/low-and-bupropion" "Mozilla/5.0 (Windows NT 10.0; WOW64) AppleWebKit/537.36 (KHTML, like Gecko) Chrome/47.0.2526.111 Safari/537.36" "www.liebreich.at"
146.185.223.200 - - [03/Mar/2017:04:59:15 +0100] "GET / HTTP/1.0" 404 - "http://www.theknot.com/wedding/low-and-bupropion" "Mozilla/5.0 (Windows NT 10.0; WOW64) AppleWebKit/537.36 (KHTML, like Gecko) Chrome/47.0.2526.111 Safari/537.36" "www.liebreich.at"
146.185.223.200 - - [03/Mar/2017:04:59:15 +0100] "GET / HTTP/1.0" 404 - "http://www.theknot.com/wedding/low-and-bupropion" "Mozilla/5.0 (Windows NT 10.0; WOW64) AppleWebKit/537.36 (KHTML, like Gecko) Chrome/47.0.2526.111 Safari/537.36" "www.liebreich.at"
146.185.223.200 - - [03/Mar/2017:04:59:15 +0100] "GET / HTTP/1.0" 404 - "http://www.theknot.com/wedding/low-and-bupropion" "Mozilla/5.0 (Windows NT 10.0; WOW64) AppleWebKit/537.36 (KHTML, like Gecko) Chrome/47.0.2526.111 Safari/537.36" "www.liebreich.at"
193.226.177.45 - - [03/Mar/2017:05:03:35 +0100] "GET /m/whatsapp HTTP/1.1" 404 208 "-" "Mozilla/4.0" "www.liebreich.at"
193.226.177.45 - - [03/Mar/2017:05:03:48 +0100] "GET /m/whatsapp HTTP/1.1" 404 208 "-" "Mozilla/4.0" "www.liebreich.at"
146.185.223.200 - - [03/Mar/2017:05:11:54 +0100] "GET / HTTP/1.0" 404 - "http://gravatar.com/0tlosartan50mg" "Mozilla/5.0 (Windows NT 6.1; WOW64) AppleWebKit/537.36 (KHTML, like Gecko) Chrome/46.0.2490.86 YaBrowser/15.12.1.6475 Safari/537.36" "www.liebreich.at"
146.185.223.200 - - [03/Mar/2017:05:11:54 +0100] "GET / HTTP/1.0" 404 - "http://gravatar.com/0tlosartan50mg" "Mozilla/5.0 (Windows NT 6.1; WOW64) AppleWebKit/537.36 (KHTML, like Gecko) Chrome/46.0.2490.86 YaBrowser/15.12.1.6475 Safari/537.36" "www.liebreich.at"
146.185.223.200 - - [03/Mar/2017:05:11:54 +0100] "GET / HTTP/1.0" 404 - "http://gravatar.com/0tlosartan50mg" "Mozilla/5.0 (Windows NT 6.1; WOW64) AppleWebKit/537.36 (KHTML, like Gecko) Chrome/46.0.2490.86 YaBrowser/15.12.1.6475 Safari/537.36" "www.liebreich.at"
146.185.223.200 - - [03/Mar/2017:05:11:55 +0100] "GET / HTTP/1.0" 404 - "http://gravatar.com/0tlosartan50mg" "Mozilla/5.0 (Windows NT 6.1; WOW64) AppleWebKit/537.36 (KHTML, like Gecko) Chrome/46.0.2490.86 YaBrowser/15.12.1.6475 Safari/537.36" "www.liebreich.at"
213.81.140.54 - - [03/Mar/2017:05:16:21 +0100] "GET /m/whatsapp HTTP/1.1" 404 208 "http://www.google.sk/url?sa=t&rct=j&q=&esrc=s&source=web&cd=1&ved=0CCEQFjAA&url=http%3A%2F%2Fliebreich.at%2Fm%2Fwhatsapp&ei=qiUUkMXxW21aRUXNntRP&usg=hkkOmIVmzCDqHdB1seo-dig3l0NXgBnJza" "Mozilla/5.0 (Windows NT 6.1; WOW64; rv:20.0) Gecko/20100101 Firefox/20.0" "www.liebreich.at"
213.81.140.54 - - [03/Mar/2017:05:16:22 +0100] "GET /m/whatsapp HTTP/1.1" 404 208 "http://www.google.sk/url?sa=t&rct=j&q=&esrc=s&source=web&cd=1&ved=0CCEQFjAA&url=http%3A%2F%2Fliebreich.at%2Fm%2Fwhatsapp&ei=bRnhRPZxQfrzaNFsDjJK&usg=PpHza5ssexVL7QGAC54-vJYjsDmlxABq78" "Mozilla/5.0 (Windows NT 6.1; WOW64; rv:20.0) Gecko/20100101 Firefox/20.0" "www.liebreich.at"
213.81.140.54 - - [03/Mar/2017:05:16:22 +0100] "GET /m/whatsapp HTTP/1.1" 404 208 "http://www.google.sk/url?sa=t&rct=j&q=&esrc=s&source=web&cd=1&ved=0CCEQFjAA&url=http%3A%2F%2Fliebreich.at%2Fm%2Fwhatsapp&ei=FyjlbVObCn4dzRnEP1bj&usg=Q95vx9vTcZpNsiDyz2f-GDtwu60Wxufozn" "Mozilla/4.0 (compatible; MSIE 8.0; Windows NT 6.1; Win64; x64; Trident/5.0)" "www.liebreich.at"
213.81.140.54 - - [03/Mar/2017:05:18:18 +0100] "GET /m/whatsapp HTTP/1.1" 404 208 "http://www.google.sk/url?sa=t&rct=j&q=&esrc=s&source=web&cd=1&ved=0CCEQFjAA&url=http%3A%2F%2Fliebreich.at%2Fm%2Fwhatsapp&ei=CDttHLsGHlTjASwJk90Q&usg=udlph6PtVbewEc0mg3D-f6I1HrRWJ6E7sB" "Mozilla/5.0 (compatible; MSIE 9.0; Windows NT 6.1; Win64; x64; Trident/5.0)" "www.liebreich.at"
146.185.223.200 - - [03/Mar/2017:05:24:37 +0100] "GET / HTTP/1.0" 404 - "http://lanyrd.com/profile/meimeisong8406-1075/bio/" "Mozilla/5.0 (Windows NT 6.1; WOW64) AppleWebKit/537.36 (KHTML, like Gecko) Chrome/47.0.2526.111 Safari/537.36 OPR/34.0.2036.50" "www.liebreich.at"
146.185.223.200 - - [03/Mar/2017:05:24:37 +0100] "GET / HTTP/1.0" 404 - "http://lanyrd.com/profile/meimeisong8406-1075/bio/" "Mozilla/5.0 (Windows NT 6.1; WOW64) AppleWebKit/537.36 (KHTML, like Gecko) Chrome/47.0.2526.111 Safari/537.36 OPR/34.0.2036.50" "www.liebreich.at"
146.185.223.200 - - [03/Mar/2017:05:24:37 +0100] "GET / HTTP/1.0" 404 - "http://lanyrd.com/profile/meimeisong8406-1075/bio/" "Mozilla/5.0 (Windows NT 6.1; WOW64) AppleWebKit/537.36 (KHTML, like Gecko) Chrome/47.0.2526.111 Safari/537.36 OPR/34.0.2036.50" "www.liebreich.at"
146.185.223.200 - - [03/Mar/2017:05:24:37 +0100] "GET / HTTP/1.0" 404 - "http://lanyrd.com/profile/meimeisong8406-1075/bio/" "Mozilla/5.0 (Windows NT 6.1; WOW64) AppleWebKit/537.36 (KHTML, like Gecko) Chrome/47.0.2526.111 Safari/537.36 OPR/34.0.2036.50" "www.liebreich.at"
66.249.66.135 - - [03/Mar/2017:05:36:27 +0100] "GET /?Motorrad_%2B_Auto___Werkstatt___Vergaser_Revision HTTP/1.1" 404 - "-" "Mozilla/5.0 (compatible; Googlebot/2.1; +http://www.google.com/bot.html)" "www.liebreich.at"
146.185.223.200 - - [03/Mar/2017:05:37:19 +0100] "GET / HTTP/1.0" 404 - "http://sulfamethoxazole-400mg-order.aircus.com" "Mozilla/5.0 (Windows NT 6.1; WOW64; rv:43.0) Gecko/20100101 Firefox/43.0" "www.liebreich.at"
146.185.223.200 - - [03/Mar/2017:05:37:19 +0100] "GET / HTTP/1.0" 404 - "http://sulfamethoxazole-400mg-order.aircus.com" "Mozilla/5.0 (Windows NT 6.1; WOW64; rv:43.0) Gecko/20100101 Firefox/43.0" "www.liebreich.at"
146.185.223.200 - - [03/Mar/2017:05:37:19 +0100] "GET / HTTP/1.0" 404 - "http://sulfamethoxazole-400mg-order.aircus.com" "Mozilla/5.0 (Windows NT 6.1; WOW64; rv:43.0) Gecko/20100101 Firefox/43.0" "www.liebreich.at"
146.185.223.200 - - [03/Mar/2017:05:37:19 +0100] "GET / HTTP/1.0" 404 - "http://sulfamethoxazole-400mg-order.aircus.com" "Mozilla/5.0 (Windows NT 6.1; WOW64; rv:43.0) Gecko/20100101 Firefox/43.0" "www.liebreich.at"
193.226.177.45 - - [03/Mar/2017:05:41:09 +0100] "GET /m/whatsapp HTTP/1.1" 404 208 "-" "Mozilla/4.0" "www.liebreich.at"
193.226.177.45 - - [03/Mar/2017:05:43:07 +0100] "GET /m/whatsapp HTTP/1.1" 404 208 "-" "Mozilla/4.0" "www.liebreich.at"
146.185.223.200 - - [03/Mar/2017:05:50:02 +0100] "GET / HTTP/1.0" 404 - "http://gravatar.com/comprarampicillinargentina" "Mozilla/5.0 (Windows NT 10.0; WOW64) AppleWebKit/537.36 (KHTML, like Gecko) Chrome/48.0.2564.109 Safari/537.36" "www.liebreich.at"
146.185.223.200 - - [03/Mar/2017:05:50:02 +0100] "GET / HTTP/1.0" 404 - "http://gravatar.com/comprarampicillinargentina" "Mozilla/5.0 (Windows NT 10.0; WOW64) AppleWebKit/537.36 (KHTML, like Gecko) Chrome/48.0.2564.109 Safari/537.36" "www.liebreich.at"
193.226.177.45 - - [03/Mar/2017:05:43:06 +0100] "GET /m/whatsapp HTTP/1.1" 404 208 "-" "Mozilla/4.0" "www.liebreich.at"
146.185.223.200 - - [03/Mar/2017:05:50:02 +0100] "GET / HTTP/1.0" 404 - "http://gravatar.com/comprarampicillinargentina" "Mozilla/5.0 (Windows NT 10.0; WOW64) AppleWebKit/537.36 (KHTML, like Gecko) Chrome/48.0.2564.109 Safari/537.36" "www.liebreich.at"
146.185.223.200 - - [03/Mar/2017:05:50:02 +0100] "GET / HTTP/1.0" 404 - "http://gravatar.com/comprarampicillinargentina" "Mozilla/5.0 (Windows NT 10.0; WOW64) AppleWebKit/537.36 (KHTML, like Gecko) Chrome/48.0.2564.109 Safari/537.36" "www.liebreich.at"
146.185.223.200 - - [03/Mar/2017:06:02:39 +0100] "GET / HTTP/1.0" 404 - "http://www.theknot.com/wedding/theophylline-and-price" "Mozilla/5.0 (Windows NT 6.1; WOW64) AppleWebKit/537.36 (KHTML, like Gecko) Chrome/47.0.2526.111 YaBrowser/16.2.0.3539 Safari/537.36" "www.liebreich.at"
146.185.223.200 - - [03/Mar/2017:06:02:39 +0100] "GET / HTTP/1.0" 404 - "http://www.theknot.com/wedding/theophylline-and-price" "Mozilla/5.0 (Windows NT 6.1; WOW64) AppleWebKit/537.36 (KHTML, like Gecko) Chrome/47.0.2526.111 YaBrowser/16.2.0.3539 Safari/537.36" "www.liebreich.at"
146.185.223.200 - - [03/Mar/2017:06:02:40 +0100] "GET / HTTP/1.0" 404 - "http://www.theknot.com/wedding/theophylline-and-price" "Mozilla/5.0 (Windows NT 6.1; WOW64) AppleWebKit/537.36 (KHTML, like Gecko) Chrome/47.0.2526.111 YaBrowser/16.2.0.3539 Safari/537.36" "www.liebreich.at"
146.185.223.200 - - [03/Mar/2017:06:02:40 +0100] "GET / HTTP/1.0" 404 - "http://www.theknot.com/wedding/theophylline-and-price" "Mozilla/5.0 (Windows NT 6.1; WOW64) AppleWebKit/537.36 (KHTML, like Gecko) Chrome/47.0.2526.111 YaBrowser/16.2.0.3539 Safari/537.36" "www.liebreich.at"
91.141.0.153 - - [03/Mar/2017:06:03:36 +0100] "GET /userfiles/images/std4.jpg HTTP/1.1" 404 223 "https://www.google.at/" "Mozilla/5.0 (iPhone; CPU iPhone OS 10_2_1 like Mac OS X) AppleWebKit/602.1.50 (KHTML, like Gecko) CriOS/56.0.2924.79 Mobile/14D27 Safari/602.1" "www.liebreich.at"
173.234.164.13 - - [03/Mar/2017:06:03:40 +0100] "HEAD / HTTP/1.1" 404 - "http://uptime.com/liebreich.at" "Mozilla/5.0 (compatible; Uptimebot/1.0; +http://www.uptime.com/uptimebot)" "www.liebreich.at"
91.141.0.153 - - [03/Mar/2017:06:04:37 +0100] "GET /userfiles/images/std3.jpg HTTP/1.1" 404 223 "https://www.google.at/" "Mozilla/5.0 (iPhone; CPU iPhone OS 10_2_1 like Mac OS X) AppleWebKit/602.1.50 (KHTML, like Gecko) CriOS/56.0.2924.79 Mobile/14D27 Safari/602.1" "www.liebreich.at"
91.141.0.153 - - [03/Mar/2017:06:05:48 +0100] "GET /userfiles/images/mvg11.jpg HTTP/1.1" 404 224 "https://www.google.at/" "Mozilla/5.0 (iPhone; CPU iPhone OS 10_2_1 like Mac OS X) AppleWebKit/602.1.50 (KHTML, like Gecko) CriOS/56.0.2924.79 Mobile/14D27 Safari/602.1" "www.liebreich.at"
91.141.0.153 - - [03/Mar/2017:06:07:06 +0100] "GET /userfiles/images/mvg9.jpg HTTP/1.1" 404 223 "https://www.google.at/" "Mozilla/5.0 (iPhone; CPU iPhone OS 10_2_1 like Mac OS X) AppleWebKit/602.1.50 (KHTML, like Gecko) CriOS/56.0.2924.79 Mobile/14D27 Safari/602.1" "www.liebreich.at"
91.141.0.153 - - [03/Mar/2017:06:07:52 +0100] "GET /userfiles/images/mvg10.jpg HTTP/1.1" 404 224 "https://www.google.at/" "Mozilla/5.0 (iPhone; CPU iPhone OS 10_2_1 like Mac OS X) AppleWebKit/602.1.50 (KHTML, like Gecko) CriOS/56.0.2924.79 Mobile/14D27 Safari/602.1" "www.liebreich.at"
146.185.223.200 - - [03/Mar/2017:06:15:23 +0100] "GET / HTTP/1.0" 404 - "http://www.nature.com/protocolexchange/labgroups/550851" "Mozilla/5.0 (Windows NT 6.3; WOW64) AppleWebKit/537.36 (KHTML, like Gecko) Chrome/48.0.2564.116 Safari/537.36" "www.liebreich.at"
146.185.223.200 - - [03/Mar/2017:06:15:23 +0100] "GET / HTTP/1.0" 404 - "http://www.nature.com/protocolexchange/labgroups/550851" "Mozilla/5.0 (Windows NT 6.3; WOW64) AppleWebKit/537.36 (KHTML, like Gecko) Chrome/48.0.2564.116 Safari/537.36" "www.liebreich.at"
146.185.223.200 - - [03/Mar/2017:06:15:23 +0100] "GET / HTTP/1.0" 404 - "http://www.nature.com/protocolexchange/labgroups/550851" "Mozilla/5.0 (Windows NT 6.3; WOW64) AppleWebKit/537.36 (KHTML, like Gecko) Chrome/48.0.2564.116 Safari/537.36" "www.liebreich.at"
146.185.223.200 - - [03/Mar/2017:06:15:23 +0100] "GET / HTTP/1.0" 404 - "http://www.nature.com/protocolexchange/labgroups/550851" "Mozilla/5.0 (Windows NT 6.3; WOW64) AppleWebKit/537.36 (KHTML, like Gecko) Chrome/48.0.2564.116 Safari/537.36" "www.liebreich.at"
193.226.177.45 - - [03/Mar/2017:06:21:33 +0100] "GET /m/whatsapp HTTP/1.1" 404 208 "-" "Mozilla/4.0" "www.liebreich.at"
193.226.177.45 - - [03/Mar/2017:06:21:34 +0100] "GET /m/whatsapp HTTP/1.1" 404 208 "-" "Mozilla/4.0" "www.liebreich.at"
146.185.223.200 - - [03/Mar/2017:06:28:04 +0100] "GET / HTTP/1.0" 404 - "http://lanyrd.com/profile/mod973951739517x-4919/bio/" "Mozilla/5.0 (Windows NT 6.1; WOW64) AppleWebKit/537.36 (KHTML, like Gecko) Chrome/48.0.2564.109 Safari/537.36" "www.liebreich.at"
146.185.223.200 - - [03/Mar/2017:06:28:04 +0100] "GET / HTTP/1.0" 404 - "http://lanyrd.com/profile/mod973951739517x-4919/bio/" "Mozilla/5.0 (Windows NT 6.1; WOW64) AppleWebKit/537.36 (KHTML, like Gecko) Chrome/48.0.2564.109 Safari/537.36" "www.liebreich.at"
146.185.223.200 - - [03/Mar/2017:06:28:04 +0100] "GET / HTTP/1.0" 404 - "http://lanyrd.com/profile/mod973951739517x-4919/bio/" "Mozilla/5.0 (Windows NT 6.1; WOW64) AppleWebKit/537.36 (KHTML, like Gecko) Chrome/48.0.2564.109 Safari/537.36" "www.liebreich.at"
146.185.223.200 - - [03/Mar/2017:06:28:04 +0100] "GET / HTTP/1.0" 404 - "http://lanyrd.com/profile/mod973951739517x-4919/bio/" "Mozilla/5.0 (Windows NT 6.1; WOW64) AppleWebKit/537.36 (KHTML, like Gecko) Chrome/48.0.2564.109 Safari/537.36" "www.liebreich.at"
146.185.223.200 - - [03/Mar/2017:06:40:45 +0100] "GET / HTTP/1.0" 404 - "http://gravatar.com/thyroxine200mg79u" "Mozilla/5.0 (Windows NT 6.1; WOW64) AppleWebKit/537.36 (KHTML, like Gecko) Chrome/46.0.2490.86 YaBrowser/15.12.1.6475 Safari/537.36" "www.liebreich.at"
146.185.223.200 - - [03/Mar/2017:06:40:45 +0100] "GET / HTTP/1.0" 404 - "http://gravatar.com/thyroxine200mg79u" "Mozilla/5.0 (Windows NT 6.1; WOW64) AppleWebKit/537.36 (KHTML, like Gecko) Chrome/46.0.2490.86 YaBrowser/15.12.1.6475 Safari/537.36" "www.liebreich.at"
146.185.223.200 - - [03/Mar/2017:06:40:45 +0100] "GET / HTTP/1.0" 404 - "http://gravatar.com/thyroxine200mg79u" "Mozilla/5.0 (Windows NT 6.1; WOW64) AppleWebKit/537.36 (KHTML, like Gecko) Chrome/46.0.2490.86 YaBrowser/15.12.1.6475 Safari/537.36" "www.liebreich.at"
146.185.223.200 - - [03/Mar/2017:06:40:45 +0100] "GET / HTTP/1.0" 404 - "http://gravatar.com/thyroxine200mg79u" "Mozilla/5.0 (Windows NT 6.1; WOW64) AppleWebKit/537.36 (KHTML, like Gecko) Chrome/46.0.2490.86 YaBrowser/15.12.1.6475 Safari/537.36" "www.liebreich.at"
213.81.140.48 - - [03/Mar/2017:06:45:57 +0100] "GET /m/whatsapp HTTP/1.1" 404 208 "http://www.google.sk/url?sa=t&rct=j&q=&esrc=s&source=web&cd=1&ved=0CCEQFjAA&url=http%3A%2F%2Fliebreich.at%2Fm%2Fwhatsapp&ei=RsfoyZQ1QfG3VGyERVEN&usg=83lGnk0HfHdluhW8I7S-4hCUOIUmlbXe6z" "Mozilla/5.0 (Windows NT 6.1; WOW64) AppleWebKit/537.36 (KHTML, like Gecko) Chrome/27.0.1453.116 Safari/537.36" "www.liebreich.at"
213.81.140.48 - - [03/Mar/2017:06:45:58 +0100] "GET /m/whatsapp HTTP/1.1" 404 208 "http://www.google.sk/url?sa=t&rct=j&q=&esrc=s&source=web&cd=1&ved=0CCEQFjAA&url=http%3A%2F%2Fliebreich.at%2Fm%2Fwhatsapp&ei=B9Q94sSdIzwIMdSpDMJa&usg=STrQZhHCs6LmysyMfZu-OcRveT8XFAkMCk" "Mozilla/5.0 (compatible; MSIE 9.0; Windows NT 6.1; WOW64; Trident/5.0)" "www.liebreich.at"
213.81.140.48 - - [03/Mar/2017:06:45:58 +0100] "GET /m/whatsapp HTTP/1.1" 404 208 "http://www.google.sk/url?sa=t&rct=j&q=&esrc=s&source=web&cd=1&ved=0CCEQFjAA&url=http%3A%2F%2Fliebreich.at%2Fm%2Fwhatsapp&ei=aOjCvF5lXrFpOVNjprl3&usg=dgBpgNjFsGe7CRK8P13-X5l21CDRY3ubuH" "Mozilla/4.0 (compatible; MSIE 8.0; Windows NT 6.1; Win64; x64; Trident/5.0)" "www.liebreich.at"
146.185.223.200 - - [03/Mar/2017:06:53:30 +0100] "GET / HTTP/1.0" 404 - "http://www.purevolume.com/buylozol25mgatdiscounts" "Mozilla/5.0 (Windows NT 6.3; WOW64; rv:44.0) Gecko/20100101 Firefox/44.0" "www.liebreich.at"
146.185.223.200 - - [03/Mar/2017:06:53:30 +0100] "GET / HTTP/1.0" 404 - "http://www.purevolume.com/buylozol25mgatdiscounts" "Mozilla/5.0 (Windows NT 6.3; WOW64; rv:44.0) Gecko/20100101 Firefox/44.0" "www.liebreich.at"
146.185.223.200 - - [03/Mar/2017:06:53:30 +0100] "GET / HTTP/1.0" 404 - "http://www.purevolume.com/buylozol25mgatdiscounts" "Mozilla/5.0 (Windows NT 6.3; WOW64; rv:44.0) Gecko/20100101 Firefox/44.0" "www.liebreich.at"
146.185.223.200 - - [03/Mar/2017:06:53:30 +0100] "GET / HTTP/1.0" 404 - "http://www.purevolume.com/buylozol25mgatdiscounts" "Mozilla/5.0 (Windows NT 6.3; WOW64; rv:44.0) Gecko/20100101 Firefox/44.0" "www.liebreich.at"
193.226.177.45 - - [03/Mar/2017:07:00:32 +0100] "GET /m/whatsapp HTTP/1.1" 404 208 "-" "Mozilla/4.0" "www.liebreich.at"
193.226.177.45 - - [03/Mar/2017:07:02:08 +0100] "GET /m/whatsapp HTTP/1.1" 404 208 "-" "Mozilla/4.0" "www.liebreich.at"
146.185.223.200 - - [03/Mar/2017:07:06:18 +0100] "GET / HTTP/1.0" 404 - "http://www.theknot.com/wedding/prescription-and-metoclopramide" "Mozilla/5.0 (Windows NT 6.1; WOW64) AppleWebKit/537.36 (KHTML, like Gecko) Chrome/48.0.2564.116 Safari/537.36" "www.liebreich.at"
146.185.223.200 - - [03/Mar/2017:07:06:18 +0100] "GET / HTTP/1.0" 404 - "http://www.theknot.com/wedding/prescription-and-metoclopramide" "Mozilla/5.0 (Windows NT 6.1; WOW64) AppleWebKit/537.36 (KHTML, like Gecko) Chrome/48.0.2564.116 Safari/537.36" "www.liebreich.at"
146.185.223.200 - - [03/Mar/2017:07:06:18 +0100] "GET / HTTP/1.0" 404 - "http://www.theknot.com/wedding/prescription-and-metoclopramide" "Mozilla/5.0 (Windows NT 6.1; WOW64) AppleWebKit/537.36 (KHTML, like Gecko) Chrome/48.0.2564.116 Safari/537.36" "www.liebreich.at"
146.185.223.200 - - [03/Mar/2017:07:06:18 +0100] "GET / HTTP/1.0" 404 - "http://www.theknot.com/wedding/prescription-and-metoclopramide" "Mozilla/5.0 (Windows NT 6.1; WOW64) AppleWebKit/537.36 (KHTML, like Gecko) Chrome/48.0.2564.116 Safari/537.36" "www.liebreich.at"
146.185.223.200 - - [03/Mar/2017:07:18:56 +0100] "GET / HTTP/1.0" 404 - "http://gravatar.com/diawitchbirdburgdaro" "Mozilla/5.0 (Windows NT 10.0; WOW64) AppleWebKit/537.36 (KHTML, like Gecko) Chrome/48.0.2564.116 Safari/537.36" "www.liebreich.at"
146.185.223.200 - - [03/Mar/2017:07:18:56 +0100] "GET / HTTP/1.0" 404 - "http://gravatar.com/diawitchbirdburgdaro" "Mozilla/5.0 (Windows NT 10.0; WOW64) AppleWebKit/537.36 (KHTML, like Gecko) Chrome/48.0.2564.116 Safari/537.36" "www.liebreich.at"
95.223.178.7 - - [03/Mar/2017:07:19:23 +0100] "GET /apple-touch-icon-152x152-precomposed.png HTTP/1.1" 404 238 "-" "MobileSafari/602.1 CFNetwork/808.3 Darwin/16.3.0" "www.liebreich.at"
95.223.178.7 - - [03/Mar/2017:07:19:24 +0100] "GET /apple-touch-icon-152x152.png HTTP/1.1" 404 226 "-" "MobileSafari/602.1 CFNetwork/808.3 Darwin/16.3.0" "www.liebreich.at"
95.223.178.7 - - [03/Mar/2017:07:19:24 +0100] "GET /apple-touch-icon-precomposed.png HTTP/1.1" 404 230 "-" "MobileSafari/602.1 CFNetwork/808.3 Darwin/16.3.0" "www.liebreich.at"
95.223.178.7 - - [03/Mar/2017:07:19:24 +0100] "GET /apple-touch-icon.png HTTP/1.1" 404 218 "-" "MobileSafari/602.1 CFNetwork/808.3 Darwin/16.3.0" "www.liebreich.at"
95.223.178.7 - - [03/Mar/2017:07:19:24 +0100] "GET /favicon.ico HTTP/1.1" 404 209 "-" "MobileSafari/602.1 CFNetwork/808.3 Darwin/16.3.0" "www.liebreich.at"
95.223.178.7 - - [03/Mar/2017:07:19:24 +0100] "GET /apple-touch-icon-152x152-precomposed.png HTTP/1.1" 404 238 "-" "MobileSafari/602.1 CFNetwork/808.3 Darwin/16.3.0" "www.liebreich.at"
95.223.178.7 - - [03/Mar/2017:07:19:24 +0100] "GET /apple-touch-icon-152x152.png HTTP/1.1" 404 226 "-" "MobileSafari/602.1 CFNetwork/808.3 Darwin/16.3.0" "www.liebreich.at"
95.223.178.7 - - [03/Mar/2017:07:19:24 +0100] "GET /apple-touch-icon-precomposed.png HTTP/1.1" 404 230 "-" "MobileSafari/602.1 CFNetwork/808.3 Darwin/16.3.0" "www.liebreich.at"
95.223.178.7 - - [03/Mar/2017:07:19:24 +0100] "GET /apple-touch-icon.png HTTP/1.1" 404 218 "-" "MobileSafari/602.1 CFNetwork/808.3 Darwin/16.3.0" "www.liebreich.at"
95.223.178.7 - - [03/Mar/2017:07:19:24 +0100] "GET /favicon.ico HTTP/1.1" 404 209 "-" "MobileSafari/602.1 CFNetwork/808.3 Darwin/16.3.0" "www.liebreich.at"
146.185.223.200 - - [03/Mar/2017:07:18:56 +0100] "GET / HTTP/1.0" 404 - "http://gravatar.com/diawitchbirdburgdaro" "Mozilla/5.0 (Windows NT 10.0; WOW64) AppleWebKit/537.36 (KHTML, like Gecko) Chrome/48.0.2564.116 Safari/537.36" "www.liebreich.at"
146.185.223.200 - - [03/Mar/2017:07:18:56 +0100] "GET / HTTP/1.0" 404 - "http://gravatar.com/diawitchbirdburgdaro" "Mozilla/5.0 (Windows NT 10.0; WOW64) AppleWebKit/537.36 (KHTML, like Gecko) Chrome/48.0.2564.116 Safari/537.36" "www.liebreich.at"
95.223.178.7 - - [03/Mar/2017:07:19:23 +0100] "GET /?Motorrad_%2B_Auto___Werkstatt___Vergaser_Revision HTTP/1.1" 404 - "-" "Mozilla/5.0 (iPad; CPU OS 10_2_1 like Mac OS X) AppleWebKit/602.4.6 (KHTML, like Gecko) Version/10.0 Mobile/14D27 Safari/602.1" "www.liebreich.at"
146.185.223.200 - - [03/Mar/2017:07:31:35 +0100] "GET / HTTP/1.0" 404 - "http://gravatar.com/z0phenytoin100mg" "Mozilla/5.0 (Windows NT 6.1; WOW64) AppleWebKit/537.36 (KHTML, like Gecko) Chrome/48.0.2564.97 Safari/537.36" "www.liebreich.at"
193.226.177.45 - - [03/Mar/2017:07:38:00 +0100] "GET /m/whatsapp HTTP/1.1" 404 208 "-" "Mozilla/4.0" "www.liebreich.at"
146.185.223.200 - - [03/Mar/2017:07:44:13 +0100] "GET / HTTP/1.0" 404 - "http://amlodipine-10mg-order.over-blog.com/2014/04/order-amlodipine-10mg-no-rx-buy-amlodipine-regrowth.html" "Mozilla/5.0 (Windows NT 10.0; WOW64) AppleWebKit/537.36 (KHTML, like Gecko) Chrome/48.0.2564.103 Safari/537.36" "www.liebreich.at"
146.185.223.200 - - [03/Mar/2017:07:31:35 +0100] "GET / HTTP/1.0" 404 - "http://gravatar.com/z0phenytoin100mg" "Mozilla/5.0 (Windows NT 6.1; WOW64) AppleWebKit/537.36 (KHTML, like Gecko) Chrome/48.0.2564.97 Safari/537.36" "www.liebreich.at"
146.185.223.200 - - [03/Mar/2017:07:31:36 +0100] "GET / HTTP/1.0" 404 - "http://gravatar.com/z0phenytoin100mg" "Mozilla/5.0 (Windows NT 6.1; WOW64) AppleWebKit/537.36 (KHTML, like Gecko) Chrome/48.0.2564.97 Safari/537.36" "www.liebreich.at"
193.226.177.45 - - [03/Mar/2017:07:39:13 +0100] "GET /m/whatsapp HTTP/1.1" 404 208 "-" "Mozilla/4.0" "www.liebreich.at"
146.185.223.200 - - [03/Mar/2017:07:44:13 +0100] "GET / HTTP/1.0" 404 - "http://amlodipine-10mg-order.over-blog.com/2014/04/order-amlodipine-10mg-no-rx-buy-amlodipine-regrowth.html" "Mozilla/5.0 (Windows NT 10.0; WOW64) AppleWebKit/537.36 (KHTML, like Gecko) Chrome/48.0.2564.103 Safari/537.36" "www.liebreich.at"
68.180.230.186 - - [03/Mar/2017:07:44:15 +0100] "GET /?Trivia___Welche_Farbe_hat_Schnee%3F HTTP/1.1" 404 - "-" "Mozilla/5.0 (compatible; Yahoo! Slurp; http://help.yahoo.com/help/us/ysearch/slurp)" "www.liebreich.at"
146.185.223.200 - - [03/Mar/2017:07:31:35 +0100] "GET / HTTP/1.0" 404 - "http://gravatar.com/z0phenytoin100mg" "Mozilla/5.0 (Windows NT 6.1; WOW64) AppleWebKit/537.36 (KHTML, like Gecko) Chrome/48.0.2564.97 Safari/537.36" "www.liebreich.at"
146.185.223.200 - - [03/Mar/2017:07:44:13 +0100] "GET / HTTP/1.0" 404 - "http://amlodipine-10mg-order.over-blog.com/2014/04/order-amlodipine-10mg-no-rx-buy-amlodipine-regrowth.html" "Mozilla/5.0 (Windows NT 10.0; WOW64) AppleWebKit/537.36 (KHTML, like Gecko) Chrome/48.0.2564.103 Safari/537.36" "www.liebreich.at"
146.185.223.200 - - [03/Mar/2017:07:44:13 +0100] "GET / HTTP/1.0" 404 - "http://amlodipine-10mg-order.over-blog.com/2014/04/order-amlodipine-10mg-no-rx-buy-amlodipine-regrowth.html" "Mozilla/5.0 (Windows NT 10.0; WOW64) AppleWebKit/537.36 (KHTML, like Gecko) Chrome/48.0.2564.103 Safari/537.36" "www.liebreich.at"
40.77.167.35 - - [03/Mar/2017:07:50:03 +0100] "GET /?Motorrad:KTM_950_Adventure HTTP/1.1" 404 - "-" "msnbot-media/1.1 (+http://search.msn.com/msnbot.htm)" "www.liebreich.at"
146.185.223.200 - - [03/Mar/2017:07:56:57 +0100] "GET / HTTP/1.0" 404 - "http://buy-dapoxetine.over-blog.com/2014/04/dapoxetine-buy-dapoxetine-buy-online-us.html" "Mozilla/5.0 (Windows NT 10.0; WOW64) AppleWebKit/537.36 (KHTML, like Gecko) Chrome/47.0.2526.111 Safari/537.36" "www.liebreich.at"
146.185.223.200 - - [03/Mar/2017:07:56:57 +0100] "GET / HTTP/1.0" 404 - "http://buy-dapoxetine.over-blog.com/2014/04/dapoxetine-buy-dapoxetine-buy-online-us.html" "Mozilla/5.0 (Windows NT 10.0; WOW64) AppleWebKit/537.36 (KHTML, like Gecko) Chrome/47.0.2526.111 Safari/537.36" "www.liebreich.at"
157.55.39.105 - - [03/Mar/2017:07:54:36 +0100] "GET /?Motorrad_%2B_Auto___Werkstatt HTTP/1.1" 404 - "-" "Mozilla/5.0 (iPhone; CPU iPhone OS 7_0 like Mac OS X) AppleWebKit/537.51.1 (KHTML, like Gecko) Version/7.0 Mobile/11A465 Safari/9537.53 (compatible; bingbot/2.0; +http://www.bing.com/bingbot.htm)" "www.liebreich.at"
66.249.66.135 - - [03/Mar/2017:07:54:55 +0100] "GET /?Motorrad_%2B_Auto___Werkstatt___Vergaser_Revision HTTP/1.1" 404 - "-" "Mozilla/5.0 (compatible; Googlebot/2.1; +http://www.google.com/bot.html)" "www.liebreich.at"
146.185.223.200 - - [03/Mar/2017:07:56:57 +0100] "GET / HTTP/1.0" 404 - "http://buy-dapoxetine.over-blog.com/2014/04/dapoxetine-buy-dapoxetine-buy-online-us.html" "Mozilla/5.0 (Windows NT 10.0; WOW64) AppleWebKit/537.36 (KHTML, like Gecko) Chrome/47.0.2526.111 Safari/537.36" "www.liebreich.at"
146.185.223.200 - - [03/Mar/2017:07:56:58 +0100] "GET / HTTP/1.0" 404 - "http://buy-dapoxetine.over-blog.com/2014/04/dapoxetine-buy-dapoxetine-buy-online-us.html" "Mozilla/5.0 (Windows NT 10.0; WOW64) AppleWebKit/537.36 (KHTML, like Gecko) Chrome/47.0.2526.111 Safari/537.36" "www.liebreich.at"
213.81.140.52 - - [03/Mar/2017:08:08:10 +0100] "GET /m/whatsapp HTTP/1.1" 404 208 "http://www.google.sk/url?sa=t&rct=j&q=&esrc=s&source=web&cd=1&ved=0CCEQFjAA&url=http%3A%2F%2Fliebreich.at%2Fm%2Fwhatsapp&ei=SY1cA5vnEFAU6ta2b66t&usg=pmtidE8IVisffXLoA0G-XpPLQIeH4sa0lg" "Mozilla/5.0 (Windows NT 6.1; WOW64; rv:23.0) Gecko/20100101 Firefox/23.0" "www.liebreich.at"
213.81.140.52 - - [03/Mar/2017:08:09:20 +0100] "GET /m/whatsapp HTTP/1.1" 404 208 "http://www.google.sk/url?sa=t&rct=j&q=&esrc=s&source=web&cd=1&ved=0CCEQFjAA&url=http%3A%2F%2Fliebreich.at%2Fm%2Fwhatsapp&ei=LsJIso8aKMGihbFhlyXb&usg=ftw9Bd4y3L88HyqFGYZ-v7a82fCW5xIwH3" "Mozilla/4.0 (compatible; MSIE 8.0; Windows NT 6.1; Win64; x64; Trident/5.0)" "www.liebreich.at"
146.185.223.200 - - [03/Mar/2017:08:09:40 +0100] "GET / HTTP/1.0" 404 - "http://www.nature.com/protocolexchange/labgroups/559651" "Mozilla/5.0 (Windows NT 6.1; WOW64) AppleWebKit/537.36 (KHTML, like Gecko) Chrome/48.0.2564.103 Safari/537.36" "www.liebreich.at"
146.185.223.200 - - [03/Mar/2017:08:09:41 +0100] "GET / HTTP/1.0" 404 - "http://www.nature.com/protocolexchange/labgroups/559651" "Mozilla/5.0 (Windows NT 6.1; WOW64) AppleWebKit/537.36 (KHTML, like Gecko) Chrome/48.0.2564.103 Safari/537.36" "www.liebreich.at"
193.226.177.45 - - [03/Mar/2017:08:09:01 +0100] "GET /m/whatsapp HTTP/1.1" 404 208 "-" "Mozilla/4.0" "www.liebreich.at"
213.81.140.52 - - [03/Mar/2017:08:09:20 +0100] "GET /m/whatsapp HTTP/1.1" 404 208 "http://www.google.sk/url?sa=t&rct=j&q=&esrc=s&source=web&cd=1&ved=0CCEQFjAA&url=http%3A%2F%2Fliebreich.at%2Fm%2Fwhatsapp&ei=33386iytMpldg7bqjSu7&usg=yN1WdsjT9n7KmaeV7XR-1E30JCk1hcvDkf" "Mozilla/5.0 (Windows NT 6.1) AppleWebKit/537.36 (KHTML, like Gecko) Chrome/29.0.1547.62 Safari/537.36" "www.liebreich.at"
213.81.140.52 - - [03/Mar/2017:08:09:20 +0100] "GET /m/whatsapp HTTP/1.1" 404 208 "http://www.google.sk/url?sa=t&rct=j&q=&esrc=s&source=web&cd=1&ved=0CCEQFjAA&url=http%3A%2F%2Fliebreich.at%2Fm%2Fwhatsapp&ei=sl5mcuWO3S8YKgQRI7mH&usg=L6dkVcCEdjR1ViJ7x4Y-62Z5XvPNc4qjqV" "Opera/9.80 (Windows NT 6.1; Win64; x64) Presto/2.12.388 Version/12.15" "www.liebreich.at"
146.185.223.200 - - [03/Mar/2017:08:09:40 +0100] "GET / HTTP/1.0" 404 - "http://www.nature.com/protocolexchange/labgroups/559651" "Mozilla/5.0 (Windows NT 6.1; WOW64) AppleWebKit/537.36 (KHTML, like Gecko) Chrome/48.0.2564.103 Safari/537.36" "www.liebreich.at"
193.226.177.45 - - [03/Mar/2017:08:14:48 +0100] "GET /m/whatsapp HTTP/1.1" 404 208 "-" "Mozilla/4.0" "www.liebreich.at"
213.81.140.52 - - [03/Mar/2017:08:05:57 +0100] "GET /m/whatsapp HTTP/1.1" 404 208 "http://www.google.sk/url?sa=t&rct=j&q=&esrc=s&source=web&cd=1&ved=0CCEQFjAA&url=http%3A%2F%2Fliebreich.at%2Fm%2Fwhatsapp&ei=4tAYNDokQZDrDY4K7ECT&usg=EUlH0ti2haaqQz9jrRv-LglTRBq1POWnxR" "Mozilla/5.0 (Windows NT 6.1) AppleWebKit/537.36 (KHTML, like Gecko) Chrome/27.0.1453.116 Safari/537.36" "www.liebreich.at"
146.185.223.200 - - [03/Mar/2017:08:09:41 +0100] "GET / HTTP/1.0" 404 - "http://www.nature.com/protocolexchange/labgroups/559651" "Mozilla/5.0 (Windows NT 6.1; WOW64) AppleWebKit/537.36 (KHTML, like Gecko) Chrome/48.0.2564.103 Safari/537.36" "www.liebreich.at"
163.172.35.247 - - [03/Mar/2017:08:11:39 +0100] "GET / HTTP/1.1" 404 - "http://burger-imperia.com/" "Mozilla/5.0 (X11; Linux x86_64) AppleWebKit/537.36 (KHTML, like Gecko) Chrome/37.0.2062.120 Safari/537.36" "www.liebreich.at"
193.226.177.45 - - [03/Mar/2017:08:16:11 +0100] "GET /m/whatsapp HTTP/1.1" 404 208 "-" "Mozilla/4.0" "www.liebreich.at"
188.235.19.17 - - [03/Mar/2017:08:18:44 +0100] "GET / HTTP/1.1" 404 - "http://pizza-tycoon.com/" "Mozilla/5.0 (X11; Linux x86_64) AppleWebKit/537.36 (KHTML, like Gecko) Chrome/37.0.2062.120 Safari/537.36" "www.liebreich.at"
146.185.223.200 - - [03/Mar/2017:08:22:31 +0100] "GET / HTTP/1.0" 404 - "http://www.nature.com/protocolexchange/labgroups/566063" "Mozilla/5.0 (Windows NT 10.0; WOW64; rv:43.0) Gecko/20100101 Firefox/43.0" "www.liebreich.at"
146.185.223.200 - - [03/Mar/2017:08:22:31 +0100] "GET / HTTP/1.0" 404 - "http://www.nature.com/protocolexchange/labgroups/566063" "Mozilla/5.0 (Windows NT 10.0; WOW64; rv:43.0) Gecko/20100101 Firefox/43.0" "www.liebreich.at"
146.185.223.200 - - [03/Mar/2017:08:22:31 +0100] "GET / HTTP/1.0" 404 - "http://www.nature.com/protocolexchange/labgroups/566063" "Mozilla/5.0 (Windows NT 10.0; WOW64; rv:43.0) Gecko/20100101 Firefox/43.0" "www.liebreich.at"
146.185.223.200 - - [03/Mar/2017:08:22:31 +0100] "GET / HTTP/1.0" 404 - "http://www.nature.com/protocolexchange/labgroups/566063" "Mozilla/5.0 (Windows NT 10.0; WOW64; rv:43.0) Gecko/20100101 Firefox/43.0" "www.liebreich.at"
146.185.223.200 - - [03/Mar/2017:08:35:15 +0100] "GET / HTTP/1.0" 404 - "http://www.theknot.com/wedding/tofranil-and-prescription" "Mozilla/5.0 (Windows NT 6.1; WOW64) AppleWebKit/537.36 (KHTML, like Gecko) Chrome/47.0.2526.111 YaBrowser/16.2.0.3539 Safari/537.36" "www.liebreich.at"
146.185.223.200 - - [03/Mar/2017:08:35:15 +0100] "GET / HTTP/1.0" 404 - "http://www.theknot.com/wedding/tofranil-and-prescription" "Mozilla/5.0 (Windows NT 6.1; WOW64) AppleWebKit/537.36 (KHTML, like Gecko) Chrome/47.0.2526.111 YaBrowser/16.2.0.3539 Safari/537.36" "www.liebreich.at"
146.185.223.200 - - [03/Mar/2017:08:35:15 +0100] "GET / HTTP/1.0" 404 - "http://www.theknot.com/wedding/tofranil-and-prescription" "Mozilla/5.0 (Windows NT 6.1; WOW64) AppleWebKit/537.36 (KHTML, like Gecko) Chrome/47.0.2526.111 YaBrowser/16.2.0.3539 Safari/537.36" "www.liebreich.at"
146.185.223.200 - - [03/Mar/2017:08:35:15 +0100] "GET / HTTP/1.0" 404 - "http://www.theknot.com/wedding/tofranil-and-prescription" "Mozilla/5.0 (Windows NT 6.1; WOW64) AppleWebKit/537.36 (KHTML, like Gecko) Chrome/47.0.2526.111 YaBrowser/16.2.0.3539 Safari/537.36" "www.liebreich.at"
212.185.80.5 - - [03/Mar/2017:08:46:01 +0100] "GET /?Motorrad:Werkstatt:Vergaser_Revision HTTP/1.1" 404 - "http://www.offroadforen.de/index.php/Thread/36467-Vergaser-Revision-Keihin-FCR-MX39/" "Mozilla/5.0 (Windows NT 6.3; Trident/7.0; rv:11.0) like Gecko" "www.liebreich.at"
146.185.223.200 - - [03/Mar/2017:08:48:01 +0100] "GET / HTTP/1.0" 404 - "http://www.nature.com/protocolexchange/labgroups/545745" "Mozilla/5.0 (Windows NT 6.1; rv:43.0) Gecko/20100101 Firefox/43.0" "www.liebreich.at"
146.185.223.200 - - [03/Mar/2017:08:48:01 +0100] "GET / HTTP/1.0" 404 - "http://www.nature.com/protocolexchange/labgroups/545745" "Mozilla/5.0 (Windows NT 6.1; rv:43.0) Gecko/20100101 Firefox/43.0" "www.liebreich.at"
146.185.223.200 - - [03/Mar/2017:08:48:01 +0100] "GET / HTTP/1.0" 404 - "http://www.nature.com/protocolexchange/labgroups/545745" "Mozilla/5.0 (Windows NT 6.1; rv:43.0) Gecko/20100101 Firefox/43.0" "www.liebreich.at"
146.185.223.200 - - [03/Mar/2017:08:48:01 +0100] "GET / HTTP/1.0" 404 - "http://www.nature.com/protocolexchange/labgroups/545745" "Mozilla/5.0 (Windows NT 6.1; rv:43.0) Gecko/20100101 Firefox/43.0" "www.liebreich.at"
193.226.177.45 - - [03/Mar/2017:08:51:16 +0100] "GET /m/whatsapp HTTP/1.1" 404 208 "-" "Mozilla/4.0" "www.liebreich.at"
212.185.80.6 - - [03/Mar/2017:08:51:50 +0100] "GET /?Ueber_uns HTTP/1.1" 404 - "http://www.google.de/url?sa=t&rct=j&q=&esrc=s&source=web&cd=1&ved=0ahUKEwiwzd-K7bnSAhWFPBQKHUvLBdUQFggaMAA&url=http%3A%2F%2Fwww.liebreich.at%2F%3FUeber_uns&usg=AFQjCNEHrfu26Eq79n0i5JBL-sd-mA_Yng&bvm=bv.148747831,d.bGg" "Mozilla/5.0 (Windows NT 6.3; Trident/7.0; rv:11.0) like Gecko" "www.liebreich.at"
212.185.80.6 - - [03/Mar/2017:08:51:56 +0100] "GET /?Trivia HTTP/1.1" 404 - "http://www.google.de/url?sa=t&rct=j&q=&esrc=s&source=web&cd=2&ved=0ahUKEwiwzd-K7bnSAhWFPBQKHUvLBdUQFgggMAE&url=http%3A%2F%2Fwww.liebreich.at%2F%3FTrivia&usg=AFQjCNEpN_8SeAsr04enGaGmXykmsN9Mxw" "Mozilla/5.0 (Windows NT 6.3; Trident/7.0; rv:11.0) like Gecko" "www.liebreich.at"
193.226.177.45 - - [03/Mar/2017:08:52:06 +0100] "GET /m/whatsapp HTTP/1.1" 404 208 "-" "Mozilla/4.0" "www.liebreich.at"
146.185.223.200 - - [03/Mar/2017:09:00:48 +0100] "GET / HTTP/1.0" 404 - "http://www.purevolume.com/orderemtricitabinecheap" "Mozilla/5.0 (Windows NT 6.1; rv:44.0) Gecko/20100101 Firefox/44.0" "www.liebreich.at"
146.185.223.200 - - [03/Mar/2017:09:00:48 +0100] "GET / HTTP/1.0" 404 - "http://www.purevolume.com/orderemtricitabinecheap" "Mozilla/5.0 (Windows NT 6.1; rv:44.0) Gecko/20100101 Firefox/44.0" "www.liebreich.at"
146.185.223.200 - - [03/Mar/2017:09:00:48 +0100] "GET / HTTP/1.0" 404 - "http://www.purevolume.com/orderemtricitabinecheap" "Mozilla/5.0 (Windows NT 6.1; rv:44.0) Gecko/20100101 Firefox/44.0" "www.liebreich.at"
146.185.223.200 - - [03/Mar/2017:09:00:48 +0100] "GET / HTTP/1.0" 404 - "http://www.purevolume.com/orderemtricitabinecheap" "Mozilla/5.0 (Windows NT 6.1; rv:44.0) Gecko/20100101 Firefox/44.0" "www.liebreich.at"
146.185.223.200 - - [03/Mar/2017:09:13:32 +0100] "GET / HTTP/1.0" 404 - "http://gravatar.com/orderfluticasoneonlinewholesale" "Mozilla/5.0 (Windows NT 5.1; rv:43.0) Gecko/20100101 Firefox/43.0" "www.liebreich.at"
146.185.223.200 - - [03/Mar/2017:09:13:32 +0100] "GET / HTTP/1.0" 404 - "http://gravatar.com/orderfluticasoneonlinewholesale" "Mozilla/5.0 (Windows NT 5.1; rv:43.0) Gecko/20100101 Firefox/43.0" "www.liebreich.at"
146.185.223.200 - - [03/Mar/2017:09:13:32 +0100] "GET / HTTP/1.0" 404 - "http://gravatar.com/orderfluticasoneonlinewholesale" "Mozilla/5.0 (Windows NT 5.1; rv:43.0) Gecko/20100101 Firefox/43.0" "www.liebreich.at"
146.185.223.200 - - [03/Mar/2017:09:13:32 +0100] "GET / HTTP/1.0" 404 - "http://gravatar.com/orderfluticasoneonlinewholesale" "Mozilla/5.0 (Windows NT 5.1; rv:43.0) Gecko/20100101 Firefox/43.0" "www.liebreich.at"
193.226.177.45 - - [03/Mar/2017:09:18:26 +0100] "GET /m/whatsapp HTTP/1.1" 404 208 "-" "Mozilla/4.0" "www.liebreich.at"
188.105.235.175 - - [03/Mar/2017:09:19:30 +0100] "GET /?Motorrad_%2B_Auto___Werkstatt___Vergaser_Revision HTTP/1.1" 404 - "-" "Mozilla/5.0 (iPhone; CPU iPhone OS 10_2_1 like Mac OS X) AppleWebKit/602.4.6 (KHTML, like Gecko) Version/10.0 Mobile/14D27 Safari/602.1" "www.liebreich.at"
188.105.235.175 - - [03/Mar/2017:09:19:31 +0100] "GET /apple-touch-icon-120x120-precomposed.png HTTP/1.1" 404 238 "-" "MobileSafari/602.1 CFNetwork/808.3 Darwin/16.3.0" "www.liebreich.at"
188.105.235.175 - - [03/Mar/2017:09:19:31 +0100] "GET /apple-touch-icon-120x120.png HTTP/1.1" 404 226 "-" "MobileSafari/602.1 CFNetwork/808.3 Darwin/16.3.0" "www.liebreich.at"
188.105.235.175 - - [03/Mar/2017:09:19:31 +0100] "GET /apple-touch-icon-precomposed.png HTTP/1.1" 404 230 "-" "MobileSafari/602.1 CFNetwork/808.3 Darwin/16.3.0" "www.liebreich.at"
188.105.235.175 - - [03/Mar/2017:09:19:31 +0100] "GET /apple-touch-icon.png HTTP/1.1" 404 218 "-" "MobileSafari/602.1 CFNetwork/808.3 Darwin/16.3.0" "www.liebreich.at"
188.105.235.175 - - [03/Mar/2017:09:19:31 +0100] "GET /favicon.ico HTTP/1.1" 404 209 "-" "MobileSafari/602.1 CFNetwork/808.3 Darwin/16.3.0" "www.liebreich.at"
188.105.235.175 - - [03/Mar/2017:09:19:31 +0100] "GET /apple-touch-icon-120x120-precomposed.png HTTP/1.1" 404 238 "-" "MobileSafari/602.1 CFNetwork/808.3 Darwin/16.3.0" "www.liebreich.at"
188.105.235.175 - - [03/Mar/2017:09:19:31 +0100] "GET /apple-touch-icon-120x120.png HTTP/1.1" 404 226 "-" "MobileSafari/602.1 CFNetwork/808.3 Darwin/16.3.0" "www.liebreich.at"
188.105.235.175 - - [03/Mar/2017:09:19:31 +0100] "GET /apple-touch-icon-precomposed.png HTTP/1.1" 404 230 "-" "MobileSafari/602.1 CFNetwork/808.3 Darwin/16.3.0" "www.liebreich.at"
188.105.235.175 - - [03/Mar/2017:09:19:31 +0100] "GET /apple-touch-icon.png HTTP/1.1" 404 218 "-" "MobileSafari/602.1 CFNetwork/808.3 Darwin/16.3.0" "www.liebreich.at"
188.105.235.175 - - [03/Mar/2017:09:19:31 +0100] "GET /favicon.ico HTTP/1.1" 404 209 "-" "MobileSafari/602.1 CFNetwork/808.3 Darwin/16.3.0" "www.liebreich.at"
146.185.223.200 - - [03/Mar/2017:09:26:18 +0100] "GET / HTTP/1.0" 404 - "http://lanyrd.com/profile/ga2062840628408u-2084/bio/" "Mozilla/5.0 (Windows NT 6.1; WOW64) AppleWebKit/537.36 (KHTML, like Gecko) Chrome/47.0.2526.111 Safari/537.36 OPR/34.0.2036.50" "www.liebreich.at"
146.185.223.200 - - [03/Mar/2017:09:26:18 +0100] "GET / HTTP/1.0" 404 - "http://lanyrd.com/profile/ga2062840628408u-2084/bio/" "Mozilla/5.0 (Windows NT 6.1; WOW64) AppleWebKit/537.36 (KHTML, like Gecko) Chrome/47.0.2526.111 Safari/537.36 OPR/34.0.2036.50" "www.liebreich.at"
146.185.223.200 - - [03/Mar/2017:09:26:18 +0100] "GET / HTTP/1.0" 404 - "http://lanyrd.com/profile/ga2062840628408u-2084/bio/" "Mozilla/5.0 (Windows NT 6.1; WOW64) AppleWebKit/537.36 (KHTML, like Gecko) Chrome/47.0.2526.111 Safari/537.36 OPR/34.0.2036.50" "www.liebreich.at"
146.185.223.200 - - [03/Mar/2017:09:26:18 +0100] "GET / HTTP/1.0" 404 - "http://lanyrd.com/profile/ga2062840628408u-2084/bio/" "Mozilla/5.0 (Windows NT 6.1; WOW64) AppleWebKit/537.36 (KHTML, like Gecko) Chrome/47.0.2526.111 Safari/537.36 OPR/34.0.2036.50" "www.liebreich.at"
193.226.177.45 - - [03/Mar/2017:09:28:01 +0100] "GET /m/whatsapp HTTP/1.1" 404 208 "-" "Mozilla/4.0" "www.liebreich.at"
193.226.177.45 - - [03/Mar/2017:09:28:10 +0100] "GET /m/whatsapp HTTP/1.1" 404 208 "-" "Mozilla/4.0" "www.liebreich.at"
146.185.223.200 - - [03/Mar/2017:09:39:04 +0100] "GET / HTTP/1.0" 404 - "http://www.theknot.com/wedding/depakote-and-delivery" "Mozilla/5.0 (Windows NT 10.0; WOW64) AppleWebKit/537.36 (KHTML, like Gecko) Chrome/48.0.2564.97 Safari/537.36" "www.liebreich.at"
146.185.223.200 - - [03/Mar/2017:09:39:04 +0100] "GET / HTTP/1.0" 404 - "http://www.theknot.com/wedding/depakote-and-delivery" "Mozilla/5.0 (Windows NT 10.0; WOW64) AppleWebKit/537.36 (KHTML, like Gecko) Chrome/48.0.2564.97 Safari/537.36" "www.liebreich.at"
146.185.223.200 - - [03/Mar/2017:09:39:04 +0100] "GET / HTTP/1.0" 404 - "http://www.theknot.com/wedding/depakote-and-delivery" "Mozilla/5.0 (Windows NT 10.0; WOW64) AppleWebKit/537.36 (KHTML, like Gecko) Chrome/48.0.2564.97 Safari/537.36" "www.liebreich.at"
146.185.223.200 - - [03/Mar/2017:09:39:04 +0100] "GET / HTTP/1.0" 404 - "http://www.theknot.com/wedding/depakote-and-delivery" "Mozilla/5.0 (Windows NT 10.0; WOW64) AppleWebKit/537.36 (KHTML, like Gecko) Chrome/48.0.2564.97 Safari/537.36" "www.liebreich.at"
213.81.140.54 - - [03/Mar/2017:09:46:47 +0100] "GET /m/whatsapp HTTP/1.1" 404 208 "http://www.google.sk/url?sa=t&rct=j&q=&esrc=s&source=web&cd=1&ved=0CCEQFjAA&url=http%3A%2F%2Fliebreich.at%2Fm%2Fwhatsapp&ei=dQoC53vIlSOg5jnK44N8&usg=5OLBdojVGsVPGqyz97N-CT3cgFWHvEtPDW" "Mozilla/5.0 (Windows NT 6.1; WOW64; rv:23.0) Gecko/20100101 Firefox/23.0" "www.liebreich.at"
