54.153.19.189 - - [02/Mar/2017:14:15:34 +0100] "HEAD /m HTTP/1.1" 404 - "-" "Mozilla/5.0 (compatible, MSIE 11, Windows NT 6.3; Trident/7.0; rv:11.0) like Gecko" "www.liebreich.at"
77.119.128.148 - - [02/Mar/2017:14:19:35 +0100] "GET /userfiles/images/v_vorne.jpg HTTP/1.1" 404 226 "https://www.google.at/" "Mozilla/5.0 (Linux; Android 6.0.1; SAMSUNG SM-G930F Build/MMB29K) AppleWebKit/537.36 (KHTML, like Gecko) SamsungBrowser/4.0 Chrome/44.0.2403.133 Mobile Safari/537.36" "www.liebreich.at"
146.185.223.200 - - [02/Mar/2017:14:26:26 +0100] "GET / HTTP/1.0" 404 - "http://www.theknot.com/wedding/estrace-and-price" "Mozilla/5.0 (Windows NT 10.0; WOW64; rv:43.0) Gecko/20100101 Firefox/43.0" "www.liebreich.at"
146.185.223.200 - - [02/Mar/2017:14:26:26 +0100] "GET / HTTP/1.0" 404 - "http://www.theknot.com/wedding/estrace-and-price" "Mozilla/5.0 (Windows NT 10.0; WOW64; rv:43.0) Gecko/20100101 Firefox/43.0" "www.liebreich.at"
195.37.52.139 - - [02/Mar/2017:14:26:25 +0100] "GET /?Motorrad:Werkstatt:Vergaser_Revision HTTP/1.1" 404 - "-" "Mozilla/5.0 (iPhone; CPU iPhone OS 10_2_1 like Mac OS X) AppleWebKit/602.4.6 (KHTML, like Gecko) Version/10.0 Mobile/14D27 Safari/602.1" "www.liebreich.at"
146.185.223.200 - - [02/Mar/2017:14:26:26 +0100] "GET / HTTP/1.0" 404 - "http://www.theknot.com/wedding/estrace-and-price" "Mozilla/5.0 (Windows NT 10.0; WOW64; rv:43.0) Gecko/20100101 Firefox/43.0" "www.liebreich.at"
146.185.223.200 - - [02/Mar/2017:14:26:26 +0100] "GET / HTTP/1.0" 404 - "http://www.theknot.com/wedding/estrace-and-price" "Mozilla/5.0 (Windows NT 10.0; WOW64; rv:43.0) Gecko/20100101 Firefox/43.0" "www.liebreich.at"
68.180.230.186 - - [02/Mar/2017:14:26:50 +0100] "GET /robots.txt HTTP/1.1" 404 208 "-" "Mozilla/5.0 (compatible; Yahoo! Slurp; http://help.yahoo.com/help/us/ysearch/slurp)" "www.liebreich.at"
68.180.230.186 - - [02/Mar/2017:14:26:50 +0100] "GET /?Ueber_uns___Thomas&print HTTP/1.1" 404 - "-" "Mozilla/5.0 (compatible; Yahoo! Slurp; http://help.yahoo.com/help/us/ysearch/slurp)" "www.liebreich.at"
146.185.223.200 - - [02/Mar/2017:14:39:32 +0100] "GET / HTTP/1.0" 404 - "http://www.nature.com/protocolexchange/labgroups/544387" "Mozilla/5.0 (Windows NT 6.1; WOW64) AppleWebKit/537.36 (KHTML, like Gecko) Chrome/47.0.2526.111 Safari/537.36 OPR/34.0.2036.50" "www.liebreich.at"
146.185.223.200 - - [02/Mar/2017:14:39:33 +0100] "GET / HTTP/1.0" 404 - "http://www.nature.com/protocolexchange/labgroups/544387" "Mozilla/5.0 (Windows NT 6.1; WOW64) AppleWebKit/537.36 (KHTML, like Gecko) Chrome/47.0.2526.111 Safari/537.36 OPR/34.0.2036.50" "www.liebreich.at"
146.185.223.200 - - [02/Mar/2017:14:39:33 +0100] "GET / HTTP/1.0" 404 - "http://www.nature.com/protocolexchange/labgroups/544387" "Mozilla/5.0 (Windows NT 6.1; WOW64) AppleWebKit/537.36 (KHTML, like Gecko) Chrome/47.0.2526.111 Safari/537.36 OPR/34.0.2036.50" "www.liebreich.at"
193.226.177.45 - - [02/Mar/2017:14:39:38 +0100] "GET /m/whatsapp HTTP/1.1" 404 208 "-" "Mozilla/4.0" "www.liebreich.at"
146.185.223.200 - - [02/Mar/2017:14:39:33 +0100] "GET / HTTP/1.0" 404 - "http://www.nature.com/protocolexchange/labgroups/544387" "Mozilla/5.0 (Windows NT 6.1; WOW64) AppleWebKit/537.36 (KHTML, like Gecko) Chrome/47.0.2526.111 Safari/537.36 OPR/34.0.2036.50" "www.liebreich.at"
193.226.177.45 - - [02/Mar/2017:14:39:38 +0100] "GET /m/whatsapp HTTP/1.1" 404 208 "-" "Mozilla/4.0" "www.liebreich.at"
88.64.114.114 - - [02/Mar/2017:14:41:46 +0100] "GET /userfiles/images/v_duesen.jpg HTTP/1.1" 404 227 "https://www.google.de/" "Mozilla/5.0 (Windows NT 6.1; WOW64; rv:51.0) Gecko/20100101 Firefox/51.0" "www.liebreich.at"
88.64.114.114 - - [02/Mar/2017:14:41:58 +0100] "GET /userfiles/images/v_be_pumpe.jpg HTTP/1.1" 404 229 "https://www.google.de/" "Mozilla/5.0 (Windows NT 6.1; WOW64; rv:51.0) Gecko/20100101 Firefox/51.0" "www.liebreich.at"
193.226.177.45 - - [02/Mar/2017:14:52:20 +0100] "GET /m/whatsapp HTTP/1.1" 404 208 "-" "Mozilla/4.0" "www.liebreich.at"
146.185.223.200 - - [02/Mar/2017:14:52:43 +0100] "GET / HTTP/1.0" 404 - "http://www.theknot.com/wedding/ordering-atenolol" "Mozilla/5.0 (Windows NT 6.1; WOW64; rv:44.0) Gecko/20100101 Firefox/44.0" "www.liebreich.at"
146.185.223.200 - - [02/Mar/2017:14:52:43 +0100] "GET / HTTP/1.0" 404 - "http://www.theknot.com/wedding/ordering-atenolol" "Mozilla/5.0 (Windows NT 6.1; WOW64; rv:44.0) Gecko/20100101 Firefox/44.0" "www.liebreich.at"
146.185.223.200 - - [02/Mar/2017:14:52:43 +0100] "GET / HTTP/1.0" 404 - "http://www.theknot.com/wedding/ordering-atenolol" "Mozilla/5.0 (Windows NT 6.1; WOW64; rv:44.0) Gecko/20100101 Firefox/44.0" "www.liebreich.at"
146.185.223.200 - - [02/Mar/2017:14:52:43 +0100] "GET / HTTP/1.0" 404 - "http://www.theknot.com/wedding/ordering-atenolol" "Mozilla/5.0 (Windows NT 6.1; WOW64; rv:44.0) Gecko/20100101 Firefox/44.0" "www.liebreich.at"
66.249.66.24 - - [02/Mar/2017:14:55:30 +0100] "GET /?Willkommen HTTP/1.1" 404 - "-" "Mozilla/5.0 (compatible; Googlebot/2.1; +http://www.google.com/bot.html)" "www.liebreich.at"
66.249.66.24 - - [02/Mar/2017:15:02:50 +0100] "GET /?Motorrad_%2B_Auto HTTP/1.1" 404 - "-" "Mozilla/5.0 (Linux; Android 6.0.1; Nexus 5X Build/MMB29P) AppleWebKit/537.36 (KHTML, like Gecko) Chrome/41.0.2272.96 Mobile Safari/537.36 (compatible; Googlebot/2.1; +http://www.google.com/bot.html)" "www.liebreich.at"
146.185.223.200 - - [02/Mar/2017:15:05:50 +0100] "GET / HTTP/1.0" 404 - "http://www.nature.com/protocolexchange/labgroups/521811" "Mozilla/5.0 (Windows NT 10.0; WOW64; rv:43.0) Gecko/20100101 Firefox/43.0" "www.liebreich.at"
199.58.86.211 - - [02/Mar/2017:15:00:30 +0100] "GET /robots.txt HTTP/1.0" 404 208 "-" "Mozilla/5.0 (compatible; MJ12bot/v1.4.8; http://mj12bot.com/)" "www.liebreich.at"
146.185.223.200 - - [02/Mar/2017:15:05:50 +0100] "GET / HTTP/1.0" 404 - "http://www.nature.com/protocolexchange/labgroups/521811" "Mozilla/5.0 (Windows NT 10.0; WOW64; rv:43.0) Gecko/20100101 Firefox/43.0" "www.liebreich.at"
146.185.223.200 - - [02/Mar/2017:15:05:50 +0100] "GET / HTTP/1.0" 404 - "http://www.nature.com/protocolexchange/labgroups/521811" "Mozilla/5.0 (Windows NT 10.0; WOW64; rv:43.0) Gecko/20100101 Firefox/43.0" "www.liebreich.at"
146.185.223.200 - - [02/Mar/2017:15:05:50 +0100] "GET / HTTP/1.0" 404 - "http://www.nature.com/protocolexchange/labgroups/521811" "Mozilla/5.0 (Windows NT 10.0; WOW64; rv:43.0) Gecko/20100101 Firefox/43.0" "www.liebreich.at"
194.242.96.226 - - [02/Mar/2017:15:11:19 +0100] "GET /m/whatsapp HTTP/1.1" 404 208 "-" "Mozilla/5.0 (Windows NT 6.0; WOW64; rv:24.0) Gecko/20100101 Firefox/24.0" "www.liebreich.at"
193.226.177.45 - - [02/Mar/2017:15:17:29 +0100] "GET /m/whatsapp HTTP/1.1" 404 208 "-" "Mozilla/4.0" "www.liebreich.at"
95.223.178.7 - - [02/Mar/2017:15:18:50 +0100] "GET /apple-touch-icon-152x152-precomposed.png HTTP/1.1" 404 238 "-" "MobileSafari/602.1 CFNetwork/808.3 Darwin/16.3.0" "www.liebreich.at"
95.223.178.7 - - [02/Mar/2017:15:18:50 +0100] "GET /apple-touch-icon-152x152.png HTTP/1.1" 404 226 "-" "MobileSafari/602.1 CFNetwork/808.3 Darwin/16.3.0" "www.liebreich.at"
95.223.178.7 - - [02/Mar/2017:15:18:50 +0100] "GET /apple-touch-icon-precomposed.png HTTP/1.1" 404 230 "-" "MobileSafari/602.1 CFNetwork/808.3 Darwin/16.3.0" "www.liebreich.at"
95.223.178.7 - - [02/Mar/2017:15:18:50 +0100] "GET /apple-touch-icon.png HTTP/1.1" 404 218 "-" "MobileSafari/602.1 CFNetwork/808.3 Darwin/16.3.0" "www.liebreich.at"
95.223.178.7 - - [02/Mar/2017:15:18:50 +0100] "GET /favicon.ico HTTP/1.1" 404 209 "-" "MobileSafari/602.1 CFNetwork/808.3 Darwin/16.3.0" "www.liebreich.at"
95.223.178.7 - - [02/Mar/2017:15:18:50 +0100] "GET /apple-touch-icon-152x152-precomposed.png HTTP/1.1" 404 238 "-" "MobileSafari/602.1 CFNetwork/808.3 Darwin/16.3.0" "www.liebreich.at"
95.223.178.7 - - [02/Mar/2017:15:18:50 +0100] "GET /apple-touch-icon-152x152.png HTTP/1.1" 404 226 "-" "MobileSafari/602.1 CFNetwork/808.3 Darwin/16.3.0" "www.liebreich.at"
95.223.178.7 - - [02/Mar/2017:15:18:50 +0100] "GET /apple-touch-icon-precomposed.png HTTP/1.1" 404 230 "-" "MobileSafari/602.1 CFNetwork/808.3 Darwin/16.3.0" "www.liebreich.at"
95.223.178.7 - - [02/Mar/2017:15:18:50 +0100] "GET /apple-touch-icon.png HTTP/1.1" 404 218 "-" "MobileSafari/602.1 CFNetwork/808.3 Darwin/16.3.0" "www.liebreich.at"
95.223.178.7 - - [02/Mar/2017:15:18:50 +0100] "GET /favicon.ico HTTP/1.1" 404 209 "-" "MobileSafari/602.1 CFNetwork/808.3 Darwin/16.3.0" "www.liebreich.at"
146.185.223.200 - - [02/Mar/2017:15:19:04 +0100] "GET / HTTP/1.0" 404 - "http://imipramine25mghg.over-blog.com/2014/04/order-imipramine-75mg-without-prescription-imipramine-non-prescription-purchase.html" "Mozilla/5.0 (Windows NT 6.1) AppleWebKit/537.36 (KHTML, like Gecko) Chrome/47.0.2526.111 Safari/537.36" "www.liebreich.at"
146.185.223.200 - - [02/Mar/2017:15:19:04 +0100] "GET / HTTP/1.0" 404 - "http://imipramine25mghg.over-blog.com/2014/04/order-imipramine-75mg-without-prescription-imipramine-non-prescription-purchase.html" "Mozilla/5.0 (Windows NT 6.1) AppleWebKit/537.36 (KHTML, like Gecko) Chrome/47.0.2526.111 Safari/537.36" "www.liebreich.at"
193.226.177.45 - - [02/Mar/2017:15:17:29 +0100] "GET /m/whatsapp HTTP/1.1" 404 208 "-" "Mozilla/4.0" "www.liebreich.at"
95.223.178.7 - - [02/Mar/2017:15:18:50 +0100] "GET /?Motorrad_%2B_Auto___Werkstatt___Vergaser_Revision HTTP/1.1" 404 - "-" "Mozilla/5.0 (iPad; CPU OS 10_2_1 like Mac OS X) AppleWebKit/602.4.6 (KHTML, like Gecko) Version/10.0 Mobile/14D27 Safari/602.1" "www.liebreich.at"
146.185.223.200 - - [02/Mar/2017:15:19:04 +0100] "GET / HTTP/1.0" 404 - "http://imipramine25mghg.over-blog.com/2014/04/order-imipramine-75mg-without-prescription-imipramine-non-prescription-purchase.html" "Mozilla/5.0 (Windows NT 6.1) AppleWebKit/537.36 (KHTML, like Gecko) Chrome/47.0.2526.111 Safari/537.36" "www.liebreich.at"
146.185.223.200 - - [02/Mar/2017:15:19:04 +0100] "GET / HTTP/1.0" 404 - "http://imipramine25mghg.over-blog.com/2014/04/order-imipramine-75mg-without-prescription-imipramine-non-prescription-purchase.html" "Mozilla/5.0 (Windows NT 6.1) AppleWebKit/537.36 (KHTML, like Gecko) Chrome/47.0.2526.111 Safari/537.36" "www.liebreich.at"
163.172.65.195 - - [02/Mar/2017:15:23:13 +0100] "GET /?Motorrad_%2B_Auto___Duster&print HTTP/1.1" 404 - "-" "Mozilla/5.0 (compatible; AhrefsBot/5.2; +http://ahrefs.com/robot/)" "www.liebreich.at"
109.40.0.18 - - [02/Mar/2017:15:26:19 +0100] "GET /userfiles/images/v_schwimmer1.jpg HTTP/1.1" 404 231 "-" "Mozilla/5.0 (Linux; Android 6.0.1; SM-N910F Build/MMB29M; wv) AppleWebKit/537.36 (KHTML, like Gecko) Version/4.0 Chrome/56.0.2924.87 Mobile Safari/537.36 GSA/6.12.25.21.arm" "www.liebreich.at"
146.185.223.200 - - [02/Mar/2017:15:32:13 +0100] "GET / HTTP/1.0" 404 - "http://www.theknot.com/wedding/fenofibrate-and-prices" "Mozilla/5.0 (Windows NT 6.3; WOW64) AppleWebKit/537.36 (KHTML, like Gecko) Chrome/48.0.2564.109 Safari/537.36" "www.liebreich.at"
146.185.223.200 - - [02/Mar/2017:15:32:13 +0100] "GET / HTTP/1.0" 404 - "http://www.theknot.com/wedding/fenofibrate-and-prices" "Mozilla/5.0 (Windows NT 6.3; WOW64) AppleWebKit/537.36 (KHTML, like Gecko) Chrome/48.0.2564.109 Safari/537.36" "www.liebreich.at"
146.185.223.200 - - [02/Mar/2017:15:32:13 +0100] "GET / HTTP/1.0" 404 - "http://www.theknot.com/wedding/fenofibrate-and-prices" "Mozilla/5.0 (Windows NT 6.3; WOW64) AppleWebKit/537.36 (KHTML, like Gecko) Chrome/48.0.2564.109 Safari/537.36" "www.liebreich.at"
146.185.223.200 - - [02/Mar/2017:15:32:13 +0100] "GET / HTTP/1.0" 404 - "http://www.theknot.com/wedding/fenofibrate-and-prices" "Mozilla/5.0 (Windows NT 6.3; WOW64) AppleWebKit/537.36 (KHTML, like Gecko) Chrome/48.0.2564.109 Safari/537.36" "www.liebreich.at"
207.46.13.32 - - [02/Mar/2017:15:35:02 +0100] "GET /?ueber_uns___sabine HTTP/1.1" 404 - "-" "Mozilla/5.0 (iPhone; CPU iPhone OS 7_0 like Mac OS X) AppleWebKit/537.51.1 (KHTML, like Gecko) Version/7.0 Mobile/11A465 Safari/9537.53 (compatible; bingbot/2.0; +http://www.bing.com/bingbot.htm)" "www.liebreich.at"
207.46.13.198 - - [02/Mar/2017:15:34:59 +0100] "GET /robots.txt HTTP/1.1" 404 208 "-" "Mozilla/5.0 (compatible; bingbot/2.0; +http://www.bing.com/bingbot.htm)" "www.liebreich.at"
188.105.229.153 - - [02/Mar/2017:15:43:05 +0100] "GET /?Motorrad_%2B_Auto___Werkstatt___Vergaser_Revision HTTP/1.1" 404 - "-" "Mozilla/5.0 (iPad; CPU OS 10_2 like Mac OS X) AppleWebKit/602.3.12 (KHTML, like Gecko) Version/10.0 Mobile/14C92 Safari/602.1" "www.liebreich.at"
188.105.229.153 - - [02/Mar/2017:15:43:05 +0100] "GET /apple-touch-icon-152x152-precomposed.png HTTP/1.1" 404 238 "-" "MobileSafari/602.1 CFNetwork/808.2.16 Darwin/16.3.0" "www.liebreich.at"
188.105.229.153 - - [02/Mar/2017:15:43:05 +0100] "GET /apple-touch-icon-152x152.png HTTP/1.1" 404 226 "-" "MobileSafari/602.1 CFNetwork/808.2.16 Darwin/16.3.0" "www.liebreich.at"
188.105.229.153 - - [02/Mar/2017:15:43:05 +0100] "GET /apple-touch-icon-precomposed.png HTTP/1.1" 404 230 "-" "MobileSafari/602.1 CFNetwork/808.2.16 Darwin/16.3.0" "www.liebreich.at"
188.105.229.153 - - [02/Mar/2017:15:43:05 +0100] "GET /apple-touch-icon.png HTTP/1.1" 404 218 "-" "MobileSafari/602.1 CFNetwork/808.2.16 Darwin/16.3.0" "www.liebreich.at"
188.105.229.153 - - [02/Mar/2017:15:43:05 +0100] "GET /favicon.ico HTTP/1.1" 404 209 "-" "MobileSafari/602.1 CFNetwork/808.2.16 Darwin/16.3.0" "www.liebreich.at"
188.105.229.153 - - [02/Mar/2017:15:43:06 +0100] "GET /apple-touch-icon-152x152-precomposed.png HTTP/1.1" 404 238 "-" "MobileSafari/602.1 CFNetwork/808.2.16 Darwin/16.3.0" "www.liebreich.at"
188.105.229.153 - - [02/Mar/2017:15:43:06 +0100] "GET /apple-touch-icon-152x152.png HTTP/1.1" 404 226 "-" "MobileSafari/602.1 CFNetwork/808.2.16 Darwin/16.3.0" "www.liebreich.at"
188.105.229.153 - - [02/Mar/2017:15:43:06 +0100] "GET /apple-touch-icon-precomposed.png HTTP/1.1" 404 230 "-" "MobileSafari/602.1 CFNetwork/808.2.16 Darwin/16.3.0" "www.liebreich.at"
188.105.229.153 - - [02/Mar/2017:15:43:06 +0100] "GET /apple-touch-icon.png HTTP/1.1" 404 218 "-" "MobileSafari/602.1 CFNetwork/808.2.16 Darwin/16.3.0" "www.liebreich.at"
188.105.229.153 - - [02/Mar/2017:15:43:06 +0100] "GET /favicon.ico HTTP/1.1" 404 209 "-" "MobileSafari/602.1 CFNetwork/808.2.16 Darwin/16.3.0" "www.liebreich.at"
146.185.223.200 - - [02/Mar/2017:15:49:45 +0100] "GET / HTTP/1.0" 404 - "http://order-tetracycline-online-cheap.page.tl" "Mozilla/5.0 (Windows NT 6.3; WOW64) AppleWebKit/537.36 (KHTML, like Gecko) Chrome/48.0.2564.97 Safari/537.36" "www.liebreich.at"
146.185.223.200 - - [02/Mar/2017:15:49:45 +0100] "GET / HTTP/1.0" 404 - "http://order-tetracycline-online-cheap.page.tl" "Mozilla/5.0 (Windows NT 6.3; WOW64) AppleWebKit/537.36 (KHTML, like Gecko) Chrome/48.0.2564.97 Safari/537.36" "www.liebreich.at"
146.185.223.200 - - [02/Mar/2017:15:49:45 +0100] "GET / HTTP/1.0" 404 - "http://order-tetracycline-online-cheap.page.tl" "Mozilla/5.0 (Windows NT 6.3; WOW64) AppleWebKit/537.36 (KHTML, like Gecko) Chrome/48.0.2564.97 Safari/537.36" "www.liebreich.at"
146.185.223.200 - - [02/Mar/2017:15:49:45 +0100] "GET / HTTP/1.0" 404 - "http://order-tetracycline-online-cheap.page.tl" "Mozilla/5.0 (Windows NT 6.3; WOW64) AppleWebKit/537.36 (KHTML, like Gecko) Chrome/48.0.2564.97 Safari/537.36" "www.liebreich.at"
94.88.162.206 - - [02/Mar/2017:15:53:10 +0100] "GET /userfiles/images/v_gemischregulierschraube.jpg HTTP/1.1" 404 244 "https://www.google.it/" "Mozilla/5.0 (Windows NT 6.1; Win64; x64) AppleWebKit/537.36 (KHTML, like Gecko) Chrome/56.0.2924.87 Safari/537.36" "www.liebreich.at"
193.226.177.45 - - [02/Mar/2017:15:56:09 +0100] "GET /m/whatsapp HTTP/1.1" 404 208 "-" "Mozilla/4.0" "www.liebreich.at"
193.226.177.45 - - [02/Mar/2017:15:56:12 +0100] "GET /m/whatsapp HTTP/1.1" 404 208 "-" "Mozilla/4.0" "www.liebreich.at"
40.77.167.40 - - [02/Mar/2017:16:00:30 +0100] "GET /?News HTTP/1.1" 404 - "-" "msnbot-media/1.1 (+http://search.msn.com/msnbot.htm)" "www.liebreich.at"
146.185.223.200 - - [02/Mar/2017:16:02:54 +0100] "GET / HTTP/1.0" 404 - "http://www.nature.com/protocolexchange/labgroups/519761" "Mozilla/5.0 (Windows NT 6.1; WOW64) AppleWebKit/537.36 (KHTML, like Gecko) Chrome/48.0.2564.97 Safari/537.36" "www.liebreich.at"
146.185.223.200 - - [02/Mar/2017:16:02:55 +0100] "GET / HTTP/1.0" 404 - "http://www.nature.com/protocolexchange/labgroups/519761" "Mozilla/5.0 (Windows NT 6.1; WOW64) AppleWebKit/537.36 (KHTML, like Gecko) Chrome/48.0.2564.97 Safari/537.36" "www.liebreich.at"
193.226.177.45 - - [02/Mar/2017:16:08:05 +0100] "GET /m/whatsapp HTTP/1.1" 404 208 "-" "Mozilla/4.0" "www.liebreich.at"
146.185.223.200 - - [02/Mar/2017:16:02:54 +0100] "GET / HTTP/1.0" 404 - "http://www.nature.com/protocolexchange/labgroups/519761" "Mozilla/5.0 (Windows NT 6.1; WOW64) AppleWebKit/537.36 (KHTML, like Gecko) Chrome/48.0.2564.97 Safari/537.36" "www.liebreich.at"
146.185.223.200 - - [02/Mar/2017:16:02:55 +0100] "GET / HTTP/1.0" 404 - "http://www.nature.com/protocolexchange/labgroups/519761" "Mozilla/5.0 (Windows NT 6.1; WOW64) AppleWebKit/537.36 (KHTML, like Gecko) Chrome/48.0.2564.97 Safari/537.36" "www.liebreich.at"
91.211.75.5 - - [02/Mar/2017:16:08:43 +0100] "GET /images/v_schwimmernadelventil2.jpg HTTP/1.1" 404 232 "-" "Mozilla/5.0 (X11; Ubuntu; Linux x86_64; rv:25.0) Gecko/20100101 Firefox/25.0 (via de.motortalk.utils.HttpUtils)" "www.liebreich.at"
146.185.223.200 - - [02/Mar/2017:16:15:59 +0100] "GET / HTTP/1.0" 404 - "http://www.purevolume.com/orderdiscountlevothroid50mg" "Mozilla/5.0 (Windows NT 6.1; WOW64) AppleWebKit/537.36 (KHTML, like Gecko) Chrome/47.0.2526.111 Safari/537.36" "www.liebreich.at"
146.185.223.200 - - [02/Mar/2017:16:15:59 +0100] "GET / HTTP/1.0" 404 - "http://www.purevolume.com/orderdiscountlevothroid50mg" "Mozilla/5.0 (Windows NT 6.1; WOW64) AppleWebKit/537.36 (KHTML, like Gecko) Chrome/47.0.2526.111 Safari/537.36" "www.liebreich.at"
146.185.223.200 - - [02/Mar/2017:16:15:59 +0100] "GET / HTTP/1.0" 404 - "http://www.purevolume.com/orderdiscountlevothroid50mg" "Mozilla/5.0 (Windows NT 6.1; WOW64) AppleWebKit/537.36 (KHTML, like Gecko) Chrome/47.0.2526.111 Safari/537.36" "www.liebreich.at"
146.185.223.200 - - [02/Mar/2017:16:15:59 +0100] "GET / HTTP/1.0" 404 - "http://www.purevolume.com/orderdiscountlevothroid50mg" "Mozilla/5.0 (Windows NT 6.1; WOW64) AppleWebKit/537.36 (KHTML, like Gecko) Chrome/47.0.2526.111 Safari/537.36" "www.liebreich.at"
146.185.223.200 - - [02/Mar/2017:16:29:00 +0100] "GET / HTTP/1.0" 404 - "http://www.nature.com/protocolexchange/labgroups/555027" "Mozilla/5.0 (Windows NT 6.1; rv:43.0) Gecko/20100101 Firefox/43.0" "www.liebreich.at"
146.185.223.200 - - [02/Mar/2017:16:29:00 +0100] "GET / HTTP/1.0" 404 - "http://www.nature.com/protocolexchange/labgroups/555027" "Mozilla/5.0 (Windows NT 6.1; rv:43.0) Gecko/20100101 Firefox/43.0" "www.liebreich.at"
146.185.223.200 - - [02/Mar/2017:16:29:00 +0100] "GET / HTTP/1.0" 404 - "http://www.nature.com/protocolexchange/labgroups/555027" "Mozilla/5.0 (Windows NT 6.1; rv:43.0) Gecko/20100101 Firefox/43.0" "www.liebreich.at"
146.185.223.200 - - [02/Mar/2017:16:29:00 +0100] "GET / HTTP/1.0" 404 - "http://www.nature.com/protocolexchange/labgroups/555027" "Mozilla/5.0 (Windows NT 6.1; rv:43.0) Gecko/20100101 Firefox/43.0" "www.liebreich.at"
193.226.177.45 - - [02/Mar/2017:16:32:05 +0100] "GET /m/whatsapp HTTP/1.1" 404 208 "-" "Mozilla/4.0" "www.liebreich.at"
193.226.177.45 - - [02/Mar/2017:16:34:19 +0100] "GET /m/whatsapp HTTP/1.1" 404 208 "-" "Mozilla/4.0" "www.liebreich.at"
88.153.193.17 - - [02/Mar/2017:16:41:00 +0100] "GET /?Motorrad_%2B_Auto___Werkstatt___Vergaser_Revision HTTP/1.1" 404 - "-" "Mozilla/5.0 (iPhone; CPU iPhone OS 10_2_1 like Mac OS X) AppleWebKit/602.4.6 (KHTML, like Gecko) Version/10.0 Mobile/14D27 Safari/602.1" "www.liebreich.at"
88.153.193.17 - - [02/Mar/2017:16:41:00 +0100] "GET /apple-touch-icon-120x120-precomposed.png HTTP/1.1" 404 238 "-" "MobileSafari/602.1 CFNetwork/808.3 Darwin/16.3.0" "www.liebreich.at"
88.153.193.17 - - [02/Mar/2017:16:41:00 +0100] "GET /apple-touch-icon-120x120.png HTTP/1.1" 404 226 "-" "MobileSafari/602.1 CFNetwork/808.3 Darwin/16.3.0" "www.liebreich.at"
88.153.193.17 - - [02/Mar/2017:16:41:00 +0100] "GET /apple-touch-icon-precomposed.png HTTP/1.1" 404 230 "-" "MobileSafari/602.1 CFNetwork/808.3 Darwin/16.3.0" "www.liebreich.at"
88.153.193.17 - - [02/Mar/2017:16:41:00 +0100] "GET /apple-touch-icon.png HTTP/1.1" 404 218 "-" "MobileSafari/602.1 CFNetwork/808.3 Darwin/16.3.0" "www.liebreich.at"
88.153.193.17 - - [02/Mar/2017:16:41:00 +0100] "GET /favicon.ico HTTP/1.1" 404 209 "-" "MobileSafari/602.1 CFNetwork/808.3 Darwin/16.3.0" "www.liebreich.at"
88.153.193.17 - - [02/Mar/2017:16:41:01 +0100] "GET /apple-touch-icon-120x120-precomposed.png HTTP/1.1" 404 238 "-" "MobileSafari/602.1 CFNetwork/808.3 Darwin/16.3.0" "www.liebreich.at"
88.153.193.17 - - [02/Mar/2017:16:41:01 +0100] "GET /apple-touch-icon-120x120.png HTTP/1.1" 404 226 "-" "MobileSafari/602.1 CFNetwork/808.3 Darwin/16.3.0" "www.liebreich.at"
88.153.193.17 - - [02/Mar/2017:16:41:01 +0100] "GET /apple-touch-icon-precomposed.png HTTP/1.1" 404 230 "-" "MobileSafari/602.1 CFNetwork/808.3 Darwin/16.3.0" "www.liebreich.at"
88.153.193.17 - - [02/Mar/2017:16:41:01 +0100] "GET /apple-touch-icon.png HTTP/1.1" 404 218 "-" "MobileSafari/602.1 CFNetwork/808.3 Darwin/16.3.0" "www.liebreich.at"
88.153.193.17 - - [02/Mar/2017:16:41:01 +0100] "GET /favicon.ico HTTP/1.1" 404 209 "-" "MobileSafari/602.1 CFNetwork/808.3 Darwin/16.3.0" "www.liebreich.at"
146.185.223.200 - - [02/Mar/2017:16:42:03 +0100] "GET / HTTP/1.0" 404 - "http://loperamide-2mg-buy.over-blog.com/2014/04/cheap-loperamide-buy-online-buy-loperamide-the-uk-2014.html" "Mozilla/5.0 (Windows NT 6.3; WOW64; rv:43.0) Gecko/20100101 Firefox/43.0" "www.liebreich.at"
146.185.223.200 - - [02/Mar/2017:16:42:03 +0100] "GET / HTTP/1.0" 404 - "http://loperamide-2mg-buy.over-blog.com/2014/04/cheap-loperamide-buy-online-buy-loperamide-the-uk-2014.html" "Mozilla/5.0 (Windows NT 6.3; WOW64; rv:43.0) Gecko/20100101 Firefox/43.0" "www.liebreich.at"
95.223.178.7 - - [02/Mar/2017:16:43:33 +0100] "GET /?Motorrad_%2B_Auto___Werkstatt___Vergaser_Revision HTTP/1.1" 404 - "-" "Mozilla/5.0 (iPad; CPU OS 10_2_1 like Mac OS X) AppleWebKit/602.4.6 (KHTML, like Gecko) Version/10.0 Mobile/14D27 Safari/602.1" "www.liebreich.at"
146.185.223.200 - - [02/Mar/2017:16:42:03 +0100] "GET / HTTP/1.0" 404 - "http://loperamide-2mg-buy.over-blog.com/2014/04/cheap-loperamide-buy-online-buy-loperamide-the-uk-2014.html" "Mozilla/5.0 (Windows NT 6.3; WOW64; rv:43.0) Gecko/20100101 Firefox/43.0" "www.liebreich.at"
146.185.223.200 - - [02/Mar/2017:16:42:03 +0100] "GET / HTTP/1.0" 404 - "http://loperamide-2mg-buy.over-blog.com/2014/04/cheap-loperamide-buy-online-buy-loperamide-the-uk-2014.html" "Mozilla/5.0 (Windows NT 6.3; WOW64; rv:43.0) Gecko/20100101 Firefox/43.0" "www.liebreich.at"
95.223.178.7 - - [02/Mar/2017:16:43:33 +0100] "GET /apple-touch-icon-152x152-precomposed.png HTTP/1.1" 404 238 "-" "MobileSafari/602.1 CFNetwork/808.3 Darwin/16.3.0" "www.liebreich.at"
95.223.178.7 - - [02/Mar/2017:16:43:33 +0100] "GET /apple-touch-icon-152x152.png HTTP/1.1" 404 226 "-" "MobileSafari/602.1 CFNetwork/808.3 Darwin/16.3.0" "www.liebreich.at"
95.223.178.7 - - [02/Mar/2017:16:43:33 +0100] "GET /apple-touch-icon-precomposed.png HTTP/1.1" 404 230 "-" "MobileSafari/602.1 CFNetwork/808.3 Darwin/16.3.0" "www.liebreich.at"
95.223.178.7 - - [02/Mar/2017:16:43:33 +0100] "GET /apple-touch-icon.png HTTP/1.1" 404 218 "-" "MobileSafari/602.1 CFNetwork/808.3 Darwin/16.3.0" "www.liebreich.at"
95.223.178.7 - - [02/Mar/2017:16:43:33 +0100] "GET /favicon.ico HTTP/1.1" 404 209 "-" "MobileSafari/602.1 CFNetwork/808.3 Darwin/16.3.0" "www.liebreich.at"
95.223.178.7 - - [02/Mar/2017:16:43:33 +0100] "GET /apple-touch-icon-152x152-precomposed.png HTTP/1.1" 404 238 "-" "MobileSafari/602.1 CFNetwork/808.3 Darwin/16.3.0" "www.liebreich.at"
95.223.178.7 - - [02/Mar/2017:16:43:33 +0100] "GET /apple-touch-icon-152x152.png HTTP/1.1" 404 226 "-" "MobileSafari/602.1 CFNetwork/808.3 Darwin/16.3.0" "www.liebreich.at"
95.223.178.7 - - [02/Mar/2017:16:43:33 +0100] "GET /apple-touch-icon-precomposed.png HTTP/1.1" 404 230 "-" "MobileSafari/602.1 CFNetwork/808.3 Darwin/16.3.0" "www.liebreich.at"
95.223.178.7 - - [02/Mar/2017:16:43:33 +0100] "GET /apple-touch-icon.png HTTP/1.1" 404 218 "-" "MobileSafari/602.1 CFNetwork/808.3 Darwin/16.3.0" "www.liebreich.at"
95.223.178.7 - - [02/Mar/2017:16:43:33 +0100] "GET /favicon.ico HTTP/1.1" 404 209 "-" "MobileSafari/602.1 CFNetwork/808.3 Darwin/16.3.0" "www.liebreich.at"
80.187.123.77 - - [02/Mar/2017:16:52:24 +0100] "GET /userfiles/images/v_be_pumpe.jpg HTTP/1.1" 404 229 "https://www.google.de/" "Mozilla/5.0 (Linux; Android 6.0.1; E6853 Build/32.2.A.0.253) AppleWebKit/537.36 (KHTML, like Gecko) Chrome/49.0.2623.91 Mobile Safari/537.36" "www.liebreich.at"
146.185.223.200 - - [02/Mar/2017:16:55:08 +0100] "GET / HTTP/1.0" 404 - "http://gravatar.com/linezolidoiq" "Mozilla/5.0 (Windows NT 10.0; WOW64) AppleWebKit/537.36 (KHTML, like Gecko) Chrome/48.0.2564.116 Safari/537.36" "www.liebreich.at"
146.185.223.200 - - [02/Mar/2017:16:55:08 +0100] "GET / HTTP/1.0" 404 - "http://gravatar.com/linezolidoiq" "Mozilla/5.0 (Windows NT 10.0; WOW64) AppleWebKit/537.36 (KHTML, like Gecko) Chrome/48.0.2564.116 Safari/537.36" "www.liebreich.at"
146.185.223.200 - - [02/Mar/2017:16:55:08 +0100] "GET / HTTP/1.0" 404 - "http://gravatar.com/linezolidoiq" "Mozilla/5.0 (Windows NT 10.0; WOW64) AppleWebKit/537.36 (KHTML, like Gecko) Chrome/48.0.2564.116 Safari/537.36" "www.liebreich.at"
146.185.223.200 - - [02/Mar/2017:16:55:08 +0100] "GET / HTTP/1.0" 404 - "http://gravatar.com/linezolidoiq" "Mozilla/5.0 (Windows NT 10.0; WOW64) AppleWebKit/537.36 (KHTML, like Gecko) Chrome/48.0.2564.116 Safari/537.36" "www.liebreich.at"
40.77.167.99 - - [02/Mar/2017:16:59:48 +0100] "GET /?Motorrad_%2B_Auto___Motorrad_Geschichten HTTP/1.1" 404 - "-" "Mozilla/5.0 (iPhone; CPU iPhone OS 7_0 like Mac OS X) AppleWebKit/537.51.1 (KHTML, like Gecko) Version/7.0 Mobile/11A465 Safari/9537.53 (compatible; bingbot/2.0; +http://www.bing.com/bingbot.htm)" "www.liebreich.at"
193.226.177.45 - - [02/Mar/2017:17:06:46 +0100] "GET /m/whatsapp HTTP/1.1" 404 208 "-" "Mozilla/4.0" "www.liebreich.at"
193.226.177.45 - - [02/Mar/2017:17:06:46 +0100] "GET /m/whatsapp HTTP/1.1" 404 208 "-" "Mozilla/4.0" "www.liebreich.at"
146.185.223.200 - - [02/Mar/2017:17:08:16 +0100] "GET / HTTP/1.0" 404 - "http://gravatar.com/festeacatersebi" "Mozilla/5.0 (Windows NT 6.1; WOW64; rv:43.0) Gecko/20100101 Firefox/43.0" "www.liebreich.at"
146.185.223.200 - - [02/Mar/2017:17:08:16 +0100] "GET / HTTP/1.0" 404 - "http://gravatar.com/festeacatersebi" "Mozilla/5.0 (Windows NT 6.1; WOW64; rv:43.0) Gecko/20100101 Firefox/43.0" "www.liebreich.at"
146.185.223.200 - - [02/Mar/2017:17:08:16 +0100] "GET / HTTP/1.0" 404 - "http://gravatar.com/festeacatersebi" "Mozilla/5.0 (Windows NT 6.1; WOW64; rv:43.0) Gecko/20100101 Firefox/43.0" "www.liebreich.at"
146.185.223.200 - - [02/Mar/2017:17:08:16 +0100] "GET / HTTP/1.0" 404 - "http://gravatar.com/festeacatersebi" "Mozilla/5.0 (Windows NT 6.1; WOW64; rv:43.0) Gecko/20100101 Firefox/43.0" "www.liebreich.at"
146.185.223.200 - - [02/Mar/2017:17:21:18 +0100] "GET / HTTP/1.0" 404 - "http://phenazopyridine6if.aircus.com" "Mozilla/5.0 (Windows NT 6.1) AppleWebKit/537.36 (KHTML, like Gecko) Chrome/47.0.2526.111 Safari/537.36" "www.liebreich.at"
146.185.223.200 - - [02/Mar/2017:17:21:18 +0100] "GET / HTTP/1.0" 404 - "http://phenazopyridine6if.aircus.com" "Mozilla/5.0 (Windows NT 6.1) AppleWebKit/537.36 (KHTML, like Gecko) Chrome/47.0.2526.111 Safari/537.36" "www.liebreich.at"
92.76.164.117 - - [02/Mar/2017:17:22:49 +0100] "GET /userfiles/images/mvg4.jpg HTTP/1.1" 404 223 "https://www.google.de" "Mozilla/5.0 (Windows NT 6.1; Win64; x64; rv:47.0) Gecko/20100101 Firefox/47.0" "www.liebreich.at"
146.185.223.200 - - [02/Mar/2017:17:21:18 +0100] "GET / HTTP/1.0" 404 - "http://phenazopyridine6if.aircus.com" "Mozilla/5.0 (Windows NT 6.1) AppleWebKit/537.36 (KHTML, like Gecko) Chrome/47.0.2526.111 Safari/537.36" "www.liebreich.at"
146.185.223.200 - - [02/Mar/2017:17:21:18 +0100] "GET / HTTP/1.0" 404 - "http://phenazopyridine6if.aircus.com" "Mozilla/5.0 (Windows NT 6.1) AppleWebKit/537.36 (KHTML, like Gecko) Chrome/47.0.2526.111 Safari/537.36" "www.liebreich.at"
193.226.177.45 - - [02/Mar/2017:17:31:17 +0100] "GET /m/whatsapp HTTP/1.1" 404 208 "-" "Mozilla/4.0" "www.liebreich.at"
146.185.223.200 - - [02/Mar/2017:17:34:17 +0100] "GET / HTTP/1.0" 404 - "http://gravatar.com/labetalolhg" "Mozilla/5.0 (Windows NT 6.3; WOW64) AppleWebKit/537.36 (KHTML, like Gecko) Chrome/48.0.2564.109 Safari/537.36" "www.liebreich.at"
146.185.223.200 - - [02/Mar/2017:17:34:17 +0100] "GET / HTTP/1.0" 404 - "http://gravatar.com/labetalolhg" "Mozilla/5.0 (Windows NT 6.3; WOW64) AppleWebKit/537.36 (KHTML, like Gecko) Chrome/48.0.2564.109 Safari/537.36" "www.liebreich.at"
146.185.223.200 - - [02/Mar/2017:17:34:17 +0100] "GET / HTTP/1.0" 404 - "http://gravatar.com/labetalolhg" "Mozilla/5.0 (Windows NT 6.3; WOW64) AppleWebKit/537.36 (KHTML, like Gecko) Chrome/48.0.2564.109 Safari/537.36" "www.liebreich.at"
146.185.223.200 - - [02/Mar/2017:17:34:17 +0100] "GET / HTTP/1.0" 404 - "http://gravatar.com/labetalolhg" "Mozilla/5.0 (Windows NT 6.3; WOW64) AppleWebKit/537.36 (KHTML, like Gecko) Chrome/48.0.2564.109 Safari/537.36" "www.liebreich.at"
217.121.223.175 - - [02/Mar/2017:17:37:33 +0100] "GET /mobile/whatsapp/utilisateurs/login/verification/renewal/ HTTP/1.1" 404 254 "-" "Mozilla/5.0 (Windows NT 6.1; WOW64; rv:36.0) Gecko/20100101 Firefox/36.0" "www.liebreich.at"
217.121.223.175 - - [02/Mar/2017:17:37:33 +0100] "GET /favicon.ico HTTP/1.1" 404 209 "-" "Mozilla/5.0 (Windows NT 6.1; WOW64; rv:36.0) Gecko/20100101 Firefox/36.0" "www.liebreich.at"
217.121.223.175 - - [02/Mar/2017:17:37:33 +0100] "GET /favicon.ico HTTP/1.1" 404 209 "-" "Mozilla/5.0 (Windows NT 6.1; WOW64; rv:36.0) Gecko/20100101 Firefox/36.0" "www.liebreich.at"
193.226.177.45 - - [02/Mar/2017:17:41:11 +0100] "GET /m/whatsapp HTTP/1.1" 404 208 "-" "Mozilla/4.0" "www.liebreich.at"
193.226.177.45 - - [02/Mar/2017:17:41:11 +0100] "GET /m/whatsapp HTTP/1.1" 404 208 "-" "Mozilla/4.0" "www.liebreich.at"
188.105.229.153 - - [02/Mar/2017:17:43:41 +0100] "GET /?Motorrad_%2B_Auto___Werkstatt___Vergaser_Revision HTTP/1.1" 404 - "-" "Mozilla/5.0 (iPhone; CPU iPhone OS 10_2_1 like Mac OS X) AppleWebKit/602.4.6 (KHTML, like Gecko) Version/10.0 Mobile/14D27 Safari/602.1" "www.liebreich.at"
188.105.229.153 - - [02/Mar/2017:17:43:41 +0100] "GET /apple-touch-icon-120x120-precomposed.png HTTP/1.1" 404 238 "-" "MobileSafari/602.1 CFNetwork/808.3 Darwin/16.3.0" "www.liebreich.at"
188.105.229.153 - - [02/Mar/2017:17:43:41 +0100] "GET /apple-touch-icon-120x120.png HTTP/1.1" 404 226 "-" "MobileSafari/602.1 CFNetwork/808.3 Darwin/16.3.0" "www.liebreich.at"
188.105.229.153 - - [02/Mar/2017:17:43:42 +0100] "GET /apple-touch-icon-precomposed.png HTTP/1.1" 404 230 "-" "MobileSafari/602.1 CFNetwork/808.3 Darwin/16.3.0" "www.liebreich.at"
188.105.229.153 - - [02/Mar/2017:17:43:42 +0100] "GET /apple-touch-icon.png HTTP/1.1" 404 218 "-" "MobileSafari/602.1 CFNetwork/808.3 Darwin/16.3.0" "www.liebreich.at"
188.105.229.153 - - [02/Mar/2017:17:43:42 +0100] "GET /favicon.ico HTTP/1.1" 404 209 "-" "MobileSafari/602.1 CFNetwork/808.3 Darwin/16.3.0" "www.liebreich.at"
188.105.229.153 - - [02/Mar/2017:17:43:42 +0100] "GET /apple-touch-icon-120x120-precomposed.png HTTP/1.1" 404 238 "-" "MobileSafari/602.1 CFNetwork/808.3 Darwin/16.3.0" "www.liebreich.at"
188.105.229.153 - - [02/Mar/2017:17:43:42 +0100] "GET /apple-touch-icon-120x120.png HTTP/1.1" 404 226 "-" "MobileSafari/602.1 CFNetwork/808.3 Darwin/16.3.0" "www.liebreich.at"
188.105.229.153 - - [02/Mar/2017:17:43:42 +0100] "GET /apple-touch-icon-precomposed.png HTTP/1.1" 404 230 "-" "MobileSafari/602.1 CFNetwork/808.3 Darwin/16.3.0" "www.liebreich.at"
188.105.229.153 - - [02/Mar/2017:17:43:42 +0100] "GET /apple-touch-icon.png HTTP/1.1" 404 218 "-" "MobileSafari/602.1 CFNetwork/808.3 Darwin/16.3.0" "www.liebreich.at"
188.105.229.153 - - [02/Mar/2017:17:43:42 +0100] "GET /favicon.ico HTTP/1.1" 404 209 "-" "MobileSafari/602.1 CFNetwork/808.3 Darwin/16.3.0" "www.liebreich.at"
146.185.223.200 - - [02/Mar/2017:17:47:26 +0100] "GET / HTTP/1.0" 404 - "http://gravatar.com/ay4voltaren50mg" "Mozilla/5.0 (Windows NT 10.0; WOW64) AppleWebKit/537.36 (KHTML, like Gecko) Chrome/48.0.2564.109 Safari/537.36" "www.liebreich.at"
146.185.223.200 - - [02/Mar/2017:17:47:27 +0100] "GET / HTTP/1.0" 404 - "http://gravatar.com/ay4voltaren50mg" "Mozilla/5.0 (Windows NT 10.0; WOW64) AppleWebKit/537.36 (KHTML, like Gecko) Chrome/48.0.2564.109 Safari/537.36" "www.liebreich.at"
146.185.223.200 - - [02/Mar/2017:17:47:27 +0100] "GET / HTTP/1.0" 404 - "http://gravatar.com/ay4voltaren50mg" "Mozilla/5.0 (Windows NT 10.0; WOW64) AppleWebKit/537.36 (KHTML, like Gecko) Chrome/48.0.2564.109 Safari/537.36" "www.liebreich.at"
146.185.223.200 - - [02/Mar/2017:17:47:27 +0100] "GET / HTTP/1.0" 404 - "http://gravatar.com/ay4voltaren50mg" "Mozilla/5.0 (Windows NT 10.0; WOW64) AppleWebKit/537.36 (KHTML, like Gecko) Chrome/48.0.2564.109 Safari/537.36" "www.liebreich.at"
81.217.211.135 - - [02/Mar/2017:17:52:23 +0100] "GET /apple-touch-icon-152x152-precomposed.png HTTP/1.1" 404 238 "-" "MobileSafari/602.1 CFNetwork/808.2.16 Darwin/16.3.0" "www.liebreich.at"
81.217.211.135 - - [02/Mar/2017:17:52:23 +0100] "GET /apple-touch-icon-152x152.png HTTP/1.1" 404 226 "-" "MobileSafari/602.1 CFNetwork/808.2.16 Darwin/16.3.0" "www.liebreich.at"
81.217.211.135 - - [02/Mar/2017:17:52:23 +0100] "GET /apple-touch-icon-precomposed.png HTTP/1.1" 404 230 "-" "MobileSafari/602.1 CFNetwork/808.2.16 Darwin/16.3.0" "www.liebreich.at"
81.217.211.135 - - [02/Mar/2017:17:52:23 +0100] "GET /apple-touch-icon.png HTTP/1.1" 404 218 "-" "MobileSafari/602.1 CFNetwork/808.2.16 Darwin/16.3.0" "www.liebreich.at"
81.217.211.135 - - [02/Mar/2017:17:52:23 +0100] "GET /favicon.ico HTTP/1.1" 404 209 "-" "MobileSafari/602.1 CFNetwork/808.2.16 Darwin/16.3.0" "www.liebreich.at"
81.217.211.135 - - [02/Mar/2017:17:52:23 +0100] "GET /apple-touch-icon-152x152-precomposed.png HTTP/1.1" 404 238 "-" "MobileSafari/602.1 CFNetwork/808.2.16 Darwin/16.3.0" "www.liebreich.at"
81.217.211.135 - - [02/Mar/2017:17:52:23 +0100] "GET /apple-touch-icon-152x152.png HTTP/1.1" 404 226 "-" "MobileSafari/602.1 CFNetwork/808.2.16 Darwin/16.3.0" "www.liebreich.at"
81.217.211.135 - - [02/Mar/2017:17:52:23 +0100] "GET /apple-touch-icon-precomposed.png HTTP/1.1" 404 230 "-" "MobileSafari/602.1 CFNetwork/808.2.16 Darwin/16.3.0" "www.liebreich.at"
81.217.211.135 - - [02/Mar/2017:17:52:23 +0100] "GET /apple-touch-icon.png HTTP/1.1" 404 218 "-" "MobileSafari/602.1 CFNetwork/808.2.16 Darwin/16.3.0" "www.liebreich.at"
81.217.211.135 - - [02/Mar/2017:17:52:23 +0100] "GET /favicon.ico HTTP/1.1" 404 209 "-" "MobileSafari/602.1 CFNetwork/808.2.16 Darwin/16.3.0" "www.liebreich.at"
81.217.211.135 - - [02/Mar/2017:17:52:23 +0100] "GET / HTTP/1.1" 404 - "-" "Mozilla/5.0 (iPad; CPU OS 10_2 like Mac OS X) AppleWebKit/602.3.12 (KHTML, like Gecko) Version/10.0 Mobile/14C92 Safari/602.1" "www.liebreich.at"
89.204.138.176 - - [02/Mar/2017:17:53:22 +0100] "GET /apple-touch-icon-120x120-precomposed.png HTTP/1.1" 404 238 "-" "MobileSafari/602.1 CFNetwork/808.3 Darwin/16.3.0" "www.liebreich.at"
89.204.138.176 - - [02/Mar/2017:17:53:22 +0100] "GET /apple-touch-icon-120x120.png HTTP/1.1" 404 226 "-" "MobileSafari/602.1 CFNetwork/808.3 Darwin/16.3.0" "www.liebreich.at"
89.204.138.176 - - [02/Mar/2017:17:53:22 +0100] "GET /apple-touch-icon-precomposed.png HTTP/1.1" 404 230 "-" "MobileSafari/602.1 CFNetwork/808.3 Darwin/16.3.0" "www.liebreich.at"
89.204.138.176 - - [02/Mar/2017:17:53:22 +0100] "GET /apple-touch-icon.png HTTP/1.1" 404 218 "-" "MobileSafari/602.1 CFNetwork/808.3 Darwin/16.3.0" "www.liebreich.at"
89.204.138.176 - - [02/Mar/2017:17:53:23 +0100] "GET /favicon.ico HTTP/1.1" 404 209 "-" "MobileSafari/602.1 CFNetwork/808.3 Darwin/16.3.0" "www.liebreich.at"
89.204.138.176 - - [02/Mar/2017:17:53:23 +0100] "GET /apple-touch-icon-120x120-precomposed.png HTTP/1.1" 404 238 "-" "MobileSafari/602.1 CFNetwork/808.3 Darwin/16.3.0" "www.liebreich.at"
89.204.138.176 - - [02/Mar/2017:17:53:23 +0100] "GET /apple-touch-icon-120x120.png HTTP/1.1" 404 226 "-" "MobileSafari/602.1 CFNetwork/808.3 Darwin/16.3.0" "www.liebreich.at"
89.204.138.176 - - [02/Mar/2017:17:53:23 +0100] "GET /apple-touch-icon-precomposed.png HTTP/1.1" 404 230 "-" "MobileSafari/602.1 CFNetwork/808.3 Darwin/16.3.0" "www.liebreich.at"
89.204.138.176 - - [02/Mar/2017:17:53:23 +0100] "GET /apple-touch-icon.png HTTP/1.1" 404 218 "-" "MobileSafari/602.1 CFNetwork/808.3 Darwin/16.3.0" "www.liebreich.at"
89.204.138.176 - - [02/Mar/2017:17:53:23 +0100] "GET /favicon.ico HTTP/1.1" 404 209 "-" "MobileSafari/602.1 CFNetwork/808.3 Darwin/16.3.0" "www.liebreich.at"
89.204.138.176 - - [02/Mar/2017:17:53:22 +0100] "GET /?Motorrad_%2B_Auto___Werkstatt___Vergaser_Revision HTTP/1.1" 404 - "-" "Mozilla/5.0 (iPhone; CPU iPhone OS 10_2_1 like Mac OS X) AppleWebKit/602.4.6 (KHTML, like Gecko) Version/10.0 Mobile/14D27 Safari/602.1" "www.liebreich.at"
104.42.198.99 - - [02/Mar/2017:17:57:45 +0100] "GET /mobile/WhatsApp/utilisateur/login/rest-login/abonnement/ HTTP/1.1" 404 254 "-" "Mozilla/4.0 (compatible; MSIE 6.0; Windows NT 5.1; .NET CLR 1.1.4322; .NET CLR 2.0.50727)" "www.liebreich.at"
104.42.198.99 - - [02/Mar/2017:17:58:03 +0100] "GET /mobile/WhatsApp/utilisateur/login/rest-login/abonnement/564ccf497628bf216a18104b2aa552dd/ HTTP/1.1" 404 287 "-" "Mozilla/4.0 (compatible; MSIE 6.0; Windows NT 5.1; .NET CLR 1.1.4322; .NET CLR 2.0.50727)" "www.liebreich.at"
146.185.223.200 - - [02/Mar/2017:18:00:31 +0100] "GET / HTTP/1.0" 404 - "http://gravatar.com/comprarlomefloxacinpuertorico" "Mozilla/5.0 (Windows NT 6.3; WOW64) AppleWebKit/537.36 (KHTML, like Gecko) Chrome/48.0.2564.97 Safari/537.36" "www.liebreich.at"
146.185.223.200 - - [02/Mar/2017:18:00:31 +0100] "GET / HTTP/1.0" 404 - "http://gravatar.com/comprarlomefloxacinpuertorico" "Mozilla/5.0 (Windows NT 6.3; WOW64) AppleWebKit/537.36 (KHTML, like Gecko) Chrome/48.0.2564.97 Safari/537.36" "www.liebreich.at"
146.185.223.200 - - [02/Mar/2017:18:00:31 +0100] "GET / HTTP/1.0" 404 - "http://gravatar.com/comprarlomefloxacinpuertorico" "Mozilla/5.0 (Windows NT 6.3; WOW64) AppleWebKit/537.36 (KHTML, like Gecko) Chrome/48.0.2564.97 Safari/537.36" "www.liebreich.at"
146.185.223.200 - - [02/Mar/2017:18:00:31 +0100] "GET / HTTP/1.0" 404 - "http://gravatar.com/comprarlomefloxacinpuertorico" "Mozilla/5.0 (Windows NT 6.3; WOW64) AppleWebKit/537.36 (KHTML, like Gecko) Chrome/48.0.2564.97 Safari/537.36" "www.liebreich.at"
146.185.223.200 - - [02/Mar/2017:18:13:35 +0100] "GET / HTTP/1.0" 404 - "http://www.theknot.com/wedding/rabeprazole-and-delivery" "Mozilla/5.0 (Windows NT 6.3; WOW64; rv:43.0) Gecko/20100101 Firefox/43.0" "www.liebreich.at"
146.185.223.200 - - [02/Mar/2017:18:13:35 +0100] "GET / HTTP/1.0" 404 - "http://www.theknot.com/wedding/rabeprazole-and-delivery" "Mozilla/5.0 (Windows NT 6.3; WOW64; rv:43.0) Gecko/20100101 Firefox/43.0" "www.liebreich.at"
193.226.177.45 - - [02/Mar/2017:18:15:41 +0100] "GET /m/whatsapp HTTP/1.1" 404 208 "-" "Mozilla/4.0" "www.liebreich.at"
146.185.223.200 - - [02/Mar/2017:18:13:35 +0100] "GET / HTTP/1.0" 404 - "http://www.theknot.com/wedding/rabeprazole-and-delivery" "Mozilla/5.0 (Windows NT 6.3; WOW64; rv:43.0) Gecko/20100101 Firefox/43.0" "www.liebreich.at"
146.185.223.200 - - [02/Mar/2017:18:13:35 +0100] "GET / HTTP/1.0" 404 - "http://www.theknot.com/wedding/rabeprazole-and-delivery" "Mozilla/5.0 (Windows NT 6.3; WOW64; rv:43.0) Gecko/20100101 Firefox/43.0" "www.liebreich.at"
193.226.177.45 - - [02/Mar/2017:18:15:42 +0100] "GET /m/whatsapp HTTP/1.1" 404 208 "-" "Mozilla/4.0" "www.liebreich.at"
66.249.66.24 - - [02/Mar/2017:18:21:12 +0100] "GET /?Ueber_uns___Sabine HTTP/1.1" 404 - "-" "Mozilla/5.0 (compatible; Googlebot/2.1; +http://www.google.com/bot.html)" "www.liebreich.at"
146.185.223.200 - - [02/Mar/2017:18:26:41 +0100] "GET / HTTP/1.0" 404 - "http://www.theknot.com/wedding/anafranil-and-shipping" "Mozilla/5.0 (Windows NT 6.1; WOW64) AppleWebKit/537.36 (KHTML, like Gecko) Chrome/46.0.2490.86 YaBrowser/15.12.1.6475 Safari/537.36" "www.liebreich.at"
146.185.223.200 - - [02/Mar/2017:18:26:41 +0100] "GET / HTTP/1.0" 404 - "http://www.theknot.com/wedding/anafranil-and-shipping" "Mozilla/5.0 (Windows NT 6.1; WOW64) AppleWebKit/537.36 (KHTML, like Gecko) Chrome/46.0.2490.86 YaBrowser/15.12.1.6475 Safari/537.36" "www.liebreich.at"
146.185.223.200 - - [02/Mar/2017:18:26:41 +0100] "GET / HTTP/1.0" 404 - "http://www.theknot.com/wedding/anafranil-and-shipping" "Mozilla/5.0 (Windows NT 6.1; WOW64) AppleWebKit/537.36 (KHTML, like Gecko) Chrome/46.0.2490.86 YaBrowser/15.12.1.6475 Safari/537.36" "www.liebreich.at"
146.185.223.200 - - [02/Mar/2017:18:26:41 +0100] "GET / HTTP/1.0" 404 - "http://www.theknot.com/wedding/anafranil-and-shipping" "Mozilla/5.0 (Windows NT 6.1; WOW64) AppleWebKit/537.36 (KHTML, like Gecko) Chrome/46.0.2490.86 YaBrowser/15.12.1.6475 Safari/537.36" "www.liebreich.at"
146.185.223.200 - - [02/Mar/2017:18:39:48 +0100] "GET / HTTP/1.0" 404 - "http://gravatar.com/latanoprostdp" "Mozilla/5.0 (Windows NT 6.1; WOW64) AppleWebKit/537.36 (KHTML, like Gecko) Chrome/47.0.2526.111 Safari/537.36" "www.liebreich.at"
146.185.223.200 - - [02/Mar/2017:18:39:48 +0100] "GET / HTTP/1.0" 404 - "http://gravatar.com/latanoprostdp" "Mozilla/5.0 (Windows NT 6.1; WOW64) AppleWebKit/537.36 (KHTML, like Gecko) Chrome/47.0.2526.111 Safari/537.36" "www.liebreich.at"
146.185.223.200 - - [02/Mar/2017:18:39:48 +0100] "GET / HTTP/1.0" 404 - "http://gravatar.com/latanoprostdp" "Mozilla/5.0 (Windows NT 6.1; WOW64) AppleWebKit/537.36 (KHTML, like Gecko) Chrome/47.0.2526.111 Safari/537.36" "www.liebreich.at"
193.226.177.45 - - [02/Mar/2017:18:40:52 +0100] "GET /m/whatsapp HTTP/1.1" 404 208 "-" "Mozilla/4.0" "www.liebreich.at"
146.185.223.200 - - [02/Mar/2017:18:39:48 +0100] "GET / HTTP/1.0" 404 - "http://gravatar.com/latanoprostdp" "Mozilla/5.0 (Windows NT 6.1; WOW64) AppleWebKit/537.36 (KHTML, like Gecko) Chrome/47.0.2526.111 Safari/537.36" "www.liebreich.at"
193.226.177.45 - - [02/Mar/2017:18:48:41 +0100] "GET /m/whatsapp HTTP/1.1" 404 208 "-" "Mozilla/4.0" "www.liebreich.at"
193.226.177.45 - - [02/Mar/2017:18:48:42 +0100] "GET /m/whatsapp HTTP/1.1" 404 208 "-" "Mozilla/4.0" "www.liebreich.at"
213.81.140.48 - - [02/Mar/2017:18:48:44 +0100] "GET /m/whatsapp HTTP/1.1" 404 208 "http://www.google.sk/url?sa=t&rct=j&q=&esrc=s&source=web&cd=1&ved=0CCEQFjAA&url=http%3A%2F%2Fliebreich.at%2Fm%2Fwhatsapp&ei=fJN0Ce0jchEhsYiugr1g&usg=7LwILKckggzCEVILLVP-V6eh7FNgwmBsDW" "Mozilla/4.0 (compatible; MSIE 7.0; Windows NT 6.1; WOW64; Trident/5.0)" "www.liebreich.at"
213.81.140.48 - - [02/Mar/2017:18:48:44 +0100] "GET /m/whatsapp HTTP/1.1" 404 208 "http://www.google.sk/url?sa=t&rct=j&q=&esrc=s&source=web&cd=1&ved=0CCEQFjAA&url=http%3A%2F%2Fliebreich.at%2Fm%2Fwhatsapp&ei=c7XceeRD3RZSeJIaHOqf&usg=pTBo4hii43Rc00pfdGX-MoVIuw3Ftt3Cnk" "Opera/9.80 (Windows NT 6.1; Win64; x64) Presto/2.12.388 Version/12.16" "www.liebreich.at"
213.81.140.48 - - [02/Mar/2017:18:48:46 +0100] "GET /m/whatsapp HTTP/1.1" 404 208 "http://www.google.sk/url?sa=t&rct=j&q=&esrc=s&source=web&cd=1&ved=0CCEQFjAA&url=http%3A%2F%2Fliebreich.at%2Fm%2Fwhatsapp&ei=xbxyjdFoAYpNVRhEJPGg&usg=N9rHcYYPmJTVegXhbnN-Rz8etZQmpphSpr" "Mozilla/4.0 (compatible; MSIE 8.0; Windows NT 6.1; WOW64; Trident/5.0)" "www.liebreich.at"
146.185.223.200 - - [02/Mar/2017:18:52:54 +0100] "GET / HTTP/1.0" 404 - "http://www.theknot.com/wedding/aldactone-and-special" "Mozilla/5.0 (Windows NT 6.1; WOW64; rv:44.0) Gecko/20100101 Firefox/44.0" "www.liebreich.at"
146.185.223.200 - - [02/Mar/2017:18:52:54 +0100] "GET / HTTP/1.0" 404 - "http://www.theknot.com/wedding/aldactone-and-special" "Mozilla/5.0 (Windows NT 6.1; WOW64; rv:44.0) Gecko/20100101 Firefox/44.0" "www.liebreich.at"
146.185.223.200 - - [02/Mar/2017:18:52:54 +0100] "GET / HTTP/1.0" 404 - "http://www.theknot.com/wedding/aldactone-and-special" "Mozilla/5.0 (Windows NT 6.1; WOW64; rv:44.0) Gecko/20100101 Firefox/44.0" "www.liebreich.at"
146.185.223.200 - - [02/Mar/2017:18:52:54 +0100] "GET / HTTP/1.0" 404 - "http://www.theknot.com/wedding/aldactone-and-special" "Mozilla/5.0 (Windows NT 6.1; WOW64; rv:44.0) Gecko/20100101 Firefox/44.0" "www.liebreich.at"
207.46.13.165 - - [02/Mar/2017:18:53:28 +0100] "GET / HTTP/1.1" 404 - "-" "Mozilla/5.0 (compatible; bingbot/2.0; +http://www.bing.com/bingbot.htm)" "www.liebreich.at"
46.5.0.203 - - [02/Mar/2017:19:03:30 +0100] "GET /fotos/duster/Defender_vs_Duster.jpg HTTP/1.1" 404 233 "-" "Mozilla/5.0 (Windows NT 10.0; WOW64; rv:51.0) Gecko/20100101 Firefox/51.0" "www.liebreich.at"
46.5.0.203 - - [02/Mar/2017:19:03:32 +0100] "GET /fotos/duster/jafferau/DSCF5358.jpg HTTP/1.1" 404 232 "http://www.dustercommunity.de/offroad/offroad-touren-berichte/90/" "Mozilla/5.0 (Windows NT 10.0; WOW64; rv:51.0) Gecko/20100101 Firefox/51.0" "www.liebreich.at"
46.5.0.203 - - [02/Mar/2017:19:03:32 +0100] "GET /fotos/duster/jafferau/DSCF5361.jpg HTTP/1.1" 404 232 "http://www.dustercommunity.de/offroad/offroad-touren-berichte/90/" "Mozilla/5.0 (Windows NT 10.0; WOW64; rv:51.0) Gecko/20100101 Firefox/51.0" "www.liebreich.at"
46.5.0.203 - - [02/Mar/2017:19:03:32 +0100] "GET /fotos/duster/jafferau/DSCF5365.jpg HTTP/1.1" 404 232 "http://www.dustercommunity.de/offroad/offroad-touren-berichte/90/" "Mozilla/5.0 (Windows NT 10.0; WOW64; rv:51.0) Gecko/20100101 Firefox/51.0" "www.liebreich.at"
46.5.0.203 - - [02/Mar/2017:19:03:32 +0100] "GET /fotos/duster/jafferau/DSCF5453.jpg HTTP/1.1" 404 232 "http://www.dustercommunity.de/offroad/offroad-touren-berichte/90/" "Mozilla/5.0 (Windows NT 10.0; WOW64; rv:51.0) Gecko/20100101 Firefox/51.0" "www.liebreich.at"
46.5.0.203 - - [02/Mar/2017:19:03:32 +0100] "GET /fotos/duster/jafferau/DSCF5352.jpg HTTP/1.1" 404 232 "http://www.dustercommunity.de/offroad/offroad-touren-berichte/90/" "Mozilla/5.0 (Windows NT 10.0; WOW64; rv:51.0) Gecko/20100101 Firefox/51.0" "www.liebreich.at"
46.5.0.203 - - [02/Mar/2017:19:03:33 +0100] "GET /fotos/duster/jafferau/DSCF5415.jpg HTTP/1.1" 404 232 "http://www.dustercommunity.de/offroad/offroad-touren-berichte/90/" "Mozilla/5.0 (Windows NT 10.0; WOW64; rv:51.0) Gecko/20100101 Firefox/51.0" "www.liebreich.at"
46.5.0.203 - - [02/Mar/2017:19:03:33 +0100] "GET /fotos/duster/jafferau/DSCF5358.jpg HTTP/1.1" 404 232 "http://www.dustercommunity.de/offroad/offroad-touren-berichte/90/" "Mozilla/5.0 (Windows NT 10.0; WOW64; rv:51.0) Gecko/20100101 Firefox/51.0" "www.liebreich.at"
46.5.0.203 - - [02/Mar/2017:19:05:02 +0100] "GET /fotos/duster/jafferau/DSCF5369.jpg HTTP/1.1" 404 232 "-" "Mozilla/5.0 (Windows NT 10.0; WOW64; rv:51.0) Gecko/20100101 Firefox/51.0" "www.liebreich.at"
146.185.223.200 - - [02/Mar/2017:19:06:03 +0100] "GET / HTTP/1.0" 404 - "http://www.purevolume.com/orderimuran25mgwithoutprescription33827" "Mozilla/5.0 (Windows NT 6.1; WOW64) AppleWebKit/537.36 (KHTML, like Gecko) Chrome/48.0.2564.109 Safari/537.36" "www.liebreich.at"
146.185.223.200 - - [02/Mar/2017:19:06:03 +0100] "GET / HTTP/1.0" 404 - "http://www.purevolume.com/orderimuran25mgwithoutprescription33827" "Mozilla/5.0 (Windows NT 6.1; WOW64) AppleWebKit/537.36 (KHTML, like Gecko) Chrome/48.0.2564.109 Safari/537.36" "www.liebreich.at"
46.5.0.203 - - [02/Mar/2017:19:02:33 +0100] "GET /fotos/duster/Defender_vs_Duster.jpg HTTP/1.1" 404 233 "-" "Mozilla/5.0 (Windows NT 10.0; WOW64; rv:51.0) Gecko/20100101 Firefox/51.0" "www.liebreich.at"
46.5.0.203 - - [02/Mar/2017:19:03:32 +0100] "GET /fotos/duster/jafferau/DSCF5369.jpg HTTP/1.1" 404 232 "http://www.dustercommunity.de/offroad/offroad-touren-berichte/90/" "Mozilla/5.0 (Windows NT 10.0; WOW64; rv:51.0) Gecko/20100101 Firefox/51.0" "www.liebreich.at"
46.5.0.203 - - [02/Mar/2017:19:03:32 +0100] "GET /fotos/duster/jafferau/DSCF5455_b.jpg HTTP/1.1" 404 234 "http://www.dustercommunity.de/offroad/offroad-touren-berichte/90/" "Mozilla/5.0 (Windows NT 10.0; WOW64; rv:51.0) Gecko/20100101 Firefox/51.0" "www.liebreich.at"
46.5.0.203 - - [02/Mar/2017:19:03:32 +0100] "GET /fotos/duster/jafferau/DSCF5387.jpg HTTP/1.1" 404 232 "http://www.dustercommunity.de/offroad/offroad-touren-berichte/90/" "Mozilla/5.0 (Windows NT 10.0; WOW64; rv:51.0) Gecko/20100101 Firefox/51.0" "www.liebreich.at"
46.5.0.203 - - [02/Mar/2017:19:03:33 +0100] "GET /fotos/duster/jafferau/DSCF5361.jpg HTTP/1.1" 404 232 "http://www.dustercommunity.de/offroad/offroad-touren-berichte/90/" "Mozilla/5.0 (Windows NT 10.0; WOW64; rv:51.0) Gecko/20100101 Firefox/51.0" "www.liebreich.at"
46.5.0.203 - - [02/Mar/2017:19:03:33 +0100] "GET /fotos/duster/Defender_vs_Duster.jpg HTTP/1.1" 404 233 "http://www.dustercommunity.de/offroad/offroad-touren-berichte/90/" "Mozilla/5.0 (Windows NT 10.0; WOW64; rv:51.0) Gecko/20100101 Firefox/51.0" "www.liebreich.at"
146.185.223.200 - - [02/Mar/2017:19:06:03 +0100] "GET / HTTP/1.0" 404 - "http://www.purevolume.com/orderimuran25mgwithoutprescription33827" "Mozilla/5.0 (Windows NT 6.1; WOW64) AppleWebKit/537.36 (KHTML, like Gecko) Chrome/48.0.2564.109 Safari/537.36" "www.liebreich.at"
146.185.223.200 - - [02/Mar/2017:19:06:03 +0100] "GET / HTTP/1.0" 404 - "http://www.purevolume.com/orderimuran25mgwithoutprescription33827" "Mozilla/5.0 (Windows NT 6.1; WOW64) AppleWebKit/537.36 (KHTML, like Gecko) Chrome/48.0.2564.109 Safari/537.36" "www.liebreich.at"
46.5.0.203 - - [02/Mar/2017:19:07:17 +0100] "GET /fotos/duster/jafferau/DSCF5369.jpg HTTP/1.1" 404 232 "-" "Mozilla/5.0 (Windows NT 10.0; WOW64; rv:51.0) Gecko/20100101 Firefox/51.0" "www.liebreich.at"
205.237.92.132 - - [02/Mar/2017:19:14:00 +0100] "GET / HTTP/1.1" 404 - "-" "=Mozilla/5.0 (Windows; U; Windows NT 6.1; en-US) AppleWebKit/534.16 (KHTML, like Gecko) Chrome/10.0.648.204 Safari/534.16" "www.liebreich.at"
