91.113.58.122 - - [03/Mar/2017:20:05:33 +0100] "GET /userfiles/images/v_schwimmer1.jpg HTTP/1.1" 404 231 "https://www.google.at/" "Mozilla/5.0 (Windows NT 10.0; WOW64; rv:51.0) Gecko/20100101 Firefox/51.0" "www.liebreich.at"
68.180.230.186 - - [03/Mar/2017:20:08:09 +0100] "GET /robots.txt HTTP/1.1" 404 208 "-" "Mozilla/5.0 (compatible; Yahoo! Slurp; http://help.yahoo.com/help/us/ysearch/slurp)" "www.liebreich.at"
146.185.223.200 - - [03/Mar/2017:20:11:53 +0100] "GET / HTTP/1.0" 404 - "http://www.nature.com/protocolexchange/labgroups/599133" "Mozilla/5.0 (Windows NT 6.1; WOW64) AppleWebKit/537.36 (KHTML, like Gecko) Chrome/48.0.2564.82 Safari/537.36 OPR/35.0.2066.37" "www.liebreich.at"
146.185.223.200 - - [03/Mar/2017:20:11:53 +0100] "GET / HTTP/1.0" 404 - "http://www.nature.com/protocolexchange/labgroups/599133" "Mozilla/5.0 (Windows NT 6.1; WOW64) AppleWebKit/537.36 (KHTML, like Gecko) Chrome/48.0.2564.82 Safari/537.36 OPR/35.0.2066.37" "www.liebreich.at"
68.180.230.186 - - [03/Mar/2017:20:08:10 +0100] "GET /?Motorrad_%2B_Auto___Duster HTTP/1.1" 404 - "-" "Mozilla/5.0 (compatible; Yahoo! Slurp; http://help.yahoo.com/help/us/ysearch/slurp)" "www.liebreich.at"
146.185.223.200 - - [03/Mar/2017:20:11:53 +0100] "GET / HTTP/1.0" 404 - "http://www.nature.com/protocolexchange/labgroups/599133" "Mozilla/5.0 (Windows NT 6.1; WOW64) AppleWebKit/537.36 (KHTML, like Gecko) Chrome/48.0.2564.82 Safari/537.36 OPR/35.0.2066.37" "www.liebreich.at"
146.185.223.200 - - [03/Mar/2017:20:11:53 +0100] "GET / HTTP/1.0" 404 - "http://www.nature.com/protocolexchange/labgroups/599133" "Mozilla/5.0 (Windows NT 6.1; WOW64) AppleWebKit/537.36 (KHTML, like Gecko) Chrome/48.0.2564.82 Safari/537.36 OPR/35.0.2066.37" "www.liebreich.at"
188.105.235.175 - - [03/Mar/2017:20:12:58 +0100] "GET /?Motorrad_%2B_Auto___Werkstatt___Vergaser_Revision HTTP/1.1" 404 - "-" "Mozilla/5.0 (iPhone; CPU iPhone OS 10_2_1 like Mac OS X) AppleWebKit/602.4.6 (KHTML, like Gecko) Version/10.0 Mobile/14D27 Safari/602.1" "www.liebreich.at"
188.105.235.175 - - [03/Mar/2017:20:12:58 +0100] "GET /apple-touch-icon-120x120-precomposed.png HTTP/1.1" 404 238 "-" "MobileSafari/602.1 CFNetwork/808.3 Darwin/16.3.0" "www.liebreich.at"
188.105.235.175 - - [03/Mar/2017:20:12:58 +0100] "GET /apple-touch-icon-120x120.png HTTP/1.1" 404 226 "-" "MobileSafari/602.1 CFNetwork/808.3 Darwin/16.3.0" "www.liebreich.at"
188.105.235.175 - - [03/Mar/2017:20:12:58 +0100] "GET /apple-touch-icon-precomposed.png HTTP/1.1" 404 230 "-" "MobileSafari/602.1 CFNetwork/808.3 Darwin/16.3.0" "www.liebreich.at"
188.105.235.175 - - [03/Mar/2017:20:12:58 +0100] "GET /apple-touch-icon.png HTTP/1.1" 404 218 "-" "MobileSafari/602.1 CFNetwork/808.3 Darwin/16.3.0" "www.liebreich.at"
188.105.235.175 - - [03/Mar/2017:20:12:58 +0100] "GET /favicon.ico HTTP/1.1" 404 209 "-" "MobileSafari/602.1 CFNetwork/808.3 Darwin/16.3.0" "www.liebreich.at"
188.105.235.175 - - [03/Mar/2017:20:12:58 +0100] "GET /apple-touch-icon-120x120-precomposed.png HTTP/1.1" 404 238 "-" "MobileSafari/602.1 CFNetwork/808.3 Darwin/16.3.0" "www.liebreich.at"
188.105.235.175 - - [03/Mar/2017:20:12:58 +0100] "GET /apple-touch-icon-120x120.png HTTP/1.1" 404 226 "-" "MobileSafari/602.1 CFNetwork/808.3 Darwin/16.3.0" "www.liebreich.at"
188.105.235.175 - - [03/Mar/2017:20:12:58 +0100] "GET /apple-touch-icon-precomposed.png HTTP/1.1" 404 230 "-" "MobileSafari/602.1 CFNetwork/808.3 Darwin/16.3.0" "www.liebreich.at"
188.105.235.175 - - [03/Mar/2017:20:12:58 +0100] "GET /apple-touch-icon.png HTTP/1.1" 404 218 "-" "MobileSafari/602.1 CFNetwork/808.3 Darwin/16.3.0" "www.liebreich.at"
188.105.235.175 - - [03/Mar/2017:20:12:59 +0100] "GET /favicon.ico HTTP/1.1" 404 209 "-" "MobileSafari/602.1 CFNetwork/808.3 Darwin/16.3.0" "www.liebreich.at"
193.226.177.45 - - [03/Mar/2017:20:13:04 +0100] "GET /m/whatsapp HTTP/1.1" 404 208 "-" "Mozilla/4.0" "www.liebreich.at"
193.226.177.45 - - [03/Mar/2017:20:13:14 +0100] "GET /m/whatsapp HTTP/1.1" 404 208 "-" "Mozilla/4.0" "www.liebreich.at"
146.185.223.200 - - [03/Mar/2017:20:24:52 +0100] "GET / HTTP/1.0" 404 - "http://gravatar.com/culnazebnuosobla" "Mozilla/5.0 (Windows NT 6.1; WOW64) AppleWebKit/537.36 (KHTML, like Gecko) Chrome/47.0.2526.111 YaBrowser/16.2.0.3539 Safari/537.36" "www.liebreich.at"
146.185.223.200 - - [03/Mar/2017:20:24:52 +0100] "GET / HTTP/1.0" 404 - "http://gravatar.com/culnazebnuosobla" "Mozilla/5.0 (Windows NT 6.1; WOW64) AppleWebKit/537.36 (KHTML, like Gecko) Chrome/47.0.2526.111 YaBrowser/16.2.0.3539 Safari/537.36" "www.liebreich.at"
146.185.223.200 - - [03/Mar/2017:20:24:52 +0100] "GET / HTTP/1.0" 404 - "http://gravatar.com/culnazebnuosobla" "Mozilla/5.0 (Windows NT 6.1; WOW64) AppleWebKit/537.36 (KHTML, like Gecko) Chrome/47.0.2526.111 YaBrowser/16.2.0.3539 Safari/537.36" "www.liebreich.at"
146.185.223.200 - - [03/Mar/2017:20:24:52 +0100] "GET / HTTP/1.0" 404 - "http://gravatar.com/culnazebnuosobla" "Mozilla/5.0 (Windows NT 6.1; WOW64) AppleWebKit/537.36 (KHTML, like Gecko) Chrome/47.0.2526.111 YaBrowser/16.2.0.3539 Safari/537.36" "www.liebreich.at"
66.249.66.24 - - [03/Mar/2017:20:26:51 +0100] "GET /?News&page=1 HTTP/1.1" 404 - "-" "Mozilla/5.0 (compatible; Googlebot/2.1; +http://www.google.com/bot.html)" "www.liebreich.at"
66.249.66.30 - - [03/Mar/2017:20:26:36 +0100] "GET /?News HTTP/1.1" 404 - "-" "Mozilla/5.0 (compatible; Googlebot/2.1; +http://www.google.com/bot.html)" "www.liebreich.at"
213.81.140.54 - - [03/Mar/2017:20:35:22 +0100] "GET /m/whatsapp HTTP/1.1" 404 208 "http://www.google.sk/url?sa=t&rct=j&q=&esrc=s&source=web&cd=1&ved=0CCEQFjAA&url=http%3A%2F%2Fliebreich.at%2Fm%2Fwhatsapp&ei=C7fPICvMIz7lYbhPhCga&usg=uDFmcLTuJmR4l0BLpGk-kCMYo8ESKbA1JV" "Mozilla/5.0 (Windows NT 6.1) AppleWebKit/537.36 (KHTML, like Gecko) Chrome/27.0.1453.116 Safari/537.36" "www.liebreich.at"
193.226.177.45 - - [03/Mar/2017:20:35:41 +0100] "GET /m/whatsapp HTTP/1.1" 404 208 "-" "Mozilla/4.0" "www.liebreich.at"
83.220.141.202 - - [03/Mar/2017:20:36:17 +0100] "HEAD / HTTP/1.1" 404 - "-" "Jugendschutzprogramm-Crawler; Info: http://www.jugendschutzprogramm.de" "www.liebreich.at"
213.81.140.54 - - [03/Mar/2017:20:36:47 +0100] "GET /m/whatsapp HTTP/1.1" 404 208 "http://www.google.sk/url?sa=t&rct=j&q=&esrc=s&source=web&cd=1&ved=0CCEQFjAA&url=http%3A%2F%2Fliebreich.at%2Fm%2Fwhatsapp&ei=OdL7ajg0y45zCNxPOYn9&usg=W0aBpph6BkoqFNGbRek-WTutXS4ub5QBl5" "Mozilla/4.0 (compatible; MSIE 7.0; Windows NT 6.1; Win64; x64; Trident/5.0)" "www.liebreich.at"
213.81.140.54 - - [03/Mar/2017:20:36:48 +0100] "GET /m/whatsapp HTTP/1.1" 404 208 "http://www.google.sk/url?sa=t&rct=j&q=&esrc=s&source=web&cd=1&ved=0CCEQFjAA&url=http%3A%2F%2Fliebreich.at%2Fm%2Fwhatsapp&ei=hDtipyu1LpP2uRYjU4pX&usg=RnSl5rFSbfNHpFyOCsR-SfU3F6WK6NXv0i" "Opera/9.80 (Windows NT 6.1; Win64; x64) Presto/2.12.388 Version/12.15" "www.liebreich.at"
213.81.140.54 - - [03/Mar/2017:20:36:49 +0100] "GET /m/whatsapp HTTP/1.1" 404 208 "http://www.google.sk/url?sa=t&rct=j&q=&esrc=s&source=web&cd=1&ved=0CCEQFjAA&url=http%3A%2F%2Fliebreich.at%2Fm%2Fwhatsapp&ei=CscI9lHOXMbtJuNqh1EI&usg=0EWM5WTlV9SaSfdvWSy-9FhitivOw32ca2" "Mozilla/5.0 (compatible; MSIE 9.0; Windows NT 6.1; WOW64; Trident/5.0)" "www.liebreich.at"
146.185.223.200 - - [03/Mar/2017:20:37:52 +0100] "GET / HTTP/1.0" 404 - "http://www.purevolume.com/orderbutylscopolamine" "Mozilla/5.0 (Windows NT 6.3; WOW64) AppleWebKit/537.36 (KHTML, like Gecko) Chrome/48.0.2564.116 Safari/537.36" "www.liebreich.at"
146.185.223.200 - - [03/Mar/2017:20:37:52 +0100] "GET / HTTP/1.0" 404 - "http://www.purevolume.com/orderbutylscopolamine" "Mozilla/5.0 (Windows NT 6.3; WOW64) AppleWebKit/537.36 (KHTML, like Gecko) Chrome/48.0.2564.116 Safari/537.36" "www.liebreich.at"
81.217.211.135 - - [03/Mar/2017:20:41:30 +0100] "GET /apple-touch-icon-152x152-precomposed.png HTTP/1.1" 404 238 "-" "MobileSafari/602.1 CFNetwork/808.2.16 Darwin/16.3.0" "www.liebreich.at"
81.217.211.135 - - [03/Mar/2017:20:41:30 +0100] "GET /apple-touch-icon-152x152.png HTTP/1.1" 404 226 "-" "MobileSafari/602.1 CFNetwork/808.2.16 Darwin/16.3.0" "www.liebreich.at"
81.217.211.135 - - [03/Mar/2017:20:41:30 +0100] "GET /apple-touch-icon-precomposed.png HTTP/1.1" 404 230 "-" "MobileSafari/602.1 CFNetwork/808.2.16 Darwin/16.3.0" "www.liebreich.at"
81.217.211.135 - - [03/Mar/2017:20:41:30 +0100] "GET /apple-touch-icon.png HTTP/1.1" 404 218 "-" "MobileSafari/602.1 CFNetwork/808.2.16 Darwin/16.3.0" "www.liebreich.at"
81.217.211.135 - - [03/Mar/2017:20:41:30 +0100] "GET /favicon.ico HTTP/1.1" 404 209 "-" "MobileSafari/602.1 CFNetwork/808.2.16 Darwin/16.3.0" "www.liebreich.at"
81.217.211.135 - - [03/Mar/2017:20:41:30 +0100] "GET /apple-touch-icon-152x152-precomposed.png HTTP/1.1" 404 238 "-" "MobileSafari/602.1 CFNetwork/808.2.16 Darwin/16.3.0" "www.liebreich.at"
81.217.211.135 - - [03/Mar/2017:20:41:30 +0100] "GET /apple-touch-icon-152x152.png HTTP/1.1" 404 226 "-" "MobileSafari/602.1 CFNetwork/808.2.16 Darwin/16.3.0" "www.liebreich.at"
81.217.211.135 - - [03/Mar/2017:20:41:31 +0100] "GET /apple-touch-icon-precomposed.png HTTP/1.1" 404 230 "-" "MobileSafari/602.1 CFNetwork/808.2.16 Darwin/16.3.0" "www.liebreich.at"
81.217.211.135 - - [03/Mar/2017:20:41:31 +0100] "GET /apple-touch-icon.png HTTP/1.1" 404 218 "-" "MobileSafari/602.1 CFNetwork/808.2.16 Darwin/16.3.0" "www.liebreich.at"
81.217.211.135 - - [03/Mar/2017:20:41:31 +0100] "GET /favicon.ico HTTP/1.1" 404 209 "-" "MobileSafari/602.1 CFNetwork/808.2.16 Darwin/16.3.0" "www.liebreich.at"
193.226.177.45 - - [03/Mar/2017:20:35:33 +0100] "GET /m/whatsapp HTTP/1.1" 404 208 "-" "Mozilla/4.0" "www.liebreich.at"
83.220.141.202 - - [03/Mar/2017:20:36:17 +0100] "HEAD / HTTP/1.1" 404 - "-" "Jugendschutzprogramm-Crawler; Info: http://www.jugendschutzprogramm.de" "www.liebreich.at"
213.81.140.54 - - [03/Mar/2017:20:36:35 +0100] "GET /m/whatsapp HTTP/1.1" 404 208 "http://www.google.sk/url?sa=t&rct=j&q=&esrc=s&source=web&cd=1&ved=0CCEQFjAA&url=http%3A%2F%2Fliebreich.at%2Fm%2Fwhatsapp&ei=dmRxDkhIDDqFXrAVsjYc&usg=2XUqCrqzJjBIzxNNePf-sMoYBPtVWne19e" "Mozilla/5.0 (Windows NT 6.1; WOW64) AppleWebKit/537.36 (KHTML, like Gecko) Chrome/27.0.1453.116 Safari/537.36" "www.liebreich.at"
146.185.223.200 - - [03/Mar/2017:20:37:52 +0100] "GET / HTTP/1.0" 404 - "http://www.purevolume.com/orderbutylscopolamine" "Mozilla/5.0 (Windows NT 6.3; WOW64) AppleWebKit/537.36 (KHTML, like Gecko) Chrome/48.0.2564.116 Safari/537.36" "www.liebreich.at"
146.185.223.200 - - [03/Mar/2017:20:37:52 +0100] "GET / HTTP/1.0" 404 - "http://www.purevolume.com/orderbutylscopolamine" "Mozilla/5.0 (Windows NT 6.3; WOW64) AppleWebKit/537.36 (KHTML, like Gecko) Chrome/48.0.2564.116 Safari/537.36" "www.liebreich.at"
81.217.211.135 - - [03/Mar/2017:20:41:30 +0100] "GET / HTTP/1.1" 404 - "-" "Mozilla/5.0 (iPad; CPU OS 10_2 like Mac OS X) AppleWebKit/602.3.12 (KHTML, like Gecko) Version/10.0 Mobile/14C92 Safari/602.1" "www.liebreich.at"
193.226.177.45 - - [03/Mar/2017:20:41:54 +0100] "GET /m/whatsapp HTTP/1.1" 404 208 "-" "Mozilla/4.0" "www.liebreich.at"
146.185.223.200 - - [03/Mar/2017:20:50:54 +0100] "GET / HTTP/1.0" 404 - "http://gravatar.com/dulveagotifihi" "Mozilla/5.0 (Windows NT 6.1; WOW64) AppleWebKit/537.36 (KHTML, like Gecko) Chrome/46.0.2490.86 YaBrowser/15.12.1.6475 Safari/537.36" "www.liebreich.at"
146.185.223.200 - - [03/Mar/2017:20:50:54 +0100] "GET / HTTP/1.0" 404 - "http://gravatar.com/dulveagotifihi" "Mozilla/5.0 (Windows NT 6.1; WOW64) AppleWebKit/537.36 (KHTML, like Gecko) Chrome/46.0.2490.86 YaBrowser/15.12.1.6475 Safari/537.36" "www.liebreich.at"
146.185.223.200 - - [03/Mar/2017:20:50:54 +0100] "GET / HTTP/1.0" 404 - "http://gravatar.com/dulveagotifihi" "Mozilla/5.0 (Windows NT 6.1; WOW64) AppleWebKit/537.36 (KHTML, like Gecko) Chrome/46.0.2490.86 YaBrowser/15.12.1.6475 Safari/537.36" "www.liebreich.at"
146.185.223.200 - - [03/Mar/2017:20:50:55 +0100] "GET / HTTP/1.0" 404 - "http://gravatar.com/dulveagotifihi" "Mozilla/5.0 (Windows NT 6.1; WOW64) AppleWebKit/537.36 (KHTML, like Gecko) Chrome/46.0.2490.86 YaBrowser/15.12.1.6475 Safari/537.36" "www.liebreich.at"
213.81.140.54 - - [03/Mar/2017:20:54:13 +0100] "GET /m/whatsapp HTTP/1.1" 404 208 "http://www.google.sk/url?sa=t&rct=j&q=&esrc=s&source=web&cd=1&ved=0CCEQFjAA&url=http%3A%2F%2Fliebreich.at%2Fm%2Fwhatsapp&ei=hVXvLKti5MZgMwTsKsoQ&usg=1pRJKmTaRxwKdGQMRe6-zaCtIDQOiu3YyR" "Mozilla/5.0 (Windows NT 6.1; WOW64; rv:20.0) Gecko/20100101 Firefox/20.0" "www.liebreich.at"
213.81.140.54 - - [03/Mar/2017:20:54:14 +0100] "GET /m/whatsapp HTTP/1.1" 404 208 "http://www.google.sk/url?sa=t&rct=j&q=&esrc=s&source=web&cd=1&ved=0CCEQFjAA&url=http%3A%2F%2Fliebreich.at%2Fm%2Fwhatsapp&ei=IhFTONDmqan04hXv7tmX&usg=WKbDcLYpyE03pTiUktc-yELcGKoqcTUecK" "Opera/9.80 (Windows NT 6.1; Win64; x64) Presto/2.12.388 Version/12.16" "www.liebreich.at"
213.81.140.54 - - [03/Mar/2017:20:56:18 +0100] "GET /m/whatsapp HTTP/1.1" 404 208 "http://www.google.sk/url?sa=t&rct=j&q=&esrc=s&source=web&cd=1&ved=0CCEQFjAA&url=http%3A%2F%2Fliebreich.at%2Fm%2Fwhatsapp&ei=DQdfaC13xkkw3fM1Zgjq&usg=NvprgSaBSsoxEX55tH5-ASvBtSeq6rXwpb" "Mozilla/5.0 (compatible; MSIE 9.0; Windows NT 6.1; Win64; x64; Trident/5.0)" "www.liebreich.at"
193.226.177.45 - - [03/Mar/2017:20:57:24 +0100] "GET /m/whatsapp HTTP/1.1" 404 208 "-" "Mozilla/4.0" "www.liebreich.at"
213.81.140.54 - - [03/Mar/2017:20:56:18 +0100] "GET /m/whatsapp HTTP/1.1" 404 208 "http://www.google.sk/url?sa=t&rct=j&q=&esrc=s&source=web&cd=1&ved=0CCEQFjAA&url=http%3A%2F%2Fliebreich.at%2Fm%2Fwhatsapp&ei=cowbC0AxqrUfVXNEBBhZ&usg=NKzKksphrBIts7vGItv-LljDoa5SNrwuzp" "Mozilla/5.0 (Windows NT 6.1; WOW64; rv:21.0) Gecko/20100101 Firefox/21.0" "www.liebreich.at"
66.249.66.30 - - [03/Mar/2017:20:56:39 +0100] "GET /index.php?News HTTP/1.1" 404 207 "-" "Mozilla/5.0 (compatible; Googlebot/2.1; +http://www.google.com/bot.html)" "www.liebreich.at"
193.226.177.45 - - [03/Mar/2017:20:57:24 +0100] "GET /m/whatsapp HTTP/1.1" 404 208 "-" "Mozilla/4.0" "www.liebreich.at"
66.249.66.135 - - [03/Mar/2017:21:00:32 +0100] "GET /?News&page=1 HTTP/1.1" 404 - "-" "Mozilla/5.0 (compatible; Googlebot/2.1; +http://www.google.com/bot.html)" "www.liebreich.at"
66.249.66.30 - - [03/Mar/2017:21:03:31 +0100] "GET /?Willkommen HTTP/1.1" 404 - "-" "Mozilla/5.0 (compatible; Googlebot/2.1; +http://www.google.com/bot.html)" "www.liebreich.at"
66.249.66.139 - - [03/Mar/2017:21:03:50 +0100] "GET /?Willkommen HTTP/1.1" 404 - "-" "Mozilla/5.0 (compatible; Googlebot/2.1; +http://www.google.com/bot.html)" "www.liebreich.at"
146.185.223.200 - - [03/Mar/2017:21:03:54 +0100] "GET / HTTP/1.0" 404 - "http://www.nature.com/protocolexchange/labgroups/528143" "Mozilla/5.0 (Windows NT 10.0; WOW64) AppleWebKit/537.36 (KHTML, like Gecko) Chrome/48.0.2564.116 Safari/537.36" "www.liebreich.at"
146.185.223.200 - - [03/Mar/2017:21:03:54 +0100] "GET / HTTP/1.0" 404 - "http://www.nature.com/protocolexchange/labgroups/528143" "Mozilla/5.0 (Windows NT 10.0; WOW64) AppleWebKit/537.36 (KHTML, like Gecko) Chrome/48.0.2564.116 Safari/537.36" "www.liebreich.at"
81.159.166.172 - - [03/Mar/2017:21:03:29 +0100] "GET /userfiles/images/v_vorne.jpg HTTP/1.1" 404 226 "https://www.google.co.uk/" "Mozilla/5.0 (iPad; CPU OS 10_0_1 like Mac OS X) AppleWebKit/602.1.50 (KHTML, like Gecko) Version/10.0 Mobile/14A403 Safari/602.1" "www.liebreich.at"
146.185.223.200 - - [03/Mar/2017:21:03:53 +0100] "GET / HTTP/1.0" 404 - "http://www.nature.com/protocolexchange/labgroups/528143" "Mozilla/5.0 (Windows NT 10.0; WOW64) AppleWebKit/537.36 (KHTML, like Gecko) Chrome/48.0.2564.116 Safari/537.36" "www.liebreich.at"
146.185.223.200 - - [03/Mar/2017:21:03:54 +0100] "GET / HTTP/1.0" 404 - "http://www.nature.com/protocolexchange/labgroups/528143" "Mozilla/5.0 (Windows NT 10.0; WOW64) AppleWebKit/537.36 (KHTML, like Gecko) Chrome/48.0.2564.116 Safari/537.36" "www.liebreich.at"
212.95.7.71 - - [03/Mar/2017:21:07:59 +0100] "GET /apple-touch-icon-120x120-precomposed.png HTTP/1.1" 404 238 "-" "MobileSafari/602.1 CFNetwork/808.3 Darwin/16.3.0" "www.liebreich.at"
212.95.7.71 - - [03/Mar/2017:21:07:59 +0100] "GET /apple-touch-icon-120x120.png HTTP/1.1" 404 226 "-" "MobileSafari/602.1 CFNetwork/808.3 Darwin/16.3.0" "www.liebreich.at"
212.95.7.71 - - [03/Mar/2017:21:07:59 +0100] "GET /apple-touch-icon-precomposed.png HTTP/1.1" 404 230 "-" "MobileSafari/602.1 CFNetwork/808.3 Darwin/16.3.0" "www.liebreich.at"
212.95.7.71 - - [03/Mar/2017:21:07:59 +0100] "GET /apple-touch-icon.png HTTP/1.1" 404 218 "-" "MobileSafari/602.1 CFNetwork/808.3 Darwin/16.3.0" "www.liebreich.at"
212.95.7.71 - - [03/Mar/2017:21:07:59 +0100] "GET /favicon.ico HTTP/1.1" 404 209 "-" "MobileSafari/602.1 CFNetwork/808.3 Darwin/16.3.0" "www.liebreich.at"
212.95.7.71 - - [03/Mar/2017:21:07:59 +0100] "GET /apple-touch-icon-120x120-precomposed.png HTTP/1.1" 404 238 "-" "MobileSafari/602.1 CFNetwork/808.3 Darwin/16.3.0" "www.liebreich.at"
212.95.7.71 - - [03/Mar/2017:21:07:59 +0100] "GET /apple-touch-icon-120x120.png HTTP/1.1" 404 226 "-" "MobileSafari/602.1 CFNetwork/808.3 Darwin/16.3.0" "www.liebreich.at"
212.95.7.71 - - [03/Mar/2017:21:07:59 +0100] "GET /apple-touch-icon-precomposed.png HTTP/1.1" 404 230 "-" "MobileSafari/602.1 CFNetwork/808.3 Darwin/16.3.0" "www.liebreich.at"
212.95.7.71 - - [03/Mar/2017:21:07:59 +0100] "GET /apple-touch-icon.png HTTP/1.1" 404 218 "-" "MobileSafari/602.1 CFNetwork/808.3 Darwin/16.3.0" "www.liebreich.at"
212.95.7.71 - - [03/Mar/2017:21:07:59 +0100] "GET /favicon.ico HTTP/1.1" 404 209 "-" "MobileSafari/602.1 CFNetwork/808.3 Darwin/16.3.0" "www.liebreich.at"
212.95.7.71 - - [03/Mar/2017:21:07:58 +0100] "GET /?Motorrad_%2B_Auto___Werkstatt___Vergaser_Revision HTTP/1.1" 404 - "-" "Mozilla/5.0 (iPhone; CPU iPhone OS 10_2_1 like Mac OS X) AppleWebKit/602.4.6 (KHTML, like Gecko) Version/10.0 Mobile/14D27 Safari/602.1" "www.liebreich.at"
146.185.223.200 - - [03/Mar/2017:21:16:49 +0100] "GET / HTTP/1.0" 404 - "http://gravatar.com/orderdipyridamole25mgonline2015" "Mozilla/5.0 (Windows NT 6.1; rv:43.0) Gecko/20100101 Firefox/43.0" "www.liebreich.at"
146.185.223.200 - - [03/Mar/2017:21:16:50 +0100] "GET / HTTP/1.0" 404 - "http://gravatar.com/orderdipyridamole25mgonline2015" "Mozilla/5.0 (Windows NT 6.1; rv:43.0) Gecko/20100101 Firefox/43.0" "www.liebreich.at"
146.185.223.200 - - [03/Mar/2017:21:16:49 +0100] "GET / HTTP/1.0" 404 - "http://gravatar.com/orderdipyridamole25mgonline2015" "Mozilla/5.0 (Windows NT 6.1; rv:43.0) Gecko/20100101 Firefox/43.0" "www.liebreich.at"
146.185.223.200 - - [03/Mar/2017:21:16:50 +0100] "GET / HTTP/1.0" 404 - "http://gravatar.com/orderdipyridamole25mgonline2015" "Mozilla/5.0 (Windows NT 6.1; rv:43.0) Gecko/20100101 Firefox/43.0" "www.liebreich.at"
193.226.177.45 - - [03/Mar/2017:21:20:59 +0100] "GET /m/whatsapp HTTP/1.1" 404 208 "-" "Mozilla/4.0" "www.liebreich.at"
193.226.177.45 - - [03/Mar/2017:21:20:59 +0100] "GET /m/whatsapp HTTP/1.1" 404 208 "-" "Mozilla/4.0" "www.liebreich.at"
193.226.177.45 - - [03/Mar/2017:21:26:13 +0100] "GET /m/whatsapp HTTP/1.1" 404 208 "-" "Mozilla/4.0" "www.liebreich.at"
146.185.223.200 - - [03/Mar/2017:21:29:46 +0100] "GET / HTTP/1.0" 404 - "http://www.theknot.com/wedding/prescription-and-trihexyphenidyl" "Mozilla/5.0 (Windows NT 6.1; WOW64) AppleWebKit/537.36 (KHTML, like Gecko) Chrome/48.0.2564.97 Safari/537.36" "www.liebreich.at"
146.185.223.200 - - [03/Mar/2017:21:29:46 +0100] "GET / HTTP/1.0" 404 - "http://www.theknot.com/wedding/prescription-and-trihexyphenidyl" "Mozilla/5.0 (Windows NT 6.1; WOW64) AppleWebKit/537.36 (KHTML, like Gecko) Chrome/48.0.2564.97 Safari/537.36" "www.liebreich.at"
146.185.223.200 - - [03/Mar/2017:21:29:46 +0100] "GET / HTTP/1.0" 404 - "http://www.theknot.com/wedding/prescription-and-trihexyphenidyl" "Mozilla/5.0 (Windows NT 6.1; WOW64) AppleWebKit/537.36 (KHTML, like Gecko) Chrome/48.0.2564.97 Safari/537.36" "www.liebreich.at"
146.185.223.200 - - [03/Mar/2017:21:29:46 +0100] "GET / HTTP/1.0" 404 - "http://www.theknot.com/wedding/prescription-and-trihexyphenidyl" "Mozilla/5.0 (Windows NT 6.1; WOW64) AppleWebKit/537.36 (KHTML, like Gecko) Chrome/48.0.2564.97 Safari/537.36" "www.liebreich.at"
2.247.248.236 - - [03/Mar/2017:21:31:20 +0100] "GET /?Motorrad_%2B_Auto___Werkstatt___Vergaser_Revision HTTP/1.1" 404 - "-" "Mozilla/5.0 (iPhone; CPU iPhone OS 10_2_1 like Mac OS X) AppleWebKit/602.4.6 (KHTML, like Gecko) Version/10.0 Mobile/14D27 Safari/602.1" "www.liebreich.at"
2.247.248.236 - - [03/Mar/2017:21:31:21 +0100] "GET /apple-touch-icon-120x120-precomposed.png HTTP/1.1" 404 238 "-" "MobileSafari/602.1 CFNetwork/808.3 Darwin/16.3.0" "www.liebreich.at"
2.247.248.236 - - [03/Mar/2017:21:31:21 +0100] "GET /apple-touch-icon-120x120.png HTTP/1.1" 404 226 "-" "MobileSafari/602.1 CFNetwork/808.3 Darwin/16.3.0" "www.liebreich.at"
2.247.248.236 - - [03/Mar/2017:21:31:21 +0100] "GET /apple-touch-icon-precomposed.png HTTP/1.1" 404 230 "-" "MobileSafari/602.1 CFNetwork/808.3 Darwin/16.3.0" "www.liebreich.at"
2.247.248.236 - - [03/Mar/2017:21:31:22 +0100] "GET /apple-touch-icon.png HTTP/1.1" 404 218 "-" "MobileSafari/602.1 CFNetwork/808.3 Darwin/16.3.0" "www.liebreich.at"
2.247.248.236 - - [03/Mar/2017:21:31:22 +0100] "GET /favicon.ico HTTP/1.1" 404 209 "-" "MobileSafari/602.1 CFNetwork/808.3 Darwin/16.3.0" "www.liebreich.at"
2.247.248.236 - - [03/Mar/2017:21:31:22 +0100] "GET /apple-touch-icon-120x120-precomposed.png HTTP/1.1" 404 238 "-" "MobileSafari/602.1 CFNetwork/808.3 Darwin/16.3.0" "www.liebreich.at"
2.247.248.236 - - [03/Mar/2017:21:31:22 +0100] "GET /apple-touch-icon-120x120.png HTTP/1.1" 404 226 "-" "MobileSafari/602.1 CFNetwork/808.3 Darwin/16.3.0" "www.liebreich.at"
2.247.248.236 - - [03/Mar/2017:21:31:22 +0100] "GET /apple-touch-icon-precomposed.png HTTP/1.1" 404 230 "-" "MobileSafari/602.1 CFNetwork/808.3 Darwin/16.3.0" "www.liebreich.at"
2.247.248.236 - - [03/Mar/2017:21:31:23 +0100] "GET /apple-touch-icon.png HTTP/1.1" 404 218 "-" "MobileSafari/602.1 CFNetwork/808.3 Darwin/16.3.0" "www.liebreich.at"
2.247.248.236 - - [03/Mar/2017:21:31:23 +0100] "GET /favicon.ico HTTP/1.1" 404 209 "-" "MobileSafari/602.1 CFNetwork/808.3 Darwin/16.3.0" "www.liebreich.at"
146.185.223.200 - - [03/Mar/2017:21:42:49 +0100] "GET / HTTP/1.0" 404 - "http://lanyrd.com/profile/xun046823084062g-3623/bio/" "Mozilla/5.0 (Windows NT 10.0; WOW64; rv:43.0) Gecko/20100101 Firefox/43.0" "www.liebreich.at"
146.185.223.200 - - [03/Mar/2017:21:42:49 +0100] "GET / HTTP/1.0" 404 - "http://lanyrd.com/profile/xun046823084062g-3623/bio/" "Mozilla/5.0 (Windows NT 10.0; WOW64; rv:43.0) Gecko/20100101 Firefox/43.0" "www.liebreich.at"
193.226.177.45 - - [03/Mar/2017:21:44:08 +0100] "GET /m/whatsapp HTTP/1.1" 404 208 "-" "Mozilla/4.0" "www.liebreich.at"
188.105.235.175 - - [03/Mar/2017:21:44:29 +0100] "GET /apple-touch-icon-120x120-precomposed.png HTTP/1.1" 404 238 "-" "MobileSafari/602.1 CFNetwork/808.3 Darwin/16.3.0" "www.liebreich.at"
188.105.235.175 - - [03/Mar/2017:21:44:30 +0100] "GET /apple-touch-icon-120x120.png HTTP/1.1" 404 226 "-" "MobileSafari/602.1 CFNetwork/808.3 Darwin/16.3.0" "www.liebreich.at"
188.105.235.175 - - [03/Mar/2017:21:44:30 +0100] "GET /apple-touch-icon-precomposed.png HTTP/1.1" 404 230 "-" "MobileSafari/602.1 CFNetwork/808.3 Darwin/16.3.0" "www.liebreich.at"
188.105.235.175 - - [03/Mar/2017:21:44:30 +0100] "GET /apple-touch-icon.png HTTP/1.1" 404 218 "-" "MobileSafari/602.1 CFNetwork/808.3 Darwin/16.3.0" "www.liebreich.at"
188.105.235.175 - - [03/Mar/2017:21:44:30 +0100] "GET /favicon.ico HTTP/1.1" 404 209 "-" "MobileSafari/602.1 CFNetwork/808.3 Darwin/16.3.0" "www.liebreich.at"
188.105.235.175 - - [03/Mar/2017:21:44:30 +0100] "GET /apple-touch-icon-120x120-precomposed.png HTTP/1.1" 404 238 "-" "MobileSafari/602.1 CFNetwork/808.3 Darwin/16.3.0" "www.liebreich.at"
188.105.235.175 - - [03/Mar/2017:21:44:30 +0100] "GET /apple-touch-icon-120x120.png HTTP/1.1" 404 226 "-" "MobileSafari/602.1 CFNetwork/808.3 Darwin/16.3.0" "www.liebreich.at"
188.105.235.175 - - [03/Mar/2017:21:44:30 +0100] "GET /apple-touch-icon-precomposed.png HTTP/1.1" 404 230 "-" "MobileSafari/602.1 CFNetwork/808.3 Darwin/16.3.0" "www.liebreich.at"
188.105.235.175 - - [03/Mar/2017:21:44:30 +0100] "GET /apple-touch-icon.png HTTP/1.1" 404 218 "-" "MobileSafari/602.1 CFNetwork/808.3 Darwin/16.3.0" "www.liebreich.at"
188.105.235.175 - - [03/Mar/2017:21:44:30 +0100] "GET /favicon.ico HTTP/1.1" 404 209 "-" "MobileSafari/602.1 CFNetwork/808.3 Darwin/16.3.0" "www.liebreich.at"
146.185.223.200 - - [03/Mar/2017:21:42:49 +0100] "GET / HTTP/1.0" 404 - "http://lanyrd.com/profile/xun046823084062g-3623/bio/" "Mozilla/5.0 (Windows NT 10.0; WOW64; rv:43.0) Gecko/20100101 Firefox/43.0" "www.liebreich.at"
146.185.223.200 - - [03/Mar/2017:21:42:49 +0100] "GET / HTTP/1.0" 404 - "http://lanyrd.com/profile/xun046823084062g-3623/bio/" "Mozilla/5.0 (Windows NT 10.0; WOW64; rv:43.0) Gecko/20100101 Firefox/43.0" "www.liebreich.at"
193.226.177.45 - - [03/Mar/2017:21:44:09 +0100] "GET /m/whatsapp HTTP/1.1" 404 208 "-" "Mozilla/4.0" "www.liebreich.at"
188.105.235.175 - - [03/Mar/2017:21:44:29 +0100] "GET /?Motorrad_%2B_Auto___Werkstatt___Vergaser_Revision HTTP/1.1" 404 - "-" "Mozilla/5.0 (iPhone; CPU iPhone OS 10_2_1 like Mac OS X) AppleWebKit/602.4.6 (KHTML, like Gecko) Version/10.0 Mobile/14D27 Safari/602.1" "www.liebreich.at"
146.185.223.200 - - [03/Mar/2017:21:55:52 +0100] "GET / HTTP/1.0" 404 - "http://www.purevolume.com/ordersymmetrel100mgatdiscounts" "Mozilla/5.0 (Windows NT 10.0; WOW64) AppleWebKit/537.36 (KHTML, like Gecko) Chrome/48.0.2564.103 Safari/537.36" "www.liebreich.at"
146.185.223.200 - - [03/Mar/2017:21:55:52 +0100] "GET / HTTP/1.0" 404 - "http://www.purevolume.com/ordersymmetrel100mgatdiscounts" "Mozilla/5.0 (Windows NT 10.0; WOW64) AppleWebKit/537.36 (KHTML, like Gecko) Chrome/48.0.2564.103 Safari/537.36" "www.liebreich.at"
146.185.223.200 - - [03/Mar/2017:21:55:52 +0100] "GET / HTTP/1.0" 404 - "http://www.purevolume.com/ordersymmetrel100mgatdiscounts" "Mozilla/5.0 (Windows NT 10.0; WOW64) AppleWebKit/537.36 (KHTML, like Gecko) Chrome/48.0.2564.103 Safari/537.36" "www.liebreich.at"
146.185.223.200 - - [03/Mar/2017:21:55:52 +0100] "GET / HTTP/1.0" 404 - "http://www.purevolume.com/ordersymmetrel100mgatdiscounts" "Mozilla/5.0 (Windows NT 10.0; WOW64) AppleWebKit/537.36 (KHTML, like Gecko) Chrome/48.0.2564.103 Safari/537.36" "www.liebreich.at"
193.226.177.45 - - [03/Mar/2017:22:07:41 +0100] "GET /m/whatsapp HTTP/1.1" 404 208 "-" "Mozilla/4.0" "www.liebreich.at"
146.185.223.200 - - [03/Mar/2017:22:08:57 +0100] "GET / HTTP/1.0" 404 - "http://gravatar.com/buylopressor50mgonlinecanada" "Mozilla/5.0 (Windows NT 6.1; WOW64) AppleWebKit/537.36 (KHTML, like Gecko) Chrome/48.0.2564.103 Safari/537.36" "www.liebreich.at"
146.185.223.200 - - [03/Mar/2017:22:08:57 +0100] "GET / HTTP/1.0" 404 - "http://gravatar.com/buylopressor50mgonlinecanada" "Mozilla/5.0 (Windows NT 6.1; WOW64) AppleWebKit/537.36 (KHTML, like Gecko) Chrome/48.0.2564.103 Safari/537.36" "www.liebreich.at"
146.185.223.200 - - [03/Mar/2017:22:08:57 +0100] "GET / HTTP/1.0" 404 - "http://gravatar.com/buylopressor50mgonlinecanada" "Mozilla/5.0 (Windows NT 6.1; WOW64) AppleWebKit/537.36 (KHTML, like Gecko) Chrome/48.0.2564.103 Safari/537.36" "www.liebreich.at"
146.185.223.200 - - [03/Mar/2017:22:08:57 +0100] "GET / HTTP/1.0" 404 - "http://gravatar.com/buylopressor50mgonlinecanada" "Mozilla/5.0 (Windows NT 6.1; WOW64) AppleWebKit/537.36 (KHTML, like Gecko) Chrome/48.0.2564.103 Safari/537.36" "www.liebreich.at"
193.226.177.45 - - [03/Mar/2017:22:08:59 +0100] "GET /m/whatsapp HTTP/1.1" 404 208 "-" "Mozilla/4.0" "www.liebreich.at"
193.226.177.45 - - [03/Mar/2017:22:09:08 +0100] "GET /m/whatsapp HTTP/1.1" 404 208 "-" "Mozilla/4.0" "www.liebreich.at"
146.185.223.200 - - [03/Mar/2017:22:22:05 +0100] "GET / HTTP/1.0" 404 - "http://buyethionamideonlinequickdelivery.aircus.com" "Mozilla/5.0 (Windows NT 10.0; WOW64; rv:44.0) Gecko/20100101 Firefox/44.0" "www.liebreich.at"
146.185.223.200 - - [03/Mar/2017:22:22:05 +0100] "GET / HTTP/1.0" 404 - "http://buyethionamideonlinequickdelivery.aircus.com" "Mozilla/5.0 (Windows NT 10.0; WOW64; rv:44.0) Gecko/20100101 Firefox/44.0" "www.liebreich.at"
146.185.223.200 - - [03/Mar/2017:22:22:05 +0100] "GET / HTTP/1.0" 404 - "http://buyethionamideonlinequickdelivery.aircus.com" "Mozilla/5.0 (Windows NT 10.0; WOW64; rv:44.0) Gecko/20100101 Firefox/44.0" "www.liebreich.at"
146.185.223.200 - - [03/Mar/2017:22:22:05 +0100] "GET / HTTP/1.0" 404 - "http://buyethionamideonlinequickdelivery.aircus.com" "Mozilla/5.0 (Windows NT 10.0; WOW64; rv:44.0) Gecko/20100101 Firefox/44.0" "www.liebreich.at"
66.249.66.30 - - [03/Mar/2017:22:23:31 +0100] "GET /?News HTTP/1.1" 404 - "-" "Mozilla/5.0 (Linux; Android 6.0.1; Nexus 5X Build/MMB29P) AppleWebKit/537.36 (KHTML, like Gecko) Chrome/41.0.2272.96 Mobile Safari/537.36 (compatible; Googlebot/2.1; +http://www.google.com/bot.html)" "www.liebreich.at"
193.226.177.45 - - [03/Mar/2017:22:30:31 +0100] "GET /m/whatsapp HTTP/1.1" 404 208 "-" "Mozilla/4.0" "www.liebreich.at"
193.226.177.45 - - [03/Mar/2017:22:30:31 +0100] "GET /m/whatsapp HTTP/1.1" 404 208 "-" "Mozilla/4.0" "www.liebreich.at"
146.185.223.200 - - [03/Mar/2017:22:35:00 +0100] "GET / HTTP/1.0" 404 - "http://gravatar.com/ininosernali" "Mozilla/5.0 (Windows NT 10.0; WOW64) AppleWebKit/537.36 (KHTML, like Gecko) Chrome/47.0.2526.111 Safari/537.36" "www.liebreich.at"
146.185.223.200 - - [03/Mar/2017:22:35:00 +0100] "GET / HTTP/1.0" 404 - "http://gravatar.com/ininosernali" "Mozilla/5.0 (Windows NT 10.0; WOW64) AppleWebKit/537.36 (KHTML, like Gecko) Chrome/47.0.2526.111 Safari/537.36" "www.liebreich.at"
146.185.223.200 - - [03/Mar/2017:22:35:00 +0100] "GET / HTTP/1.0" 404 - "http://gravatar.com/ininosernali" "Mozilla/5.0 (Windows NT 10.0; WOW64) AppleWebKit/537.36 (KHTML, like Gecko) Chrome/47.0.2526.111 Safari/537.36" "www.liebreich.at"
146.185.223.200 - - [03/Mar/2017:22:35:00 +0100] "GET / HTTP/1.0" 404 - "http://gravatar.com/ininosernali" "Mozilla/5.0 (Windows NT 10.0; WOW64) AppleWebKit/537.36 (KHTML, like Gecko) Chrome/47.0.2526.111 Safari/537.36" "www.liebreich.at"
146.185.223.200 - - [03/Mar/2017:22:47:59 +0100] "GET / HTTP/1.0" 404 - "http://buy-nebivolol-online.aircus.com" "Mozilla/5.0 (Windows NT 10.0; WOW64) AppleWebKit/537.36 (KHTML, like Gecko) Chrome/48.0.2564.109 Safari/537.36" "www.liebreich.at"
146.185.223.200 - - [03/Mar/2017:22:47:59 +0100] "GET / HTTP/1.0" 404 - "http://buy-nebivolol-online.aircus.com" "Mozilla/5.0 (Windows NT 10.0; WOW64) AppleWebKit/537.36 (KHTML, like Gecko) Chrome/48.0.2564.109 Safari/537.36" "www.liebreich.at"
193.226.177.45 - - [03/Mar/2017:22:52:08 +0100] "GET /m/whatsapp HTTP/1.1" 404 208 "-" "Mozilla/4.0" "www.liebreich.at"
146.185.223.200 - - [03/Mar/2017:22:47:59 +0100] "GET / HTTP/1.0" 404 - "http://buy-nebivolol-online.aircus.com" "Mozilla/5.0 (Windows NT 10.0; WOW64) AppleWebKit/537.36 (KHTML, like Gecko) Chrome/48.0.2564.109 Safari/537.36" "www.liebreich.at"
146.185.223.200 - - [03/Mar/2017:22:47:59 +0100] "GET / HTTP/1.0" 404 - "http://buy-nebivolol-online.aircus.com" "Mozilla/5.0 (Windows NT 10.0; WOW64) AppleWebKit/537.36 (KHTML, like Gecko) Chrome/48.0.2564.109 Safari/537.36" "www.liebreich.at"
193.226.177.45 - - [03/Mar/2017:22:51:26 +0100] "GET /m/whatsapp HTTP/1.1" 404 208 "-" "Mozilla/4.0" "www.liebreich.at"
193.226.177.45 - - [03/Mar/2017:22:53:32 +0100] "GET /m/whatsapp HTTP/1.1" 404 208 "-" "Mozilla/4.0" "www.liebreich.at"
95.116.44.234 - - [03/Mar/2017:22:57:57 +0100] "GET /?Motorrad_%2B_Auto___Werkstatt___Vergaser_Revision HTTP/1.1" 404 - "-" "Mozilla/5.0 (iPhone; CPU iPhone OS 10_2_1 like Mac OS X) AppleWebKit/602.4.6 (KHTML, like Gecko) Version/10.0 Mobile/14D27 Safari/602.1" "www.liebreich.at"
95.116.44.234 - - [03/Mar/2017:22:57:57 +0100] "GET /apple-touch-icon-120x120-precomposed.png HTTP/1.1" 404 238 "-" "MobileSafari/602.1 CFNetwork/808.3 Darwin/16.3.0" "www.liebreich.at"
95.116.44.234 - - [03/Mar/2017:22:57:57 +0100] "GET /apple-touch-icon-120x120.png HTTP/1.1" 404 226 "-" "MobileSafari/602.1 CFNetwork/808.3 Darwin/16.3.0" "www.liebreich.at"
95.116.44.234 - - [03/Mar/2017:22:57:57 +0100] "GET /apple-touch-icon-precomposed.png HTTP/1.1" 404 230 "-" "MobileSafari/602.1 CFNetwork/808.3 Darwin/16.3.0" "www.liebreich.at"
95.116.44.234 - - [03/Mar/2017:22:57:57 +0100] "GET /apple-touch-icon.png HTTP/1.1" 404 218 "-" "MobileSafari/602.1 CFNetwork/808.3 Darwin/16.3.0" "www.liebreich.at"
95.116.44.234 - - [03/Mar/2017:22:57:57 +0100] "GET /favicon.ico HTTP/1.1" 404 209 "-" "MobileSafari/602.1 CFNetwork/808.3 Darwin/16.3.0" "www.liebreich.at"
95.116.44.234 - - [03/Mar/2017:22:57:57 +0100] "GET /apple-touch-icon-120x120-precomposed.png HTTP/1.1" 404 238 "-" "MobileSafari/602.1 CFNetwork/808.3 Darwin/16.3.0" "www.liebreich.at"
95.116.44.234 - - [03/Mar/2017:22:57:57 +0100] "GET /apple-touch-icon-120x120.png HTTP/1.1" 404 226 "-" "MobileSafari/602.1 CFNetwork/808.3 Darwin/16.3.0" "www.liebreich.at"
95.116.44.234 - - [03/Mar/2017:22:57:58 +0100] "GET /apple-touch-icon-precomposed.png HTTP/1.1" 404 230 "-" "MobileSafari/602.1 CFNetwork/808.3 Darwin/16.3.0" "www.liebreich.at"
95.116.44.234 - - [03/Mar/2017:22:57:58 +0100] "GET /apple-touch-icon.png HTTP/1.1" 404 218 "-" "MobileSafari/602.1 CFNetwork/808.3 Darwin/16.3.0" "www.liebreich.at"
95.116.44.234 - - [03/Mar/2017:22:57:58 +0100] "GET /favicon.ico HTTP/1.1" 404 209 "-" "MobileSafari/602.1 CFNetwork/808.3 Darwin/16.3.0" "www.liebreich.at"
213.81.140.54 - - [03/Mar/2017:23:00:51 +0100] "GET /m/whatsapp HTTP/1.1" 404 208 "http://www.google.sk/url?sa=t&rct=j&q=&esrc=s&source=web&cd=1&ved=0CCEQFjAA&url=http%3A%2F%2Fliebreich.at%2Fm%2Fwhatsapp&ei=aLsQxfQdcpiGxajTZbvB&usg=5GbpWotry1WoTMQ6cBO-nbaarUC1kDefXX" "Mozilla/4.0 (compatible; MSIE 8.0; Windows NT 6.1; WOW64; Trident/5.0)" "www.liebreich.at"
213.81.140.54 - - [03/Mar/2017:23:00:52 +0100] "GET /m/whatsapp HTTP/1.1" 404 208 "http://www.google.sk/url?sa=t&rct=j&q=&esrc=s&source=web&cd=1&ved=0CCEQFjAA&url=http%3A%2F%2Fliebreich.at%2Fm%2Fwhatsapp&ei=LHrnutrYIxRySm6UPEYE&usg=dBC0cMfdExtlZheIlZJ-R2uL540RXyNqTC" "Opera/9.80 (Windows NT 6.1; Win64; x64) Presto/2.12.388 Version/12.16" "www.liebreich.at"
213.81.140.54 - - [03/Mar/2017:23:00:52 +0100] "GET /m/whatsapp HTTP/1.1" 404 208 "http://www.google.sk/url?sa=t&rct=j&q=&esrc=s&source=web&cd=1&ved=0CCEQFjAA&url=http%3A%2F%2Fliebreich.at%2Fm%2Fwhatsapp&ei=PcHcXAYiaxp6CQgpn2rs&usg=xipeJirXKpEqfskGP4l-eyzCrfrck3GKeh" "Mozilla/5.0 (Windows NT 6.1; WOW64; rv:19.0) Gecko/20100101 Firefox/19.0" "www.liebreich.at"
146.185.223.200 - - [03/Mar/2017:23:00:58 +0100] "GET / HTTP/1.0" 404 - "http://www.nature.com/protocolexchange/labgroups/563843" "Mozilla/5.0 (Windows NT 6.1; WOW64) AppleWebKit/537.36 (KHTML, like Gecko) Chrome/47.0.2526.111 YaBrowser/16.2.0.3539 Safari/537.36" "www.liebreich.at"
146.185.223.200 - - [03/Mar/2017:23:00:58 +0100] "GET / HTTP/1.0" 404 - "http://www.nature.com/protocolexchange/labgroups/563843" "Mozilla/5.0 (Windows NT 6.1; WOW64) AppleWebKit/537.36 (KHTML, like Gecko) Chrome/47.0.2526.111 YaBrowser/16.2.0.3539 Safari/537.36" "www.liebreich.at"
146.185.223.200 - - [03/Mar/2017:23:00:58 +0100] "GET / HTTP/1.0" 404 - "http://www.nature.com/protocolexchange/labgroups/563843" "Mozilla/5.0 (Windows NT 6.1; WOW64) AppleWebKit/537.36 (KHTML, like Gecko) Chrome/47.0.2526.111 YaBrowser/16.2.0.3539 Safari/537.36" "www.liebreich.at"
146.185.223.200 - - [03/Mar/2017:23:00:58 +0100] "GET / HTTP/1.0" 404 - "http://www.nature.com/protocolexchange/labgroups/563843" "Mozilla/5.0 (Windows NT 6.1; WOW64) AppleWebKit/537.36 (KHTML, like Gecko) Chrome/47.0.2526.111 YaBrowser/16.2.0.3539 Safari/537.36" "www.liebreich.at"
217.69.136.204 - - [03/Mar/2017:23:06:51 +0100] "GET /robots.txt HTTP/1.0" 404 208 "-" "Mozilla/5.0 (compatible; Linux x86_64; Mail.RU_Bot/2.0; +http://go.mail.ru/help/robots)" "www.liebreich.at"
217.69.136.203 - - [03/Mar/2017:23:06:52 +0100] "GET /?News HTTP/1.1" 404 - "-" "Mozilla/5.0 (compatible; Linux x86_64; Mail.RU_Bot/2.0; +http://go.mail.ru/help/robots)" "www.liebreich.at"
193.226.177.45 - - [03/Mar/2017:23:13:53 +0100] "GET /m/whatsapp HTTP/1.1" 404 208 "-" "Mozilla/4.0" "www.liebreich.at"
146.185.223.200 - - [03/Mar/2017:23:13:54 +0100] "GET / HTTP/1.0" 404 - "http://www.nature.com/protocolexchange/labgroups/622175" "Mozilla/5.0 (Windows NT 10.0; WOW64; rv:43.0) Gecko/20100101 Firefox/43.0" "www.liebreich.at"
146.185.223.200 - - [03/Mar/2017:23:13:54 +0100] "GET / HTTP/1.0" 404 - "http://www.nature.com/protocolexchange/labgroups/622175" "Mozilla/5.0 (Windows NT 10.0; WOW64; rv:43.0) Gecko/20100101 Firefox/43.0" "www.liebreich.at"
213.81.140.50 - - [03/Mar/2017:23:16:46 +0100] "GET /m/whatsapp HTTP/1.1" 404 208 "http://www.google.sk/url?sa=t&rct=j&q=&esrc=s&source=web&cd=1&ved=0CCEQFjAA&url=http%3A%2F%2Fliebreich.at%2Fm%2Fwhatsapp&ei=dgqgwUHXkbomAvIFEF4s&usg=tjZ8jzCHcDwfdypVHtp-usIqwz05yzet0d" "Mozilla/4.0 (compatible; MSIE 7.0; Windows NT 6.1; Win64; x64; Trident/5.0)" "www.liebreich.at"
84.163.128.211 - - [03/Mar/2017:23:05:03 +0100] "GET /m HTTP/1.0" 404 199 "-" "Mozilla/4.0 (compatible; MSIE 6.0; Windows NT 5.1; SV1)" "www.liebreich.at"
193.226.177.45 - - [03/Mar/2017:23:13:53 +0100] "GET /m/whatsapp HTTP/1.1" 404 208 "-" "Mozilla/4.0" "www.liebreich.at"
146.185.223.200 - - [03/Mar/2017:23:13:54 +0100] "GET / HTTP/1.0" 404 - "http://www.nature.com/protocolexchange/labgroups/622175" "Mozilla/5.0 (Windows NT 10.0; WOW64; rv:43.0) Gecko/20100101 Firefox/43.0" "www.liebreich.at"
146.185.223.200 - - [03/Mar/2017:23:13:54 +0100] "GET / HTTP/1.0" 404 - "http://www.nature.com/protocolexchange/labgroups/622175" "Mozilla/5.0 (Windows NT 10.0; WOW64; rv:43.0) Gecko/20100101 Firefox/43.0" "www.liebreich.at"
213.81.140.50 - - [03/Mar/2017:23:17:40 +0100] "GET /m/whatsapp HTTP/1.1" 404 208 "http://www.google.sk/url?sa=t&rct=j&q=&esrc=s&source=web&cd=1&ved=0CCEQFjAA&url=http%3A%2F%2Fliebreich.at%2Fm%2Fwhatsapp&ei=0lCTjcIO68nzf4ai4aaI&usg=WH5YUw0TCClgUJUUqHx-ucG43RIqEG5q2L" "Mozilla/4.0 (compatible; MSIE 7.0; Windows NT 6.1; Win64; x64; Trident/5.0)" "www.liebreich.at"
213.81.140.50 - - [03/Mar/2017:23:17:41 +0100] "GET /m/whatsapp HTTP/1.1" 404 208 "http://www.google.sk/url?sa=t&rct=j&q=&esrc=s&source=web&cd=1&ved=0CCEQFjAA&url=http%3A%2F%2Fliebreich.at%2Fm%2Fwhatsapp&ei=jiNMF9EqzTQG230j3c1e&usg=eAZGZkFAujst8XL0pWp-gOpZU5w5pm3jrb" "Mozilla/5.0 (Windows NT 6.1; WOW64) AppleWebKit/537.36 (KHTML, like Gecko) Chrome/29.0.1547.62 Safari/537.36" "www.liebreich.at"
213.81.140.50 - - [03/Mar/2017:23:19:30 +0100] "GET /m/whatsapp HTTP/1.1" 404 208 "http://www.google.sk/url?sa=t&rct=j&q=&esrc=s&source=web&cd=1&ved=0CCEQFjAA&url=http%3A%2F%2Fliebreich.at%2Fm%2Fwhatsapp&ei=HYnRLrYdxB81mXYEUZQj&usg=q2Qx1FJ56x2Ve43cuZ0-fKPztqnNzI5eew" "Mozilla/5.0 (Windows NT 6.1; WOW64; rv:23.0) Gecko/20100101 Firefox/23.0" "www.liebreich.at"
213.81.140.50 - - [03/Mar/2017:23:21:32 +0100] "GET /m/whatsapp HTTP/1.1" 404 208 "http://www.google.sk/url?sa=t&rct=j&q=&esrc=s&source=web&cd=1&ved=0CCEQFjAA&url=http%3A%2F%2Fliebreich.at%2Fm%2Fwhatsapp&ei=7WZZMLbr6mTf50EzqyLS&usg=WDLPb5NEcvwGaGwMmDi-mqjPjLNoNi4faF" "Opera/9.80 (Windows NT 6.1; Win64; x64) Presto/2.12.388 Version/12.16" "www.liebreich.at"
146.185.223.200 - - [03/Mar/2017:23:26:54 +0100] "GET / HTTP/1.0" 404 - "http://gravatar.com/ordercyclopentolateonline247" "Mozilla/5.0 (Windows NT 6.1) AppleWebKit/537.36 (KHTML, like Gecko) Chrome/48.0.2564.109 Safari/537.36" "www.liebreich.at"
146.185.223.200 - - [03/Mar/2017:23:26:55 +0100] "GET / HTTP/1.0" 404 - "http://gravatar.com/ordercyclopentolateonline247" "Mozilla/5.0 (Windows NT 6.1) AppleWebKit/537.36 (KHTML, like Gecko) Chrome/48.0.2564.109 Safari/537.36" "www.liebreich.at"
213.81.140.50 - - [03/Mar/2017:23:21:31 +0100] "GET /m/whatsapp HTTP/1.1" 404 208 "http://www.google.sk/url?sa=t&rct=j&q=&esrc=s&source=web&cd=1&ved=0CCEQFjAA&url=http%3A%2F%2Fliebreich.at%2Fm%2Fwhatsapp&ei=aKipVrTwvAJg3F71VigC&usg=LZe1PrLOPYUBbzPK3Ax-hOaH9HAyfTsPoS" "Mozilla/5.0 (compatible; MSIE 9.0; Windows NT 6.1; WOW64; Trident/5.0)" "www.liebreich.at"
68.180.230.186 - - [03/Mar/2017:23:23:43 +0100] "GET /?Motorrad_%2B_Auto___Werkstatt&print HTTP/1.1" 404 - "-" "Mozilla/5.0 (compatible; Yahoo! Slurp; http://help.yahoo.com/help/us/ysearch/slurp)" "www.liebreich.at"
146.185.223.200 - - [03/Mar/2017:23:26:54 +0100] "GET / HTTP/1.0" 404 - "http://gravatar.com/ordercyclopentolateonline247" "Mozilla/5.0 (Windows NT 6.1) AppleWebKit/537.36 (KHTML, like Gecko) Chrome/48.0.2564.109 Safari/537.36" "www.liebreich.at"
146.185.223.200 - - [03/Mar/2017:23:26:55 +0100] "GET / HTTP/1.0" 404 - "http://gravatar.com/ordercyclopentolateonline247" "Mozilla/5.0 (Windows NT 6.1) AppleWebKit/537.36 (KHTML, like Gecko) Chrome/48.0.2564.109 Safari/537.36" "www.liebreich.at"
193.226.177.45 - - [03/Mar/2017:23:37:49 +0100] "GET /m/whatsapp HTTP/1.1" 404 208 "-" "Mozilla/4.0" "www.liebreich.at"
146.185.223.200 - - [03/Mar/2017:23:39:54 +0100] "GET / HTTP/1.0" 404 - "http://www.theknot.com/wedding/inderal-and-prices" "Mozilla/5.0 (Windows NT 10.0; WOW64) AppleWebKit/537.36 (KHTML, like Gecko) Chrome/48.0.2564.97 Safari/537.36" "www.liebreich.at"
146.185.223.200 - - [03/Mar/2017:23:39:55 +0100] "GET / HTTP/1.0" 404 - "http://www.theknot.com/wedding/inderal-and-prices" "Mozilla/5.0 (Windows NT 10.0; WOW64) AppleWebKit/537.36 (KHTML, like Gecko) Chrome/48.0.2564.97 Safari/537.36" "www.liebreich.at"
193.226.177.45 - - [03/Mar/2017:23:37:48 +0100] "GET /m/whatsapp HTTP/1.1" 404 208 "-" "Mozilla/4.0" "www.liebreich.at"
146.185.223.200 - - [03/Mar/2017:23:39:54 +0100] "GET / HTTP/1.0" 404 - "http://www.theknot.com/wedding/inderal-and-prices" "Mozilla/5.0 (Windows NT 10.0; WOW64) AppleWebKit/537.36 (KHTML, like Gecko) Chrome/48.0.2564.97 Safari/537.36" "www.liebreich.at"
146.185.223.200 - - [03/Mar/2017:23:39:54 +0100] "GET / HTTP/1.0" 404 - "http://www.theknot.com/wedding/inderal-and-prices" "Mozilla/5.0 (Windows NT 10.0; WOW64) AppleWebKit/537.36 (KHTML, like Gecko) Chrome/48.0.2564.97 Safari/537.36" "www.liebreich.at"
146.185.223.200 - - [03/Mar/2017:23:52:54 +0100] "GET / HTTP/1.0" 404 - "http://www.theknot.com/wedding/revia-and-no" "Mozilla/5.0 (Windows NT 6.1; rv:43.0) Gecko/20100101 Firefox/43.0" "www.liebreich.at"
146.185.223.200 - - [03/Mar/2017:23:52:55 +0100] "GET / HTTP/1.0" 404 - "http://www.theknot.com/wedding/revia-and-no" "Mozilla/5.0 (Windows NT 6.1; rv:43.0) Gecko/20100101 Firefox/43.0" "www.liebreich.at"
193.226.177.45 - - [03/Mar/2017:23:49:46 +0100] "GET /m/whatsapp HTTP/1.1" 404 208 "-" "Mozilla/4.0" "www.liebreich.at"
146.185.223.200 - - [03/Mar/2017:23:52:54 +0100] "GET / HTTP/1.0" 404 - "http://www.theknot.com/wedding/revia-and-no" "Mozilla/5.0 (Windows NT 6.1; rv:43.0) Gecko/20100101 Firefox/43.0" "www.liebreich.at"
146.185.223.200 - - [03/Mar/2017:23:52:55 +0100] "GET / HTTP/1.0" 404 - "http://www.theknot.com/wedding/revia-and-no" "Mozilla/5.0 (Windows NT 6.1; rv:43.0) Gecko/20100101 Firefox/43.0" "www.liebreich.at"
193.226.177.45 - - [03/Mar/2017:23:58:11 +0100] "GET /m/whatsapp HTTP/1.1" 404 208 "-" "Mozilla/4.0" "www.liebreich.at"
193.226.177.45 - - [03/Mar/2017:23:58:11 +0100] "GET /m/whatsapp HTTP/1.1" 404 208 "-" "Mozilla/4.0" "www.liebreich.at"
146.185.223.200 - - [04/Mar/2017:00:05:53 +0100] "GET / HTTP/1.0" 404 - "http://buycyclopentolateonline.aircus.com" "Mozilla/5.0 (Windows NT 6.3; WOW64) AppleWebKit/537.36 (KHTML, like Gecko) Chrome/47.0.2526.111 Safari/537.36" "www.liebreich.at"
146.185.223.200 - - [04/Mar/2017:00:05:53 +0100] "GET / HTTP/1.0" 404 - "http://buycyclopentolateonline.aircus.com" "Mozilla/5.0 (Windows NT 6.3; WOW64) AppleWebKit/537.36 (KHTML, like Gecko) Chrome/47.0.2526.111 Safari/537.36" "www.liebreich.at"
146.185.223.200 - - [04/Mar/2017:00:05:53 +0100] "GET / HTTP/1.0" 404 - "http://buycyclopentolateonline.aircus.com" "Mozilla/5.0 (Windows NT 6.3; WOW64) AppleWebKit/537.36 (KHTML, like Gecko) Chrome/47.0.2526.111 Safari/537.36" "www.liebreich.at"
146.185.223.200 - - [04/Mar/2017:00:05:53 +0100] "GET / HTTP/1.0" 404 - "http://buycyclopentolateonline.aircus.com" "Mozilla/5.0 (Windows NT 6.3; WOW64) AppleWebKit/537.36 (KHTML, like Gecko) Chrome/47.0.2526.111 Safari/537.36" "www.liebreich.at"
193.226.177.45 - - [04/Mar/2017:00:18:29 +0100] "GET /m/whatsapp HTTP/1.1" 404 208 "-" "Mozilla/4.0" "www.liebreich.at"
146.185.223.200 - - [04/Mar/2017:00:18:51 +0100] "GET / HTTP/1.0" 404 - "http://www.nature.com/protocolexchange/labgroups/601105" "Mozilla/5.0 (Windows NT 6.3; WOW64) AppleWebKit/537.36 (KHTML, like Gecko) Chrome/48.0.2564.109 Safari/537.36" "www.liebreich.at"
146.185.223.200 - - [04/Mar/2017:00:18:51 +0100] "GET / HTTP/1.0" 404 - "http://www.nature.com/protocolexchange/labgroups/601105" "Mozilla/5.0 (Windows NT 6.3; WOW64) AppleWebKit/537.36 (KHTML, like Gecko) Chrome/48.0.2564.109 Safari/537.36" "www.liebreich.at"
146.185.223.200 - - [04/Mar/2017:00:18:52 +0100] "GET / HTTP/1.0" 404 - "http://www.nature.com/protocolexchange/labgroups/601105" "Mozilla/5.0 (Windows NT 6.3; WOW64) AppleWebKit/537.36 (KHTML, like Gecko) Chrome/48.0.2564.109 Safari/537.36" "www.liebreich.at"
146.185.223.200 - - [04/Mar/2017:00:18:52 +0100] "GET / HTTP/1.0" 404 - "http://www.nature.com/protocolexchange/labgroups/601105" "Mozilla/5.0 (Windows NT 6.3; WOW64) AppleWebKit/537.36 (KHTML, like Gecko) Chrome/48.0.2564.109 Safari/537.36" "www.liebreich.at"
193.226.177.45 - - [04/Mar/2017:00:19:43 +0100] "GET /m/whatsapp HTTP/1.1" 404 208 "-" "Mozilla/4.0" "www.liebreich.at"
81.217.211.135 - - [04/Mar/2017:00:31:07 +0100] "GET / HTTP/1.1" 404 - "-" "Mozilla/5.0 (iPad; CPU OS 10_2 like Mac OS X) AppleWebKit/602.3.12 (KHTML, like Gecko) Version/10.0 Mobile/14C92 Safari/602.1" "www.liebreich.at"
81.217.211.135 - - [04/Mar/2017:00:31:08 +0100] "GET /apple-touch-icon-152x152-precomposed.png HTTP/1.1" 404 238 "-" "MobileSafari/602.1 CFNetwork/808.2.16 Darwin/16.3.0" "www.liebreich.at"
81.217.211.135 - - [04/Mar/2017:00:31:08 +0100] "GET /apple-touch-icon-152x152.png HTTP/1.1" 404 226 "-" "MobileSafari/602.1 CFNetwork/808.2.16 Darwin/16.3.0" "www.liebreich.at"
81.217.211.135 - - [04/Mar/2017:00:31:08 +0100] "GET /apple-touch-icon-precomposed.png HTTP/1.1" 404 230 "-" "MobileSafari/602.1 CFNetwork/808.2.16 Darwin/16.3.0" "www.liebreich.at"
81.217.211.135 - - [04/Mar/2017:00:31:08 +0100] "GET /apple-touch-icon.png HTTP/1.1" 404 218 "-" "MobileSafari/602.1 CFNetwork/808.2.16 Darwin/16.3.0" "www.liebreich.at"
81.217.211.135 - - [04/Mar/2017:00:31:08 +0100] "GET /favicon.ico HTTP/1.1" 404 209 "-" "MobileSafari/602.1 CFNetwork/808.2.16 Darwin/16.3.0" "www.liebreich.at"
81.217.211.135 - - [04/Mar/2017:00:31:08 +0100] "GET /apple-touch-icon-152x152-precomposed.png HTTP/1.1" 404 238 "-" "MobileSafari/602.1 CFNetwork/808.2.16 Darwin/16.3.0" "www.liebreich.at"
81.217.211.135 - - [04/Mar/2017:00:31:08 +0100] "GET /apple-touch-icon-152x152.png HTTP/1.1" 404 226 "-" "MobileSafari/602.1 CFNetwork/808.2.16 Darwin/16.3.0" "www.liebreich.at"
81.217.211.135 - - [04/Mar/2017:00:31:08 +0100] "GET /apple-touch-icon-precomposed.png HTTP/1.1" 404 230 "-" "MobileSafari/602.1 CFNetwork/808.2.16 Darwin/16.3.0" "www.liebreich.at"
81.217.211.135 - - [04/Mar/2017:00:31:08 +0100] "GET /apple-touch-icon.png HTTP/1.1" 404 218 "-" "MobileSafari/602.1 CFNetwork/808.2.16 Darwin/16.3.0" "www.liebreich.at"
81.217.211.135 - - [04/Mar/2017:00:31:08 +0100] "GET /favicon.ico HTTP/1.1" 404 209 "-" "MobileSafari/602.1 CFNetwork/808.2.16 Darwin/16.3.0" "www.liebreich.at"
146.185.223.200 - - [04/Mar/2017:00:31:52 +0100] "GET / HTTP/1.0" 404 - "http://www.theknot.com/wedding/sale-and-oxcarbazepine" "Mozilla/5.0 (Windows NT 6.3; WOW64) AppleWebKit/537.36 (KHTML, like Gecko) Chrome/47.0.2526.111 Safari/537.36" "www.liebreich.at"
146.185.223.200 - - [04/Mar/2017:00:31:52 +0100] "GET / HTTP/1.0" 404 - "http://www.theknot.com/wedding/sale-and-oxcarbazepine" "Mozilla/5.0 (Windows NT 6.3; WOW64) AppleWebKit/537.36 (KHTML, like Gecko) Chrome/47.0.2526.111 Safari/537.36" "www.liebreich.at"
146.185.223.200 - - [04/Mar/2017:00:31:53 +0100] "GET / HTTP/1.0" 404 - "http://www.theknot.com/wedding/sale-and-oxcarbazepine" "Mozilla/5.0 (Windows NT 6.3; WOW64) AppleWebKit/537.36 (KHTML, like Gecko) Chrome/47.0.2526.111 Safari/537.36" "www.liebreich.at"
146.185.223.200 - - [04/Mar/2017:00:31:53 +0100] "GET / HTTP/1.0" 404 - "http://www.theknot.com/wedding/sale-and-oxcarbazepine" "Mozilla/5.0 (Windows NT 6.3; WOW64) AppleWebKit/537.36 (KHTML, like Gecko) Chrome/47.0.2526.111 Safari/537.36" "www.liebreich.at"
66.249.66.160 - - [04/Mar/2017:00:35:07 +0100] "GET /fotos/duster/jafferau/DSCF5415.jpg HTTP/1.1" 404 232 "-" "Googlebot-Image/1.0" "www.liebreich.at"
66.249.66.174 - - [04/Mar/2017:00:35:29 +0100] "GET /?Willkommen HTTP/1.1" 404 - "-" "Mozilla/5.0 (compatible; Googlebot/2.1; +http://www.google.com/bot.html)" "www.liebreich.at"
193.226.177.45 - - [04/Mar/2017:00:38:01 +0100] "GET /m/whatsapp HTTP/1.1" 404 208 "-" "Mozilla/4.0" "www.liebreich.at"
66.249.66.132 - - [04/Mar/2017:00:42:41 +0100] "GET /userfiles/images/v_duesennadel1.jpg HTTP/1.1" 404 233 "-" "Googlebot-Image/1.0" "www.liebreich.at"
95.116.44.234 - - [04/Mar/2017:00:42:54 +0100] "GET /?Motorrad_%2B_Auto___Werkstatt___Vergaser_Revision HTTP/1.1" 404 - "-" "Mozilla/5.0 (iPhone; CPU iPhone OS 10_2_1 like Mac OS X) AppleWebKit/602.4.6 (KHTML, like Gecko) Version/10.0 Mobile/14D27 Safari/602.1" "www.liebreich.at"
95.116.44.234 - - [04/Mar/2017:00:42:54 +0100] "GET /apple-touch-icon-120x120-precomposed.png HTTP/1.1" 404 238 "-" "MobileSafari/602.1 CFNetwork/808.3 Darwin/16.3.0" "www.liebreich.at"
95.116.44.234 - - [04/Mar/2017:00:42:54 +0100] "GET /apple-touch-icon-120x120.png HTTP/1.1" 404 226 "-" "MobileSafari/602.1 CFNetwork/808.3 Darwin/16.3.0" "www.liebreich.at"
95.116.44.234 - - [04/Mar/2017:00:42:54 +0100] "GET /apple-touch-icon-precomposed.png HTTP/1.1" 404 230 "-" "MobileSafari/602.1 CFNetwork/808.3 Darwin/16.3.0" "www.liebreich.at"
95.116.44.234 - - [04/Mar/2017:00:42:54 +0100] "GET /apple-touch-icon.png HTTP/1.1" 404 218 "-" "MobileSafari/602.1 CFNetwork/808.3 Darwin/16.3.0" "www.liebreich.at"
