95.116.44.234 - - [04/Mar/2017:00:42:54 +0100] "GET /favicon.ico HTTP/1.1" 404 209 "-" "MobileSafari/602.1 CFNetwork/808.3 Darwin/16.3.0" "www.liebreich.at"
95.116.44.234 - - [04/Mar/2017:00:42:55 +0100] "GET /apple-touch-icon-120x120-precomposed.png HTTP/1.1" 404 238 "-" "MobileSafari/602.1 CFNetwork/808.3 Darwin/16.3.0" "www.liebreich.at"
95.116.44.234 - - [04/Mar/2017:00:42:55 +0100] "GET /apple-touch-icon-120x120.png HTTP/1.1" 404 226 "-" "MobileSafari/602.1 CFNetwork/808.3 Darwin/16.3.0" "www.liebreich.at"
95.116.44.234 - - [04/Mar/2017:00:42:55 +0100] "GET /apple-touch-icon-precomposed.png HTTP/1.1" 404 230 "-" "MobileSafari/602.1 CFNetwork/808.3 Darwin/16.3.0" "www.liebreich.at"
95.116.44.234 - - [04/Mar/2017:00:42:55 +0100] "GET /apple-touch-icon.png HTTP/1.1" 404 218 "-" "MobileSafari/602.1 CFNetwork/808.3 Darwin/16.3.0" "www.liebreich.at"
95.116.44.234 - - [04/Mar/2017:00:42:55 +0100] "GET /favicon.ico HTTP/1.1" 404 209 "-" "MobileSafari/602.1 CFNetwork/808.3 Darwin/16.3.0" "www.liebreich.at"
193.226.177.45 - - [04/Mar/2017:00:43:54 +0100] "GET /m/whatsapp HTTP/1.1" 404 208 "-" "Mozilla/4.0" "www.liebreich.at"
146.185.223.200 - - [04/Mar/2017:00:44:50 +0100] "GET / HTTP/1.0" 404 - "http://lanyrd.com/profile/miwen561951739fn-6676/bio/" "Mozilla/5.0 (Windows NT 6.3; WOW64) AppleWebKit/537.36 (KHTML, like Gecko) Chrome/47.0.2526.111 Safari/537.36" "www.liebreich.at"
146.185.223.200 - - [04/Mar/2017:00:44:51 +0100] "GET / HTTP/1.0" 404 - "http://lanyrd.com/profile/miwen561951739fn-6676/bio/" "Mozilla/5.0 (Windows NT 6.3; WOW64) AppleWebKit/537.36 (KHTML, like Gecko) Chrome/47.0.2526.111 Safari/537.36" "www.liebreich.at"
146.185.223.200 - - [04/Mar/2017:00:44:51 +0100] "GET / HTTP/1.0" 404 - "http://lanyrd.com/profile/miwen561951739fn-6676/bio/" "Mozilla/5.0 (Windows NT 6.3; WOW64) AppleWebKit/537.36 (KHTML, like Gecko) Chrome/47.0.2526.111 Safari/537.36" "www.liebreich.at"
146.185.223.200 - - [04/Mar/2017:00:44:51 +0100] "GET / HTTP/1.0" 404 - "http://lanyrd.com/profile/miwen561951739fn-6676/bio/" "Mozilla/5.0 (Windows NT 6.3; WOW64) AppleWebKit/537.36 (KHTML, like Gecko) Chrome/47.0.2526.111 Safari/537.36" "www.liebreich.at"
66.249.66.128 - - [04/Mar/2017:00:47:40 +0100] "GET /userfiles/images/v_links.jpg HTTP/1.1" 404 226 "-" "Googlebot-Image/1.0" "www.liebreich.at"
180.76.15.136 - - [04/Mar/2017:00:47:45 +0100] "GET / HTTP/1.1" 404 - "-" "Mozilla/5.0 (compatible; Baiduspider/2.0; +http://www.baidu.com/search/spider.html)" "www.liebreich.at"
193.226.177.45 - - [04/Mar/2017:00:52:47 +0100] "GET /m/whatsapp HTTP/1.1" 404 208 "-" "Mozilla/4.0" "www.liebreich.at"
213.81.140.54 - - [04/Mar/2017:00:57:38 +0100] "GET /m/whatsapp HTTP/1.1" 404 208 "http://www.google.sk/url?sa=t&rct=j&q=&esrc=s&source=web&cd=1&ved=0CCEQFjAA&url=http%3A%2F%2Fliebreich.at%2Fm%2Fwhatsapp&ei=992l9LoezO05DoxhdlIT&usg=qLMVkMjt7BGLDhUHqhu-fXCU7Nn4TSzYpK" "Mozilla/5.0 (Windows NT 6.1; WOW64) AppleWebKit/537.36 (KHTML, like Gecko) Chrome/29.0.1547.62 Safari/537.36" "www.liebreich.at"
213.81.140.54 - - [04/Mar/2017:00:57:39 +0100] "GET /m/whatsapp HTTP/1.1" 404 208 "http://www.google.sk/url?sa=t&rct=j&q=&esrc=s&source=web&cd=1&ved=0CCEQFjAA&url=http%3A%2F%2Fliebreich.at%2Fm%2Fwhatsapp&ei=Qc6Hz6Mlf9GiymqCEXtw&usg=NiEeqXsP5faZnj6aLoA-E9HEz7tHXDsUGh" "Mozilla/5.0 (Windows NT 6.1; WOW64) AppleWebKit/537.36 (KHTML, like Gecko) Chrome/29.0.1547.62 Safari/537.36" "www.liebreich.at"
193.226.177.45 - - [04/Mar/2017:00:57:42 +0100] "GET /m/whatsapp HTTP/1.1" 404 208 "-" "Mozilla/4.0" "www.liebreich.at"
213.81.140.54 - - [04/Mar/2017:00:57:39 +0100] "GET /m/whatsapp HTTP/1.1" 404 208 "http://www.google.sk/url?sa=t&rct=j&q=&esrc=s&source=web&cd=1&ved=0CCEQFjAA&url=http%3A%2F%2Fliebreich.at%2Fm%2Fwhatsapp&ei=a9ssXsFL4zaDKueDWFYd&usg=skvaNDb8znicteZXGfV-3HNRDsQxhBWDbQ" "Mozilla/5.0 (Windows NT 6.1; WOW64; rv:19.0) Gecko/20100101 Firefox/19.0" "www.liebreich.at"
146.185.223.200 - - [04/Mar/2017:00:57:53 +0100] "GET / HTTP/1.0" 404 - "http://www.theknot.com/wedding/online-flutamide" "Mozilla/5.0 (Windows NT 6.3; WOW64) AppleWebKit/537.36 (KHTML, like Gecko) Chrome/48.0.2564.97 Safari/537.36" "www.liebreich.at"
146.185.223.200 - - [04/Mar/2017:00:57:53 +0100] "GET / HTTP/1.0" 404 - "http://www.theknot.com/wedding/online-flutamide" "Mozilla/5.0 (Windows NT 6.3; WOW64) AppleWebKit/537.36 (KHTML, like Gecko) Chrome/48.0.2564.97 Safari/537.36" "www.liebreich.at"
146.185.223.200 - - [04/Mar/2017:00:57:53 +0100] "GET / HTTP/1.0" 404 - "http://www.theknot.com/wedding/online-flutamide" "Mozilla/5.0 (Windows NT 6.3; WOW64) AppleWebKit/537.36 (KHTML, like Gecko) Chrome/48.0.2564.97 Safari/537.36" "www.liebreich.at"
146.185.223.200 - - [04/Mar/2017:00:57:53 +0100] "GET / HTTP/1.0" 404 - "http://www.theknot.com/wedding/online-flutamide" "Mozilla/5.0 (Windows NT 6.3; WOW64) AppleWebKit/537.36 (KHTML, like Gecko) Chrome/48.0.2564.97 Safari/537.36" "www.liebreich.at"
146.185.223.200 - - [04/Mar/2017:01:10:48 +0100] "GET / HTTP/1.0" 404 - "http://lanyrd.com/profile/luan062840628406v-8400/bio/" "Mozilla/5.0 (Windows NT 10.0; WOW64) AppleWebKit/537.36 (KHTML, like Gecko) Chrome/48.0.2564.116 Safari/537.36" "www.liebreich.at"
146.185.223.200 - - [04/Mar/2017:01:10:48 +0100] "GET / HTTP/1.0" 404 - "http://lanyrd.com/profile/luan062840628406v-8400/bio/" "Mozilla/5.0 (Windows NT 10.0; WOW64) AppleWebKit/537.36 (KHTML, like Gecko) Chrome/48.0.2564.116 Safari/537.36" "www.liebreich.at"
193.226.177.45 - - [04/Mar/2017:01:04:17 +0100] "GET /m/whatsapp HTTP/1.1" 404 208 "-" "Mozilla/4.0" "www.liebreich.at"
146.185.223.200 - - [04/Mar/2017:01:10:48 +0100] "GET / HTTP/1.0" 404 - "http://lanyrd.com/profile/luan062840628406v-8400/bio/" "Mozilla/5.0 (Windows NT 10.0; WOW64) AppleWebKit/537.36 (KHTML, like Gecko) Chrome/48.0.2564.116 Safari/537.36" "www.liebreich.at"
146.185.223.200 - - [04/Mar/2017:01:10:48 +0100] "GET / HTTP/1.0" 404 - "http://lanyrd.com/profile/luan062840628406v-8400/bio/" "Mozilla/5.0 (Windows NT 10.0; WOW64) AppleWebKit/537.36 (KHTML, like Gecko) Chrome/48.0.2564.116 Safari/537.36" "www.liebreich.at"
54.153.19.189 - - [04/Mar/2017:01:15:53 +0100] "HEAD /m HTTP/1.1" 404 - "-" "Mozilla/5.0 (compatible, MSIE 11, Windows NT 6.3; Trident/7.0; rv:11.0) like Gecko" "www.liebreich.at"
193.226.177.45 - - [04/Mar/2017:01:19:39 +0100] "GET /m/whatsapp HTTP/1.1" 404 208 "-" "Mozilla/4.0" "www.liebreich.at"
193.226.177.45 - - [04/Mar/2017:01:23:37 +0100] "GET /m/whatsapp HTTP/1.1" 404 208 "-" "Mozilla/4.0" "www.liebreich.at"
146.185.223.200 - - [04/Mar/2017:01:23:45 +0100] "GET / HTTP/1.0" 404 - "http://kerythromycin500mg.aircus.com" "Mozilla/5.0 (Windows NT 6.1) AppleWebKit/537.36 (KHTML, like Gecko) Chrome/47.0.2526.111 Safari/537.36" "www.liebreich.at"
146.185.223.200 - - [04/Mar/2017:01:23:45 +0100] "GET / HTTP/1.0" 404 - "http://kerythromycin500mg.aircus.com" "Mozilla/5.0 (Windows NT 6.1) AppleWebKit/537.36 (KHTML, like Gecko) Chrome/47.0.2526.111 Safari/537.36" "www.liebreich.at"
146.185.223.200 - - [04/Mar/2017:01:23:45 +0100] "GET / HTTP/1.0" 404 - "http://kerythromycin500mg.aircus.com" "Mozilla/5.0 (Windows NT 6.1) AppleWebKit/537.36 (KHTML, like Gecko) Chrome/47.0.2526.111 Safari/537.36" "www.liebreich.at"
146.185.223.200 - - [04/Mar/2017:01:23:46 +0100] "GET / HTTP/1.0" 404 - "http://kerythromycin500mg.aircus.com" "Mozilla/5.0 (Windows NT 6.1) AppleWebKit/537.36 (KHTML, like Gecko) Chrome/47.0.2526.111 Safari/537.36" "www.liebreich.at"
66.249.66.128 - - [04/Mar/2017:01:23:58 +0100] "GET /userfiles/images/v_gemischregulierschraube.jpg HTTP/1.1" 404 244 "-" "Googlebot-Image/1.0" "www.liebreich.at"
146.185.223.200 - - [04/Mar/2017:01:36:34 +0100] "GET / HTTP/1.0" 404 - "http://www.nature.com/protocolexchange/labgroups/566597" "Mozilla/5.0 (Windows NT 6.3; WOW64) AppleWebKit/537.36 (KHTML, like Gecko) Chrome/48.0.2564.116 Safari/537.36" "www.liebreich.at"
193.226.177.45 - - [04/Mar/2017:01:41:26 +0100] "GET /m/whatsapp HTTP/1.1" 404 208 "-" "Mozilla/4.0" "www.liebreich.at"
146.185.223.200 - - [04/Mar/2017:01:36:34 +0100] "GET / HTTP/1.0" 404 - "http://www.nature.com/protocolexchange/labgroups/566597" "Mozilla/5.0 (Windows NT 6.3; WOW64) AppleWebKit/537.36 (KHTML, like Gecko) Chrome/48.0.2564.116 Safari/537.36" "www.liebreich.at"
146.185.223.200 - - [04/Mar/2017:01:36:34 +0100] "GET / HTTP/1.0" 404 - "http://www.nature.com/protocolexchange/labgroups/566597" "Mozilla/5.0 (Windows NT 6.3; WOW64) AppleWebKit/537.36 (KHTML, like Gecko) Chrome/48.0.2564.116 Safari/537.36" "www.liebreich.at"
146.185.223.200 - - [04/Mar/2017:01:36:34 +0100] "GET / HTTP/1.0" 404 - "http://www.nature.com/protocolexchange/labgroups/566597" "Mozilla/5.0 (Windows NT 6.3; WOW64) AppleWebKit/537.36 (KHTML, like Gecko) Chrome/48.0.2564.116 Safari/537.36" "www.liebreich.at"
193.226.177.45 - - [04/Mar/2017:01:43:39 +0100] "GET /m/whatsapp HTTP/1.1" 404 208 "-" "Mozilla/4.0" "www.liebreich.at"
146.185.223.200 - - [04/Mar/2017:01:49:27 +0100] "GET / HTTP/1.0" 404 - "http://gravatar.com/ordercozaar25mgonline" "Mozilla/5.0 (Windows NT 6.1; rv:44.0) Gecko/20100101 Firefox/44.0" "www.liebreich.at"
146.185.223.200 - - [04/Mar/2017:01:49:27 +0100] "GET / HTTP/1.0" 404 - "http://gravatar.com/ordercozaar25mgonline" "Mozilla/5.0 (Windows NT 6.1; rv:44.0) Gecko/20100101 Firefox/44.0" "www.liebreich.at"
146.185.223.200 - - [04/Mar/2017:01:49:27 +0100] "GET / HTTP/1.0" 404 - "http://gravatar.com/ordercozaar25mgonline" "Mozilla/5.0 (Windows NT 6.1; rv:44.0) Gecko/20100101 Firefox/44.0" "www.liebreich.at"
146.185.223.200 - - [04/Mar/2017:01:49:28 +0100] "GET / HTTP/1.0" 404 - "http://gravatar.com/ordercozaar25mgonline" "Mozilla/5.0 (Windows NT 6.1; rv:44.0) Gecko/20100101 Firefox/44.0" "www.liebreich.at"
193.226.177.45 - - [04/Mar/2017:01:54:41 +0100] "GET /m/whatsapp HTTP/1.1" 404 208 "-" "Mozilla/4.0" "www.liebreich.at"
146.185.223.200 - - [04/Mar/2017:02:02:24 +0100] "GET / HTTP/1.0" 404 - "http://www.purevolume.com/grifulvinbuy" "Mozilla/5.0 (Windows NT 6.1; rv:43.0) Gecko/20100101 Firefox/43.0" "www.liebreich.at"
146.185.223.200 - - [04/Mar/2017:02:02:24 +0100] "GET / HTTP/1.0" 404 - "http://www.purevolume.com/grifulvinbuy" "Mozilla/5.0 (Windows NT 6.1; rv:43.0) Gecko/20100101 Firefox/43.0" "www.liebreich.at"
146.185.223.200 - - [04/Mar/2017:02:02:24 +0100] "GET / HTTP/1.0" 404 - "http://www.purevolume.com/grifulvinbuy" "Mozilla/5.0 (Windows NT 6.1; rv:43.0) Gecko/20100101 Firefox/43.0" "www.liebreich.at"
146.185.223.200 - - [04/Mar/2017:02:02:25 +0100] "GET / HTTP/1.0" 404 - "http://www.purevolume.com/grifulvinbuy" "Mozilla/5.0 (Windows NT 6.1; rv:43.0) Gecko/20100101 Firefox/43.0" "www.liebreich.at"
193.226.177.45 - - [04/Mar/2017:02:02:36 +0100] "GET /m/whatsapp HTTP/1.1" 404 208 "-" "Mozilla/4.0" "www.liebreich.at"
193.226.177.45 - - [04/Mar/2017:02:02:45 +0100] "GET /m/whatsapp HTTP/1.1" 404 208 "-" "Mozilla/4.0" "www.liebreich.at"
146.185.223.200 - - [04/Mar/2017:02:15:14 +0100] "GET / HTTP/1.0" 404 - "http://lanyrd.com/profile/mgu539517395173p-9140/bio/" "Mozilla/5.0 (Windows NT 6.1; WOW64) AppleWebKit/537.36 (KHTML, like Gecko) Chrome/47.0.2526.111 Safari/537.36" "www.liebreich.at"
146.185.223.200 - - [04/Mar/2017:02:15:14 +0100] "GET / HTTP/1.0" 404 - "http://lanyrd.com/profile/mgu539517395173p-9140/bio/" "Mozilla/5.0 (Windows NT 6.1; WOW64) AppleWebKit/537.36 (KHTML, like Gecko) Chrome/47.0.2526.111 Safari/537.36" "www.liebreich.at"
146.185.223.200 - - [04/Mar/2017:02:15:15 +0100] "GET / HTTP/1.0" 404 - "http://lanyrd.com/profile/mgu539517395173p-9140/bio/" "Mozilla/5.0 (Windows NT 6.1; WOW64) AppleWebKit/537.36 (KHTML, like Gecko) Chrome/47.0.2526.111 Safari/537.36" "www.liebreich.at"
146.185.223.200 - - [04/Mar/2017:02:15:15 +0100] "GET / HTTP/1.0" 404 - "http://lanyrd.com/profile/mgu539517395173p-9140/bio/" "Mozilla/5.0 (Windows NT 6.1; WOW64) AppleWebKit/537.36 (KHTML, like Gecko) Chrome/47.0.2526.111 Safari/537.36" "www.liebreich.at"
193.226.177.45 - - [04/Mar/2017:02:23:06 +0100] "GET /m/whatsapp HTTP/1.1" 404 208 "-" "Mozilla/4.0" "www.liebreich.at"
193.226.177.45 - - [04/Mar/2017:02:23:06 +0100] "GET /m/whatsapp HTTP/1.1" 404 208 "-" "Mozilla/4.0" "www.liebreich.at"
213.81.140.50 - - [04/Mar/2017:02:25:00 +0100] "GET /m/whatsapp HTTP/1.1" 404 208 "http://www.google.sk/url?sa=t&rct=j&q=&esrc=s&source=web&cd=1&ved=0CCEQFjAA&url=http%3A%2F%2Fliebreich.at%2Fm%2Fwhatsapp&ei=1EzuMOKqIRNLHLaKxGH2&usg=DrXNX0Ah0I4myWG3Ch4-YZtFwYOEzpiaDz" "Mozilla/4.0 (compatible; MSIE 7.0; Windows NT 6.1; WOW64; Trident/5.0)" "www.liebreich.at"
213.81.140.50 - - [04/Mar/2017:02:27:48 +0100] "GET /m/whatsapp HTTP/1.1" 404 208 "http://www.google.sk/url?sa=t&rct=j&q=&esrc=s&source=web&cd=1&ved=0CCEQFjAA&url=http%3A%2F%2Fliebreich.at%2Fm%2Fwhatsapp&ei=u8wqBaKL2AHXZYSR5NrP&usg=oRqLoOwnxvS5gPDs9dH-RvSbfqrIzXkUvW" "Mozilla/5.0 (compatible; MSIE 9.0; Windows NT 6.1; Win64; x64; Trident/5.0)" "www.liebreich.at"
146.185.223.200 - - [04/Mar/2017:02:28:11 +0100] "GET / HTTP/1.0" 404 - "http://clomipramine-buy-best-quality.over-blog.com/2014/04/clomipramine-75mg-buy-purchasing-clomipramine-online-canada.html" "Mozilla/5.0 (Windows NT 6.1; WOW64; rv:43.0) Gecko/20100101 Firefox/43.0" "www.liebreich.at"
146.185.223.200 - - [04/Mar/2017:02:28:11 +0100] "GET / HTTP/1.0" 404 - "http://clomipramine-buy-best-quality.over-blog.com/2014/04/clomipramine-75mg-buy-purchasing-clomipramine-online-canada.html" "Mozilla/5.0 (Windows NT 6.1; WOW64; rv:43.0) Gecko/20100101 Firefox/43.0" "www.liebreich.at"
213.81.140.50 - - [04/Mar/2017:02:28:13 +0100] "GET /m/whatsapp HTTP/1.1" 404 208 "http://www.google.sk/url?sa=t&rct=j&q=&esrc=s&source=web&cd=1&ved=0CCEQFjAA&url=http%3A%2F%2Fliebreich.at%2Fm%2Fwhatsapp&ei=yZnJPeIiWu88aLz5va78&usg=IULt3TTExlF0cVgmYrg-PkQkCbRMgEQhC7" "Mozilla/5.0 (Windows NT 6.1; WOW64; rv:19.0) Gecko/20100101 Firefox/19.0" "www.liebreich.at"
213.81.140.50 - - [04/Mar/2017:02:27:25 +0100] "GET /m/whatsapp HTTP/1.1" 404 208 "http://www.google.sk/url?sa=t&rct=j&q=&esrc=s&source=web&cd=1&ved=0CCEQFjAA&url=http%3A%2F%2Fliebreich.at%2Fm%2Fwhatsapp&ei=2vqClT1wSfEa2TXSmcka&usg=FWjcXXtyqSpk64YuNxg-9uUN8Qu893hmRE" "Mozilla/5.0 (Windows NT 6.1; WOW64) AppleWebKit/537.36 (KHTML, like Gecko) Chrome/27.0.1453.116 Safari/537.36" "www.liebreich.at"
213.81.140.50 - - [04/Mar/2017:02:27:48 +0100] "GET /m/whatsapp HTTP/1.1" 404 208 "http://www.google.sk/url?sa=t&rct=j&q=&esrc=s&source=web&cd=1&ved=0CCEQFjAA&url=http%3A%2F%2Fliebreich.at%2Fm%2Fwhatsapp&ei=OpmZHrr9VkLAed4AfeAr&usg=461rg8SaKAjWLikOY6L-fIYRhEuB1ui9qp" "Opera/9.80 (Windows NT 6.1; Win64; x64) Presto/2.12.388 Version/12.16" "www.liebreich.at"
213.81.140.50 - - [04/Mar/2017:02:27:49 +0100] "GET /m/whatsapp HTTP/1.1" 404 208 "http://www.google.sk/url?sa=t&rct=j&q=&esrc=s&source=web&cd=1&ved=0CCEQFjAA&url=http%3A%2F%2Fliebreich.at%2Fm%2Fwhatsapp&ei=Ki6O0L3COiqGIhozX7od&usg=cdBCsPOdWvKO3a0Hxvh-gihyC1AGJ7tCV8" "Mozilla/5.0 (Windows NT 6.1; WOW64; rv:21.0) Gecko/20100101 Firefox/21.0" "www.liebreich.at"
146.185.223.200 - - [04/Mar/2017:02:28:11 +0100] "GET / HTTP/1.0" 404 - "http://clomipramine-buy-best-quality.over-blog.com/2014/04/clomipramine-75mg-buy-purchasing-clomipramine-online-canada.html" "Mozilla/5.0 (Windows NT 6.1; WOW64; rv:43.0) Gecko/20100101 Firefox/43.0" "www.liebreich.at"
146.185.223.200 - - [04/Mar/2017:02:28:11 +0100] "GET / HTTP/1.0" 404 - "http://clomipramine-buy-best-quality.over-blog.com/2014/04/clomipramine-75mg-buy-purchasing-clomipramine-online-canada.html" "Mozilla/5.0 (Windows NT 6.1; WOW64; rv:43.0) Gecko/20100101 Firefox/43.0" "www.liebreich.at"
207.46.13.132 - - [04/Mar/2017:02:36:32 +0100] "GET / HTTP/1.1" 404 - "-" "Mozilla/5.0 (compatible; bingbot/2.0; +http://www.bing.com/bingbot.htm)" "www.liebreich.at"
66.249.66.132 - - [04/Mar/2017:02:37:29 +0100] "GET /userfiles/images/v_schwimmer1.jpg HTTP/1.1" 404 231 "-" "Googlebot-Image/1.0" "www.liebreich.at"
5.255.253.26 - - [04/Mar/2017:02:38:41 +0100] "GET /robots.txt HTTP/1.1" 404 208 "-" "Mozilla/5.0 (compatible; YandexBot/3.0; +http://yandex.com/bots)" "www.liebreich.at"
5.255.253.26 - - [04/Mar/2017:02:38:45 +0100] "GET /favicon.ico HTTP/1.1" 404 209 "-" "Mozilla/5.0 (compatible; YandexBot/3.0; +http://yandex.com/bots)" "www.liebreich.at"
146.185.223.200 - - [04/Mar/2017:02:41:03 +0100] "GET / HTTP/1.0" 404 - "http://gravatar.com/cefiximecomprarargentina" "Mozilla/5.0 (Windows NT 6.1; WOW64; rv:44.0) Gecko/20100101 Firefox/44.0" "www.liebreich.at"
146.185.223.200 - - [04/Mar/2017:02:41:04 +0100] "GET / HTTP/1.0" 404 - "http://gravatar.com/cefiximecomprarargentina" "Mozilla/5.0 (Windows NT 6.1; WOW64; rv:44.0) Gecko/20100101 Firefox/44.0" "www.liebreich.at"
146.185.223.200 - - [04/Mar/2017:02:41:03 +0100] "GET / HTTP/1.0" 404 - "http://gravatar.com/cefiximecomprarargentina" "Mozilla/5.0 (Windows NT 6.1; WOW64; rv:44.0) Gecko/20100101 Firefox/44.0" "www.liebreich.at"
146.185.223.200 - - [04/Mar/2017:02:41:04 +0100] "GET / HTTP/1.0" 404 - "http://gravatar.com/cefiximecomprarargentina" "Mozilla/5.0 (Windows NT 6.1; WOW64; rv:44.0) Gecko/20100101 Firefox/44.0" "www.liebreich.at"
68.180.230.186 - - [04/Mar/2017:02:46:27 +0100] "GET /?Motorrad_%2B_Auto___KTM_625_SXC HTTP/1.1" 404 - "-" "Mozilla/5.0 (compatible; Yahoo! Slurp; http://help.yahoo.com/help/us/ysearch/slurp)" "www.liebreich.at"
66.249.66.128 - - [04/Mar/2017:02:47:31 +0100] "GET /fotos/duster/jafferau/DSCF5369.jpg HTTP/1.1" 404 232 "-" "Googlebot-Image/1.0" "www.liebreich.at"
146.185.223.200 - - [04/Mar/2017:02:53:53 +0100] "GET / HTTP/1.0" 404 - "http://qgvflavoxate200mg.over-blog.com/2014/05/buy-flavoxate-online.html" "Mozilla/5.0 (Windows NT 10.0; WOW64) AppleWebKit/537.36 (KHTML, like Gecko) Chrome/48.0.2564.103 Safari/537.36" "www.liebreich.at"
146.185.223.200 - - [04/Mar/2017:02:53:53 +0100] "GET / HTTP/1.0" 404 - "http://qgvflavoxate200mg.over-blog.com/2014/05/buy-flavoxate-online.html" "Mozilla/5.0 (Windows NT 10.0; WOW64) AppleWebKit/537.36 (KHTML, like Gecko) Chrome/48.0.2564.103 Safari/537.36" "www.liebreich.at"
146.185.223.200 - - [04/Mar/2017:02:53:53 +0100] "GET / HTTP/1.0" 404 - "http://qgvflavoxate200mg.over-blog.com/2014/05/buy-flavoxate-online.html" "Mozilla/5.0 (Windows NT 10.0; WOW64) AppleWebKit/537.36 (KHTML, like Gecko) Chrome/48.0.2564.103 Safari/537.36" "www.liebreich.at"
146.185.223.200 - - [04/Mar/2017:02:53:53 +0100] "GET / HTTP/1.0" 404 - "http://qgvflavoxate200mg.over-blog.com/2014/05/buy-flavoxate-online.html" "Mozilla/5.0 (Windows NT 10.0; WOW64) AppleWebKit/537.36 (KHTML, like Gecko) Chrome/48.0.2564.103 Safari/537.36" "www.liebreich.at"
66.249.66.136 - - [04/Mar/2017:02:54:14 +0100] "GET /fotos/duster/jafferau/DSCF5453.jpg HTTP/1.1" 404 232 "-" "Googlebot-Image/1.0" "www.liebreich.at"
40.77.167.131 - - [04/Mar/2017:02:55:28 +0100] "GET /?&sitemap HTTP/1.1" 404 - "-" "Mozilla/5.0 (iPhone; CPU iPhone OS 7_0 like Mac OS X) AppleWebKit/537.51.1 (KHTML, like Gecko) Version/7.0 Mobile/11A465 Safari/9537.53 (compatible; bingbot/2.0; +http://www.bing.com/bingbot.htm)" "www.liebreich.at"
193.226.177.45 - - [04/Mar/2017:02:57:07 +0100] "GET /m/whatsapp HTTP/1.1" 404 208 "-" "Mozilla/4.0" "www.liebreich.at"
193.226.177.45 - - [04/Mar/2017:03:00:48 +0100] "GET /m/whatsapp HTTP/1.1" 404 208 "-" "Mozilla/4.0" "www.liebreich.at"
193.226.177.45 - - [04/Mar/2017:03:00:48 +0100] "GET /m/whatsapp HTTP/1.1" 404 208 "-" "Mozilla/4.0" "www.liebreich.at"
40.77.167.42 - - [04/Mar/2017:03:04:50 +0100] "GET /?Motorrad_%2B_Auto___Werkstatt___Bordsteckdose HTTP/1.1" 404 - "-" "Mozilla/5.0 (iPhone; CPU iPhone OS 7_0 like Mac OS X) AppleWebKit/537.51.1 (KHTML, like Gecko) Version/7.0 Mobile/11A465 Safari/9537.53 (compatible; bingbot/2.0; +http://www.bing.com/bingbot.htm)" "www.liebreich.at"
146.185.223.200 - - [04/Mar/2017:03:06:51 +0100] "GET / HTTP/1.0" 404 - "http://gravatar.com/stubescunohavol" "Mozilla/5.0 (Windows NT 10.0; WOW64; rv:44.0) Gecko/20100101 Firefox/44.0" "www.liebreich.at"
146.185.223.200 - - [04/Mar/2017:03:06:51 +0100] "GET / HTTP/1.0" 404 - "http://gravatar.com/stubescunohavol" "Mozilla/5.0 (Windows NT 10.0; WOW64; rv:44.0) Gecko/20100101 Firefox/44.0" "www.liebreich.at"
146.185.223.200 - - [04/Mar/2017:03:06:51 +0100] "GET / HTTP/1.0" 404 - "http://gravatar.com/stubescunohavol" "Mozilla/5.0 (Windows NT 10.0; WOW64; rv:44.0) Gecko/20100101 Firefox/44.0" "www.liebreich.at"
146.185.223.200 - - [04/Mar/2017:03:06:51 +0100] "GET / HTTP/1.0" 404 - "http://gravatar.com/stubescunohavol" "Mozilla/5.0 (Windows NT 10.0; WOW64; rv:44.0) Gecko/20100101 Firefox/44.0" "www.liebreich.at"
146.185.223.200 - - [04/Mar/2017:03:19:45 +0100] "GET / HTTP/1.0" 404 - "http://www.nature.com/protocolexchange/labgroups/587779" "Mozilla/5.0 (Windows NT 5.1; rv:43.0) Gecko/20100101 Firefox/43.0" "www.liebreich.at"
146.185.223.200 - - [04/Mar/2017:03:19:45 +0100] "GET / HTTP/1.0" 404 - "http://www.nature.com/protocolexchange/labgroups/587779" "Mozilla/5.0 (Windows NT 5.1; rv:43.0) Gecko/20100101 Firefox/43.0" "www.liebreich.at"
146.185.223.200 - - [04/Mar/2017:03:19:45 +0100] "GET / HTTP/1.0" 404 - "http://www.nature.com/protocolexchange/labgroups/587779" "Mozilla/5.0 (Windows NT 5.1; rv:43.0) Gecko/20100101 Firefox/43.0" "www.liebreich.at"
146.185.223.200 - - [04/Mar/2017:03:19:45 +0100] "GET / HTTP/1.0" 404 - "http://www.nature.com/protocolexchange/labgroups/587779" "Mozilla/5.0 (Windows NT 5.1; rv:43.0) Gecko/20100101 Firefox/43.0" "www.liebreich.at"
46.229.164.102 - - [04/Mar/2017:03:20:51 +0100] "GET /robots.txt HTTP/1.1" 404 208 "-" "Mozilla/5.0 (compatible; SemrushBot/1.2~bl; +http://www.semrush.com/bot.html)" "www.liebreich.at"
146.185.223.200 - - [04/Mar/2017:03:32:38 +0100] "GET / HTTP/1.0" 404 - "http://www.nature.com/protocolexchange/labgroups/571345" "Mozilla/5.0 (Windows NT 6.1; WOW64) AppleWebKit/537.36 (KHTML, like Gecko) Chrome/47.0.2526.111 Safari/537.36 OPR/34.0.2036.50" "www.liebreich.at"
146.185.223.200 - - [04/Mar/2017:03:32:38 +0100] "GET / HTTP/1.0" 404 - "http://www.nature.com/protocolexchange/labgroups/571345" "Mozilla/5.0 (Windows NT 6.1; WOW64) AppleWebKit/537.36 (KHTML, like Gecko) Chrome/47.0.2526.111 Safari/537.36 OPR/34.0.2036.50" "www.liebreich.at"
146.185.223.200 - - [04/Mar/2017:03:32:38 +0100] "GET / HTTP/1.0" 404 - "http://www.nature.com/protocolexchange/labgroups/571345" "Mozilla/5.0 (Windows NT 6.1; WOW64) AppleWebKit/537.36 (KHTML, like Gecko) Chrome/47.0.2526.111 Safari/537.36 OPR/34.0.2036.50" "www.liebreich.at"
146.185.223.200 - - [04/Mar/2017:03:32:38 +0100] "GET / HTTP/1.0" 404 - "http://www.nature.com/protocolexchange/labgroups/571345" "Mozilla/5.0 (Windows NT 6.1; WOW64) AppleWebKit/537.36 (KHTML, like Gecko) Chrome/47.0.2526.111 Safari/537.36 OPR/34.0.2036.50" "www.liebreich.at"
193.226.177.45 - - [04/Mar/2017:03:36:27 +0100] "GET /m/whatsapp HTTP/1.1" 404 208 "-" "Mozilla/4.0" "www.liebreich.at"
193.226.177.45 - - [04/Mar/2017:03:36:27 +0100] "GET /m/whatsapp HTTP/1.1" 404 208 "-" "Mozilla/4.0" "www.liebreich.at"
217.80.193.31 - - [04/Mar/2017:03:42:51 +0100] "GET /apple-touch-icon-152x152-precomposed.png HTTP/1.1" 404 238 "-" "MobileSafari/602.1 CFNetwork/808.3 Darwin/16.3.0" "www.liebreich.at"
217.80.193.31 - - [04/Mar/2017:03:42:51 +0100] "GET /apple-touch-icon-152x152.png HTTP/1.1" 404 226 "-" "MobileSafari/602.1 CFNetwork/808.3 Darwin/16.3.0" "www.liebreich.at"
217.80.193.31 - - [04/Mar/2017:03:42:51 +0100] "GET /apple-touch-icon-precomposed.png HTTP/1.1" 404 230 "-" "MobileSafari/602.1 CFNetwork/808.3 Darwin/16.3.0" "www.liebreich.at"
217.80.193.31 - - [04/Mar/2017:03:42:51 +0100] "GET /apple-touch-icon.png HTTP/1.1" 404 218 "-" "MobileSafari/602.1 CFNetwork/808.3 Darwin/16.3.0" "www.liebreich.at"
217.80.193.31 - - [04/Mar/2017:03:42:51 +0100] "GET /favicon.ico HTTP/1.1" 404 209 "-" "MobileSafari/602.1 CFNetwork/808.3 Darwin/16.3.0" "www.liebreich.at"
217.80.193.31 - - [04/Mar/2017:03:42:51 +0100] "GET /apple-touch-icon-152x152-precomposed.png HTTP/1.1" 404 238 "-" "MobileSafari/602.1 CFNetwork/808.3 Darwin/16.3.0" "www.liebreich.at"
217.80.193.31 - - [04/Mar/2017:03:42:51 +0100] "GET /apple-touch-icon-152x152.png HTTP/1.1" 404 226 "-" "MobileSafari/602.1 CFNetwork/808.3 Darwin/16.3.0" "www.liebreich.at"
217.80.193.31 - - [04/Mar/2017:03:42:51 +0100] "GET /apple-touch-icon-precomposed.png HTTP/1.1" 404 230 "-" "MobileSafari/602.1 CFNetwork/808.3 Darwin/16.3.0" "www.liebreich.at"
217.80.193.31 - - [04/Mar/2017:03:42:51 +0100] "GET /apple-touch-icon.png HTTP/1.1" 404 218 "-" "MobileSafari/602.1 CFNetwork/808.3 Darwin/16.3.0" "www.liebreich.at"
217.80.193.31 - - [04/Mar/2017:03:42:51 +0100] "GET /favicon.ico HTTP/1.1" 404 209 "-" "MobileSafari/602.1 CFNetwork/808.3 Darwin/16.3.0" "www.liebreich.at"
146.185.223.200 - - [04/Mar/2017:03:45:30 +0100] "GET / HTTP/1.0" 404 - "http://www.purevolume.com/discountvalsartanorderonline" "Mozilla/5.0 (Windows NT 6.3; WOW64) AppleWebKit/537.36 (KHTML, like Gecko) Chrome/48.0.2564.97 Safari/537.36" "www.liebreich.at"
146.185.223.200 - - [04/Mar/2017:03:45:30 +0100] "GET / HTTP/1.0" 404 - "http://www.purevolume.com/discountvalsartanorderonline" "Mozilla/5.0 (Windows NT 6.3; WOW64) AppleWebKit/537.36 (KHTML, like Gecko) Chrome/48.0.2564.97 Safari/537.36" "www.liebreich.at"
146.185.223.200 - - [04/Mar/2017:03:45:30 +0100] "GET / HTTP/1.0" 404 - "http://www.purevolume.com/discountvalsartanorderonline" "Mozilla/5.0 (Windows NT 6.3; WOW64) AppleWebKit/537.36 (KHTML, like Gecko) Chrome/48.0.2564.97 Safari/537.36" "www.liebreich.at"
217.80.193.31 - - [04/Mar/2017:03:42:51 +0100] "GET /?Motorrad:Werkstatt:Vergaser_Revision HTTP/1.1" 404 - "-" "Mozilla/5.0 (iPad; CPU OS 10_2_1 like Mac OS X) AppleWebKit/602.4.6 (KHTML, like Gecko) Version/10.0 Mobile/14D27 Safari/602.1" "www.liebreich.at"
146.185.223.200 - - [04/Mar/2017:03:45:30 +0100] "GET / HTTP/1.0" 404 - "http://www.purevolume.com/discountvalsartanorderonline" "Mozilla/5.0 (Windows NT 6.3; WOW64) AppleWebKit/537.36 (KHTML, like Gecko) Chrome/48.0.2564.97 Safari/537.36" "www.liebreich.at"
5.255.253.26 - - [04/Mar/2017:03:55:01 +0100] "GET /robots.txt HTTP/1.1" 404 208 "-" "Mozilla/5.0 (compatible; YandexBot/3.0; +http://yandex.com/bots)" "www.liebreich.at"
5.255.253.26 - - [04/Mar/2017:03:55:05 +0100] "GET /favicon.ico HTTP/1.1" 404 209 "-" "Mozilla/5.0 (compatible; YandexBot/3.0; +http://yandex.com/bots)" "www.liebreich.at"
146.185.223.200 - - [04/Mar/2017:03:58:22 +0100] "GET / HTTP/1.0" 404 - "http://carbamazepinep.aircus.com" "Mozilla/5.0 (Windows NT 6.1; WOW64; rv:44.0) Gecko/20100101 Firefox/44.0" "www.liebreich.at"
146.185.223.200 - - [04/Mar/2017:03:58:23 +0100] "GET / HTTP/1.0" 404 - "http://carbamazepinep.aircus.com" "Mozilla/5.0 (Windows NT 6.1; WOW64; rv:44.0) Gecko/20100101 Firefox/44.0" "www.liebreich.at"
146.185.223.200 - - [04/Mar/2017:03:58:22 +0100] "GET / HTTP/1.0" 404 - "http://carbamazepinep.aircus.com" "Mozilla/5.0 (Windows NT 6.1; WOW64; rv:44.0) Gecko/20100101 Firefox/44.0" "www.liebreich.at"
146.185.223.200 - - [04/Mar/2017:03:58:23 +0100] "GET / HTTP/1.0" 404 - "http://carbamazepinep.aircus.com" "Mozilla/5.0 (Windows NT 6.1; WOW64; rv:44.0) Gecko/20100101 Firefox/44.0" "www.liebreich.at"
193.226.177.45 - - [04/Mar/2017:04:00:23 +0100] "GET /m/whatsapp HTTP/1.1" 404 208 "-" "Mozilla/4.0" "www.liebreich.at"
178.24.23.28 - - [04/Mar/2017:04:01:24 +0100] "GET /m/whatsapp HTTP/1.1" 404 208 "http://www.google.com/" "Mozilla/4.0 (compatible; MSIE 8.0; Windows NT 5.1; en-GB)" "www.liebreich.at"
66.249.66.128 - - [04/Mar/2017:04:01:25 +0100] "GET /userfiles/images/v_schwimmernadelventil2.jpg HTTP/1.1" 404 242 "-" "Googlebot-Image/1.0" "www.liebreich.at"
193.226.177.45 - - [04/Mar/2017:04:09:30 +0100] "GET /m/whatsapp HTTP/1.1" 404 208 "-" "Mozilla/4.0" "www.liebreich.at"
146.185.223.200 - - [04/Mar/2017:04:11:10 +0100] "GET / HTTP/1.0" 404 - "http://www.nature.com/protocolexchange/labgroups/527467" "Mozilla/5.0 (Windows NT 6.1; WOW64) AppleWebKit/537.36 (KHTML, like Gecko) Chrome/48.0.2564.97 Safari/537.36" "www.liebreich.at"
146.185.223.200 - - [04/Mar/2017:04:11:10 +0100] "GET / HTTP/1.0" 404 - "http://www.nature.com/protocolexchange/labgroups/527467" "Mozilla/5.0 (Windows NT 6.1; WOW64) AppleWebKit/537.36 (KHTML, like Gecko) Chrome/48.0.2564.97 Safari/537.36" "www.liebreich.at"
146.185.223.200 - - [04/Mar/2017:04:11:10 +0100] "GET / HTTP/1.0" 404 - "http://www.nature.com/protocolexchange/labgroups/527467" "Mozilla/5.0 (Windows NT 6.1; WOW64) AppleWebKit/537.36 (KHTML, like Gecko) Chrome/48.0.2564.97 Safari/537.36" "www.liebreich.at"
146.185.223.200 - - [04/Mar/2017:04:11:10 +0100] "GET / HTTP/1.0" 404 - "http://www.nature.com/protocolexchange/labgroups/527467" "Mozilla/5.0 (Windows NT 6.1; WOW64) AppleWebKit/537.36 (KHTML, like Gecko) Chrome/48.0.2564.97 Safari/537.36" "www.liebreich.at"
193.226.177.45 - - [04/Mar/2017:04:11:51 +0100] "GET /m/whatsapp HTTP/1.1" 404 208 "-" "Mozilla/4.0" "www.liebreich.at"
146.185.223.200 - - [04/Mar/2017:04:24:05 +0100] "GET / HTTP/1.0" 404 - "http://lidocaine-buy-online.aircus.com" "Mozilla/5.0 (Windows NT 6.1) AppleWebKit/537.36 (KHTML, like Gecko) Chrome/48.0.2564.109 Safari/537.36" "www.liebreich.at"
146.185.223.200 - - [04/Mar/2017:04:24:05 +0100] "GET / HTTP/1.0" 404 - "http://lidocaine-buy-online.aircus.com" "Mozilla/5.0 (Windows NT 6.1) AppleWebKit/537.36 (KHTML, like Gecko) Chrome/48.0.2564.109 Safari/537.36" "www.liebreich.at"
146.185.223.200 - - [04/Mar/2017:04:24:05 +0100] "GET / HTTP/1.0" 404 - "http://lidocaine-buy-online.aircus.com" "Mozilla/5.0 (Windows NT 6.1) AppleWebKit/537.36 (KHTML, like Gecko) Chrome/48.0.2564.109 Safari/537.36" "www.liebreich.at"
146.185.223.200 - - [04/Mar/2017:04:24:05 +0100] "GET / HTTP/1.0" 404 - "http://lidocaine-buy-online.aircus.com" "Mozilla/5.0 (Windows NT 6.1) AppleWebKit/537.36 (KHTML, like Gecko) Chrome/48.0.2564.109 Safari/537.36" "www.liebreich.at"
213.81.140.54 - - [04/Mar/2017:04:35:12 +0100] "GET /m/whatsapp HTTP/1.1" 404 208 "http://www.google.sk/url?sa=t&rct=j&q=&esrc=s&source=web&cd=1&ved=0CCEQFjAA&url=http%3A%2F%2Fliebreich.at%2Fm%2Fwhatsapp&ei=E4UXvLVc6sCeXZ6tiTlV&usg=og3zP2KDtr35dMEDEEF-5B7UkxZM8gHik0" "Mozilla/5.0 (Windows NT 6.1; WOW64; rv:19.0) Gecko/20100101 Firefox/19.0" "www.liebreich.at"
213.81.140.54 - - [04/Mar/2017:04:35:13 +0100] "GET /m/whatsapp HTTP/1.1" 404 208 "http://www.google.sk/url?sa=t&rct=j&q=&esrc=s&source=web&cd=1&ved=0CCEQFjAA&url=http%3A%2F%2Fliebreich.at%2Fm%2Fwhatsapp&ei=4Ir70OcTQizAGrw1kuoe&usg=mhGAJ5nENUznsQIMdx9-n3GXkOWDqFFUVq" "Mozilla/5.0 (Windows NT 6.1; WOW64) AppleWebKit/537.36 (KHTML, like Gecko) Chrome/27.0.1453.116 Safari/537.36" "www.liebreich.at"
213.81.140.54 - - [04/Mar/2017:04:35:14 +0100] "GET /m/whatsapp HTTP/1.1" 404 208 "http://www.google.sk/url?sa=t&rct=j&q=&esrc=s&source=web&cd=1&ved=0CCEQFjAA&url=http%3A%2F%2Fliebreich.at%2Fm%2Fwhatsapp&ei=pftiH25VFbz1H0ZCWiTe&usg=F7FpIZ8DWxuyvqi39fn-uusQlb7recDFit" "Mozilla/5.0 (Windows NT 6.1; WOW64; rv:23.0) Gecko/20100101 Firefox/23.0" "www.liebreich.at"
146.185.223.200 - - [04/Mar/2017:04:37:06 +0100] "GET / HTTP/1.0" 404 - "http://finasteridebuy.page.tl" "Mozilla/5.0 (Windows NT 6.1; rv:43.0) Gecko/20100101 Firefox/43.0" "www.liebreich.at"
146.185.223.200 - - [04/Mar/2017:04:37:06 +0100] "GET / HTTP/1.0" 404 - "http://finasteridebuy.page.tl" "Mozilla/5.0 (Windows NT 6.1; rv:43.0) Gecko/20100101 Firefox/43.0" "www.liebreich.at"
146.185.223.200 - - [04/Mar/2017:04:37:06 +0100] "GET / HTTP/1.0" 404 - "http://finasteridebuy.page.tl" "Mozilla/5.0 (Windows NT 6.1; rv:43.0) Gecko/20100101 Firefox/43.0" "www.liebreich.at"
146.185.223.200 - - [04/Mar/2017:04:37:06 +0100] "GET / HTTP/1.0" 404 - "http://finasteridebuy.page.tl" "Mozilla/5.0 (Windows NT 6.1; rv:43.0) Gecko/20100101 Firefox/43.0" "www.liebreich.at"
46.229.164.98 - - [04/Mar/2017:04:38:12 +0100] "GET /robots.txt HTTP/1.1" 404 208 "-" "Mozilla/5.0 (compatible; SemrushBot/1.2~bl; +http://www.semrush.com/bot.html)" "www.liebreich.at"
213.81.140.50 - - [04/Mar/2017:04:44:49 +0100] "GET /m/whatsapp HTTP/1.1" 404 208 "http://www.google.sk/url?sa=t&rct=j&q=&esrc=s&source=web&cd=1&ved=0CCEQFjAA&url=http%3A%2F%2Fliebreich.at%2Fm%2Fwhatsapp&ei=RGQY7rG8GhHFfUQDBRnC&usg=pwTJ8kVRZlcc2tbAUMx-NwZPBwFUh8fyRH" "Mozilla/5.0 (Windows NT 6.1; WOW64; rv:19.0) Gecko/20100101 Firefox/19.0" "www.liebreich.at"
213.81.140.50 - - [04/Mar/2017:04:44:50 +0100] "GET /m/whatsapp HTTP/1.1" 404 208 "http://www.google.sk/url?sa=t&rct=j&q=&esrc=s&source=web&cd=1&ved=0CCEQFjAA&url=http%3A%2F%2Fliebreich.at%2Fm%2Fwhatsapp&ei=ZCJImp8rSf2LXPsFKoEX&usg=Z3JVMFbOyPOLbS8Oki4-WQ0MridEOrgvsM" "Mozilla/5.0 (compatible; MSIE 9.0; Windows NT 6.1; WOW64; Trident/5.0)" "www.liebreich.at"
213.81.140.50 - - [04/Mar/2017:04:44:50 +0100] "GET /m/whatsapp HTTP/1.1" 404 208 "http://www.google.sk/url?sa=t&rct=j&q=&esrc=s&source=web&cd=1&ved=0CCEQFjAA&url=http%3A%2F%2Fliebreich.at%2Fm%2Fwhatsapp&ei=jRCOXNYBUS4kisMKcTHj&usg=eTZXwhIEQyokYCms2rR-FepadEtsX5WfzI" "Mozilla/5.0 (compatible; MSIE 9.0; Windows NT 6.1; Win64; x64; Trident/5.0)" "www.liebreich.at"
213.81.140.50 - - [04/Mar/2017:04:47:15 +0100] "GET /m/whatsapp HTTP/1.1" 404 208 "http://www.google.sk/url?sa=t&rct=j&q=&esrc=s&source=web&cd=1&ved=0CCEQFjAA&url=http%3A%2F%2Fliebreich.at%2Fm%2Fwhatsapp&ei=MQOCi9IUuJNF2sYHwLcu&usg=MfmEj1RT7Xoc9BhVt4d-iDyh1bsPauBXUP" "Mozilla/5.0 (Windows NT 6.1; WOW64) AppleWebKit/537.36 (KHTML, like Gecko) Chrome/27.0.1453.116 Safari/537.36" "www.liebreich.at"
213.81.140.50 - - [04/Mar/2017:04:49:04 +0100] "GET /m/whatsapp HTTP/1.1" 404 208 "http://www.google.sk/url?sa=t&rct=j&q=&esrc=s&source=web&cd=1&ved=0CCEQFjAA&url=http%3A%2F%2Fliebreich.at%2Fm%2Fwhatsapp&ei=YrCvgDXMNgo4WELxqZov&usg=syBd9Yh6ZwnyNiggs2D-fCLSHrTU8rT4zs" "Mozilla/5.0 (Windows NT 6.1) AppleWebKit/537.36 (KHTML, like Gecko) Chrome/27.0.1453.116 Safari/537.36" "www.liebreich.at"
146.185.223.200 - - [04/Mar/2017:04:49:58 +0100] "GET / HTTP/1.0" 404 - "http://www.theknot.com/wedding/cloxacillin-and-fast" "Mozilla/5.0 (Windows NT 10.0; WOW64; rv:43.0) Gecko/20100101 Firefox/43.0" "www.liebreich.at"
146.185.223.200 - - [04/Mar/2017:04:49:58 +0100] "GET / HTTP/1.0" 404 - "http://www.theknot.com/wedding/cloxacillin-and-fast" "Mozilla/5.0 (Windows NT 10.0; WOW64; rv:43.0) Gecko/20100101 Firefox/43.0" "www.liebreich.at"
146.185.223.200 - - [04/Mar/2017:04:49:58 +0100] "GET / HTTP/1.0" 404 - "http://www.theknot.com/wedding/cloxacillin-and-fast" "Mozilla/5.0 (Windows NT 10.0; WOW64; rv:43.0) Gecko/20100101 Firefox/43.0" "www.liebreich.at"
146.185.223.200 - - [04/Mar/2017:04:49:58 +0100] "GET / HTTP/1.0" 404 - "http://www.theknot.com/wedding/cloxacillin-and-fast" "Mozilla/5.0 (Windows NT 10.0; WOW64; rv:43.0) Gecko/20100101 Firefox/43.0" "www.liebreich.at"
193.226.177.45 - - [04/Mar/2017:04:54:51 +0100] "GET /m/whatsapp HTTP/1.1" 404 208 "-" "Mozilla/4.0" "www.liebreich.at"
66.249.66.132 - - [04/Mar/2017:04:58:47 +0100] "GET /fotos/duster/jafferau/DSCF5365.jpg HTTP/1.1" 404 232 "-" "Googlebot-Image/1.0" "www.liebreich.at"
146.185.223.200 - - [04/Mar/2017:05:02:54 +0100] "GET / HTTP/1.0" 404 - "http://www.purevolume.com/orderdydrogesterone10mgsafely" "Mozilla/5.0 (Windows NT 5.1; rv:43.0) Gecko/20100101 Firefox/43.0" "www.liebreich.at"
146.185.223.200 - - [04/Mar/2017:05:02:54 +0100] "GET / HTTP/1.0" 404 - "http://www.purevolume.com/orderdydrogesterone10mgsafely" "Mozilla/5.0 (Windows NT 5.1; rv:43.0) Gecko/20100101 Firefox/43.0" "www.liebreich.at"
146.185.223.200 - - [04/Mar/2017:05:02:54 +0100] "GET / HTTP/1.0" 404 - "http://www.purevolume.com/orderdydrogesterone10mgsafely" "Mozilla/5.0 (Windows NT 5.1; rv:43.0) Gecko/20100101 Firefox/43.0" "www.liebreich.at"
146.185.223.200 - - [04/Mar/2017:05:02:54 +0100] "GET / HTTP/1.0" 404 - "http://www.purevolume.com/orderdydrogesterone10mgsafely" "Mozilla/5.0 (Windows NT 5.1; rv:43.0) Gecko/20100101 Firefox/43.0" "www.liebreich.at"
146.185.223.200 - - [04/Mar/2017:05:16:15 +0100] "GET / HTTP/1.0" 404 - "http://gravatar.com/hydroxyureaqa" "Mozilla/5.0 (Windows NT 6.1; WOW64) AppleWebKit/537.36 (KHTML, like Gecko) Chrome/47.0.2526.111 YaBrowser/16.2.0.3539 Safari/537.36" "www.liebreich.at"
146.185.223.200 - - [04/Mar/2017:05:16:16 +0100] "GET / HTTP/1.0" 404 - "http://gravatar.com/hydroxyureaqa" "Mozilla/5.0 (Windows NT 6.1; WOW64) AppleWebKit/537.36 (KHTML, like Gecko) Chrome/47.0.2526.111 YaBrowser/16.2.0.3539 Safari/537.36" "www.liebreich.at"
146.185.223.200 - - [04/Mar/2017:05:16:16 +0100] "GET / HTTP/1.0" 404 - "http://gravatar.com/hydroxyureaqa" "Mozilla/5.0 (Windows NT 6.1; WOW64) AppleWebKit/537.36 (KHTML, like Gecko) Chrome/47.0.2526.111 YaBrowser/16.2.0.3539 Safari/537.36" "www.liebreich.at"
146.185.223.200 - - [04/Mar/2017:05:16:16 +0100] "GET / HTTP/1.0" 404 - "http://gravatar.com/hydroxyureaqa" "Mozilla/5.0 (Windows NT 6.1; WOW64) AppleWebKit/537.36 (KHTML, like Gecko) Chrome/47.0.2526.111 YaBrowser/16.2.0.3539 Safari/537.36" "www.liebreich.at"
163.172.66.101 - - [04/Mar/2017:05:27:15 +0100] "GET /stories/thunder11.htm HTTP/1.1" 404 219 "-" "Mozilla/5.0 (compatible; AhrefsBot/5.2; +http://ahrefs.com/robot/)" "www.liebreich.at"
151.80.39.134 - - [04/Mar/2017:05:27:24 +0100] "GET /robots.txt HTTP/1.1" 404 208 "-" "Mozilla/5.0 (compatible; AhrefsBot/5.2; +http://ahrefs.com/robot/)" "www.liebreich.at"
146.185.223.200 - - [04/Mar/2017:05:29:22 +0100] "GET / HTTP/1.0" 404 - "http://www.theknot.com/wedding/donepezil-and-no" "Mozilla/5.0 (Windows NT 6.3; WOW64; rv:43.0) Gecko/20100101 Firefox/43.0" "www.liebreich.at"
146.185.223.200 - - [04/Mar/2017:05:29:22 +0100] "GET / HTTP/1.0" 404 - "http://www.theknot.com/wedding/donepezil-and-no" "Mozilla/5.0 (Windows NT 6.3; WOW64; rv:43.0) Gecko/20100101 Firefox/43.0" "www.liebreich.at"
146.185.223.200 - - [04/Mar/2017:05:29:22 +0100] "GET / HTTP/1.0" 404 - "http://www.theknot.com/wedding/donepezil-and-no" "Mozilla/5.0 (Windows NT 6.3; WOW64; rv:43.0) Gecko/20100101 Firefox/43.0" "www.liebreich.at"
146.185.223.200 - - [04/Mar/2017:05:29:22 +0100] "GET / HTTP/1.0" 404 - "http://www.theknot.com/wedding/donepezil-and-no" "Mozilla/5.0 (Windows NT 6.3; WOW64; rv:43.0) Gecko/20100101 Firefox/43.0" "www.liebreich.at"
146.185.223.200 - - [04/Mar/2017:05:42:17 +0100] "GET / HTTP/1.0" 404 - "http://www.nature.com/protocolexchange/labgroups/574495" "Mozilla/5.0 (Windows NT 10.0; WOW64; rv:43.0) Gecko/20100101 Firefox/43.0" "www.liebreich.at"
146.185.223.200 - - [04/Mar/2017:05:42:17 +0100] "GET / HTTP/1.0" 404 - "http://www.nature.com/protocolexchange/labgroups/574495" "Mozilla/5.0 (Windows NT 10.0; WOW64; rv:43.0) Gecko/20100101 Firefox/43.0" "www.liebreich.at"
146.185.223.200 - - [04/Mar/2017:05:42:18 +0100] "GET / HTTP/1.0" 404 - "http://www.nature.com/protocolexchange/labgroups/574495" "Mozilla/5.0 (Windows NT 10.0; WOW64; rv:43.0) Gecko/20100101 Firefox/43.0" "www.liebreich.at"
146.185.223.200 - - [04/Mar/2017:05:42:18 +0100] "GET / HTTP/1.0" 404 - "http://www.nature.com/protocolexchange/labgroups/574495" "Mozilla/5.0 (Windows NT 10.0; WOW64; rv:43.0) Gecko/20100101 Firefox/43.0" "www.liebreich.at"
193.226.177.45 - - [04/Mar/2017:05:50:11 +0100] "GET /m/whatsapp HTTP/1.1" 404 208 "-" "Mozilla/4.0" "www.liebreich.at"
146.185.223.200 - - [04/Mar/2017:05:55:29 +0100] "GET / HTTP/1.0" 404 - "http://www.theknot.com/wedding/special-and-cyclophosphamide" "Mozilla/5.0 (Windows NT 10.0; WOW64) AppleWebKit/537.36 (KHTML, like Gecko) Chrome/48.0.2564.97 Safari/537.36" "www.liebreich.at"
146.185.223.200 - - [04/Mar/2017:05:55:29 +0100] "GET / HTTP/1.0" 404 - "http://www.theknot.com/wedding/special-and-cyclophosphamide" "Mozilla/5.0 (Windows NT 10.0; WOW64) AppleWebKit/537.36 (KHTML, like Gecko) Chrome/48.0.2564.97 Safari/537.36" "www.liebreich.at"
146.185.223.200 - - [04/Mar/2017:05:55:29 +0100] "GET / HTTP/1.0" 404 - "http://www.theknot.com/wedding/special-and-cyclophosphamide" "Mozilla/5.0 (Windows NT 10.0; WOW64) AppleWebKit/537.36 (KHTML, like Gecko) Chrome/48.0.2564.97 Safari/537.36" "www.liebreich.at"
146.185.223.200 - - [04/Mar/2017:05:55:29 +0100] "GET / HTTP/1.0" 404 - "http://www.theknot.com/wedding/special-and-cyclophosphamide" "Mozilla/5.0 (Windows NT 10.0; WOW64) AppleWebKit/537.36 (KHTML, like Gecko) Chrome/48.0.2564.97 Safari/537.36" "www.liebreich.at"
207.46.13.132 - - [04/Mar/2017:05:56:41 +0100] "GET / HTTP/1.1" 404 - "-" "Mozilla/5.0 (compatible; bingbot/2.0; +http://www.bing.com/bingbot.htm)" "www.liebreich.at"
130.193.37.18 - - [04/Mar/2017:06:07:29 +0100] "GET /userfiles/images/heli1.jpg HTTP/1.1" 404 224 "-" "Mozilla/5.0 (compatible; YandexImages/3.0; +http://yandex.com/bots)" "www.liebreich.at"
146.185.223.200 - - [04/Mar/2017:06:08:19 +0100] "GET / HTTP/1.0" 404 - "http://furosemidemco.over-blog.com/2014/04/buy-furosemide-40mg-online.html" "Mozilla/5.0 (Windows NT 6.3; WOW64) AppleWebKit/537.36 (KHTML, like Gecko) Chrome/48.0.2564.116 Safari/537.36" "www.liebreich.at"
146.185.223.200 - - [04/Mar/2017:06:08:19 +0100] "GET / HTTP/1.0" 404 - "http://furosemidemco.over-blog.com/2014/04/buy-furosemide-40mg-online.html" "Mozilla/5.0 (Windows NT 6.3; WOW64) AppleWebKit/537.36 (KHTML, like Gecko) Chrome/48.0.2564.116 Safari/537.36" "www.liebreich.at"
146.185.223.200 - - [04/Mar/2017:06:08:19 +0100] "GET / HTTP/1.0" 404 - "http://furosemidemco.over-blog.com/2014/04/buy-furosemide-40mg-online.html" "Mozilla/5.0 (Windows NT 6.3; WOW64) AppleWebKit/537.36 (KHTML, like Gecko) Chrome/48.0.2564.116 Safari/537.36" "www.liebreich.at"
146.185.223.200 - - [04/Mar/2017:06:08:19 +0100] "GET / HTTP/1.0" 404 - "http://furosemidemco.over-blog.com/2014/04/buy-furosemide-40mg-online.html" "Mozilla/5.0 (Windows NT 6.3; WOW64) AppleWebKit/537.36 (KHTML, like Gecko) Chrome/48.0.2564.116 Safari/537.36" "www.liebreich.at"
130.193.51.59 - - [04/Mar/2017:06:17:40 +0100] "GET /userfiles/images/duster_corse_2.jpg HTTP/1.1" 404 233 "-" "Mozilla/5.0 (compatible; YandexImages/3.0; +http://yandex.com/bots)" "www.liebreich.at"
130.193.51.23 - - [04/Mar/2017:06:17:43 +0100] "GET /userfiles/images/fazer_comparison1.jpg HTTP/1.1" 404 236 "-" "Mozilla/5.0 (compatible; YandexImages/3.0; +http://yandex.com/bots)" "www.liebreich.at"
146.185.223.200 - - [04/Mar/2017:06:21:03 +0100] "GET / HTTP/1.0" 404 - "http://gravatar.com/ribavirina200mgq4" "Mozilla/5.0 (Windows NT 6.1) AppleWebKit/537.36 (KHTML, like Gecko) Chrome/47.0.2526.111 Safari/537.36" "www.liebreich.at"
146.185.223.200 - - [04/Mar/2017:06:21:03 +0100] "GET / HTTP/1.0" 404 - "http://gravatar.com/ribavirina200mgq4" "Mozilla/5.0 (Windows NT 6.1) AppleWebKit/537.36 (KHTML, like Gecko) Chrome/47.0.2526.111 Safari/537.36" "www.liebreich.at"
146.185.223.200 - - [04/Mar/2017:06:21:03 +0100] "GET / HTTP/1.0" 404 - "http://gravatar.com/ribavirina200mgq4" "Mozilla/5.0 (Windows NT 6.1) AppleWebKit/537.36 (KHTML, like Gecko) Chrome/47.0.2526.111 Safari/537.36" "www.liebreich.at"
146.185.223.200 - - [04/Mar/2017:06:21:03 +0100] "GET / HTTP/1.0" 404 - "http://gravatar.com/ribavirina200mgq4" "Mozilla/5.0 (Windows NT 6.1) AppleWebKit/537.36 (KHTML, like Gecko) Chrome/47.0.2526.111 Safari/537.36" "www.liebreich.at"
146.185.223.200 - - [04/Mar/2017:06:33:50 +0100] "GET / HTTP/1.0" 404 - "http://gravatar.com/orderaralen500mg" "Mozilla/5.0 (Windows NT 6.1; WOW64) AppleWebKit/537.36 (KHTML, like Gecko) Chrome/46.0.2490.86 YaBrowser/15.12.1.6475 Safari/537.36" "www.liebreich.at"
146.185.223.200 - - [04/Mar/2017:06:33:50 +0100] "GET / HTTP/1.0" 404 - "http://gravatar.com/orderaralen500mg" "Mozilla/5.0 (Windows NT 6.1; WOW64) AppleWebKit/537.36 (KHTML, like Gecko) Chrome/46.0.2490.86 YaBrowser/15.12.1.6475 Safari/537.36" "www.liebreich.at"
146.185.223.200 - - [04/Mar/2017:06:33:49 +0100] "GET / HTTP/1.0" 404 - "http://gravatar.com/orderaralen500mg" "Mozilla/5.0 (Windows NT 6.1; WOW64) AppleWebKit/537.36 (KHTML, like Gecko) Chrome/46.0.2490.86 YaBrowser/15.12.1.6475 Safari/537.36" "www.liebreich.at"
146.185.223.200 - - [04/Mar/2017:06:33:50 +0100] "GET / HTTP/1.0" 404 - "http://gravatar.com/orderaralen500mg" "Mozilla/5.0 (Windows NT 6.1; WOW64) AppleWebKit/537.36 (KHTML, like Gecko) Chrome/46.0.2490.86 YaBrowser/15.12.1.6475 Safari/537.36" "www.liebreich.at"
51.255.65.28 - - [04/Mar/2017:06:40:54 +0100] "GET /?News&Neue_Homepage&realblogaction=view&realblogID=1&page=1&print HTTP/1.1" 404 - "-" "Mozilla/5.0 (compatible; AhrefsBot/5.2; +http://ahrefs.com/robot/)" "www.liebreich.at"
151.80.39.11 - - [04/Mar/2017:06:41:09 +0100] "GET /robots.txt HTTP/1.1" 404 208 "-" "Mozilla/5.0 (compatible; AhrefsBot/5.2; +http://ahrefs.com/robot/)" "www.liebreich.at"
213.81.140.54 - - [04/Mar/2017:06:42:34 +0100] "GET /m/whatsapp HTTP/1.1" 404 208 "http://www.google.sk/url?sa=t&rct=j&q=&esrc=s&source=web&cd=1&ved=0CCEQFjAA&url=http%3A%2F%2Fliebreich.at%2Fm%2Fwhatsapp&ei=9BC9vYjHUDxxjhogqfxt&usg=7kvsyrK5OUV6RHf9SVU-1r4pqIoCoVRaha" "Opera/9.80 (Windows NT 6.1; Win64; x64) Presto/2.12.388 Version/12.15" "www.liebreich.at"
213.81.140.54 - - [04/Mar/2017:06:42:34 +0100] "GET /m/whatsapp HTTP/1.1" 404 208 "http://www.google.sk/url?sa=t&rct=j&q=&esrc=s&source=web&cd=1&ved=0CCEQFjAA&url=http%3A%2F%2Fliebreich.at%2Fm%2Fwhatsapp&ei=bsyNXhne69FVNt9v1vvF&usg=S0nhcyHmizd1WVFZJ9s-078SW3Qbspwq8T" "Opera/9.80 (Windows NT 6.1; Win64; x64) Presto/2.12.388 Version/12.15" "www.liebreich.at"
213.81.140.54 - - [04/Mar/2017:06:42:35 +0100] "GET /m/whatsapp HTTP/1.1" 404 208 "http://www.google.sk/url?sa=t&rct=j&q=&esrc=s&source=web&cd=1&ved=0CCEQFjAA&url=http%3A%2F%2Fliebreich.at%2Fm%2Fwhatsapp&ei=ToYTr2Xkgm3Y5Znv3HcH&usg=nF4dZiuwhPJdgWxCWVT-Oh1906JTibptP7" "Mozilla/5.0 (Windows NT 6.1; WOW64; rv:19.0) Gecko/20100101 Firefox/19.0" "www.liebreich.at"
146.185.223.200 - - [04/Mar/2017:06:46:40 +0100] "GET / HTTP/1.0" 404 - "http://gravatar.com/chlorthalidonefeo" "Mozilla/5.0 (Windows NT 10.0; WOW64) AppleWebKit/537.36 (KHTML, like Gecko) Chrome/48.0.2564.116 Safari/537.36" "www.liebreich.at"
146.185.223.200 - - [04/Mar/2017:06:46:40 +0100] "GET / HTTP/1.0" 404 - "http://gravatar.com/chlorthalidonefeo" "Mozilla/5.0 (Windows NT 10.0; WOW64) AppleWebKit/537.36 (KHTML, like Gecko) Chrome/48.0.2564.116 Safari/537.36" "www.liebreich.at"
146.185.223.200 - - [04/Mar/2017:06:46:40 +0100] "GET / HTTP/1.0" 404 - "http://gravatar.com/chlorthalidonefeo" "Mozilla/5.0 (Windows NT 10.0; WOW64) AppleWebKit/537.36 (KHTML, like Gecko) Chrome/48.0.2564.116 Safari/537.36" "www.liebreich.at"
146.185.223.200 - - [04/Mar/2017:06:46:40 +0100] "GET / HTTP/1.0" 404 - "http://gravatar.com/chlorthalidonefeo" "Mozilla/5.0 (Windows NT 10.0; WOW64) AppleWebKit/537.36 (KHTML, like Gecko) Chrome/48.0.2564.116 Safari/537.36" "www.liebreich.at"
193.226.177.45 - - [04/Mar/2017:06:46:58 +0100] "GET /m/whatsapp HTTP/1.1" 404 208 "-" "Mozilla/4.0" "www.liebreich.at"
146.185.223.200 - - [04/Mar/2017:06:59:26 +0100] "GET / HTTP/1.0" 404 - "http://gravatar.com/hotlofulinkharttuc" "Mozilla/5.0 (Windows NT 6.3; WOW64; rv:43.0) Gecko/20100101 Firefox/43.0" "www.liebreich.at"
146.185.223.200 - - [04/Mar/2017:06:59:27 +0100] "GET / HTTP/1.0" 404 - "http://gravatar.com/hotlofulinkharttuc" "Mozilla/5.0 (Windows NT 6.3; WOW64; rv:43.0) Gecko/20100101 Firefox/43.0" "www.liebreich.at"
146.185.223.200 - - [04/Mar/2017:06:59:26 +0100] "GET / HTTP/1.0" 404 - "http://gravatar.com/hotlofulinkharttuc" "Mozilla/5.0 (Windows NT 6.3; WOW64; rv:43.0) Gecko/20100101 Firefox/43.0" "www.liebreich.at"
146.185.223.200 - - [04/Mar/2017:06:59:27 +0100] "GET / HTTP/1.0" 404 - "http://gravatar.com/hotlofulinkharttuc" "Mozilla/5.0 (Windows NT 6.3; WOW64; rv:43.0) Gecko/20100101 Firefox/43.0" "www.liebreich.at"
66.249.66.132 - - [04/Mar/2017:07:02:42 +0100] "GET /robots.txt HTTP/1.1" 404 208 "-" "Mozilla/5.0 (compatible; Googlebot/2.1; +http://www.google.com/bot.html)" "www.liebreich.at"
66.249.66.128 - - [04/Mar/2017:07:02:43 +0100] "GET / HTTP/1.1" 404 - "-" "Mozilla/5.0 (Linux; Android 6.0.1; Nexus 5X Build/MMB29P) AppleWebKit/537.36 (KHTML, like Gecko) Chrome/41.0.2272.96 Mobile Safari/537.36 (compatible; Googlebot/2.1; +http://www.google.com/bot.html)" "www.liebreich.at"
146.185.223.200 - - [04/Mar/2017:07:12:20 +0100] "GET / HTTP/1.0" 404 - "http://www.theknot.com/wedding/without-and-chlorpromazine" "Mozilla/5.0 (Windows NT 6.1; WOW64; rv:43.0) Gecko/20100101 Firefox/43.0" "www.liebreich.at"
146.185.223.200 - - [04/Mar/2017:07:12:20 +0100] "GET / HTTP/1.0" 404 - "http://www.theknot.com/wedding/without-and-chlorpromazine" "Mozilla/5.0 (Windows NT 6.1; WOW64; rv:43.0) Gecko/20100101 Firefox/43.0" "www.liebreich.at"
146.185.223.200 - - [04/Mar/2017:07:12:20 +0100] "GET / HTTP/1.0" 404 - "http://www.theknot.com/wedding/without-and-chlorpromazine" "Mozilla/5.0 (Windows NT 6.1; WOW64; rv:43.0) Gecko/20100101 Firefox/43.0" "www.liebreich.at"
146.185.223.200 - - [04/Mar/2017:07:12:20 +0100] "GET / HTTP/1.0" 404 - "http://www.theknot.com/wedding/without-and-chlorpromazine" "Mozilla/5.0 (Windows NT 6.1; WOW64; rv:43.0) Gecko/20100101 Firefox/43.0" "www.liebreich.at"
40.77.167.131 - - [04/Mar/2017:07:13:24 +0100] "GET /?Willkommen HTTP/1.1" 404 - "-" "Mozilla/5.0 (compatible; bingbot/2.0; +http://www.bing.com/bingbot.htm)" "www.liebreich.at"
146.185.223.200 - - [04/Mar/2017:07:25:15 +0100] "GET / HTTP/1.0" 404 - "http://www.nature.com/protocolexchange/labgroups/573455" "Mozilla/5.0 (Windows NT 5.1; rv:43.0) Gecko/20100101 Firefox/43.0" "www.liebreich.at"
146.185.223.200 - - [04/Mar/2017:07:25:15 +0100] "GET / HTTP/1.0" 404 - "http://www.nature.com/protocolexchange/labgroups/573455" "Mozilla/5.0 (Windows NT 5.1; rv:43.0) Gecko/20100101 Firefox/43.0" "www.liebreich.at"
146.185.223.200 - - [04/Mar/2017:07:25:15 +0100] "GET / HTTP/1.0" 404 - "http://www.nature.com/protocolexchange/labgroups/573455" "Mozilla/5.0 (Windows NT 5.1; rv:43.0) Gecko/20100101 Firefox/43.0" "www.liebreich.at"
146.185.223.200 - - [04/Mar/2017:07:25:15 +0100] "GET / HTTP/1.0" 404 - "http://www.nature.com/protocolexchange/labgroups/573455" "Mozilla/5.0 (Windows NT 5.1; rv:43.0) Gecko/20100101 Firefox/43.0" "www.liebreich.at"
146.185.223.200 - - [04/Mar/2017:07:38:08 +0100] "GET / HTTP/1.0" 404 - "http://gravatar.com/8xmicrozide" "Mozilla/5.0 (Windows NT 6.3; WOW64) AppleWebKit/537.36 (KHTML, like Gecko) Chrome/48.0.2564.109 Safari/537.36" "www.liebreich.at"
