213.81.140.54 - - [03/Mar/2017:09:48:36 +0100] "GET /m/whatsapp HTTP/1.1" 404 208 "http://www.google.sk/url?sa=t&rct=j&q=&esrc=s&source=web&cd=1&ved=0CCEQFjAA&url=http%3A%2F%2Fliebreich.at%2Fm%2Fwhatsapp&ei=xlHGuCjQaNeyzQC0Z6Xw&usg=WlXcpTP6Ym2eL94PKyG-ZvW3ZUflRNGdGq" "Mozilla/4.0 (compatible; MSIE 8.0; Windows NT 6.1; WOW64; Trident/5.0)" "www.liebreich.at"
213.81.140.54 - - [03/Mar/2017:09:48:37 +0100] "GET /m/whatsapp HTTP/1.1" 404 208 "http://www.google.sk/url?sa=t&rct=j&q=&esrc=s&source=web&cd=1&ved=0CCEQFjAA&url=http%3A%2F%2Fliebreich.at%2Fm%2Fwhatsapp&ei=sgryvOHQ3AqVtcKpwnm9&usg=60vKwMXgyvsGVSchmde-eB9vpqe9KXVVSd" "Opera/9.80 (Windows NT 6.1; Win64; x64) Presto/2.12.388 Version/12.16" "www.liebreich.at"
213.81.140.54 - - [03/Mar/2017:09:48:41 +0100] "GET /m/whatsapp HTTP/1.1" 404 208 "http://www.google.sk/url?sa=t&rct=j&q=&esrc=s&source=web&cd=1&ved=0CCEQFjAA&url=http%3A%2F%2Fliebreich.at%2Fm%2Fwhatsapp&ei=bGqu62OKdrouc1oJ8vtm&usg=N4rhpP84djc5hJgG7O4-rf7wkvgKgiPDSU" "Mozilla/4.0 (compatible; MSIE 8.0; Windows NT 6.1; WOW64; Trident/5.0)" "www.liebreich.at"
46.229.164.102 - - [03/Mar/2017:09:50:57 +0100] "GET /robots.txt HTTP/1.1" 404 208 "-" "Mozilla/5.0 (compatible; SemrushBot/1.2~bl; +http://www.semrush.com/bot.html)" "www.liebreich.at"
146.185.223.200 - - [03/Mar/2017:09:51:55 +0100] "GET / HTTP/1.0" 404 - "http://mometasonekf.aircus.com" "Mozilla/5.0 (Windows NT 10.0; WOW64) AppleWebKit/537.36 (KHTML, like Gecko) Chrome/47.0.2526.111 Safari/537.36" "www.liebreich.at"
146.185.223.200 - - [03/Mar/2017:09:51:55 +0100] "GET / HTTP/1.0" 404 - "http://mometasonekf.aircus.com" "Mozilla/5.0 (Windows NT 10.0; WOW64) AppleWebKit/537.36 (KHTML, like Gecko) Chrome/47.0.2526.111 Safari/537.36" "www.liebreich.at"
146.185.223.200 - - [03/Mar/2017:09:51:55 +0100] "GET / HTTP/1.0" 404 - "http://mometasonekf.aircus.com" "Mozilla/5.0 (Windows NT 10.0; WOW64) AppleWebKit/537.36 (KHTML, like Gecko) Chrome/47.0.2526.111 Safari/537.36" "www.liebreich.at"
146.185.223.200 - - [03/Mar/2017:09:51:55 +0100] "GET / HTTP/1.0" 404 - "http://mometasonekf.aircus.com" "Mozilla/5.0 (Windows NT 10.0; WOW64) AppleWebKit/537.36 (KHTML, like Gecko) Chrome/47.0.2526.111 Safari/537.36" "www.liebreich.at"
46.229.164.98 - - [03/Mar/2017:09:54:59 +0100] "GET /robots.txt HTTP/1.1" 404 208 "-" "Mozilla/5.0 (compatible; SemrushBot/1.2~bl; +http://www.semrush.com/bot.html)" "www.liebreich.at"
146.185.223.200 - - [03/Mar/2017:10:04:38 +0100] "GET / HTTP/1.0" 404 - "http://tvrisperidone3mg.over-blog.com/2014/04/low-price-risperidone-buy-online-cheap-risperidone-2-mg-us.html" "Mozilla/5.0 (Windows NT 6.1; WOW64) AppleWebKit/537.36 (KHTML, like Gecko) Chrome/47.0.2526.111 YaBrowser/16.2.0.3539 Safari/537.36" "www.liebreich.at"
146.185.223.200 - - [03/Mar/2017:10:04:38 +0100] "GET / HTTP/1.0" 404 - "http://tvrisperidone3mg.over-blog.com/2014/04/low-price-risperidone-buy-online-cheap-risperidone-2-mg-us.html" "Mozilla/5.0 (Windows NT 6.1; WOW64) AppleWebKit/537.36 (KHTML, like Gecko) Chrome/47.0.2526.111 YaBrowser/16.2.0.3539 Safari/537.36" "www.liebreich.at"
193.226.177.45 - - [03/Mar/2017:10:04:42 +0100] "GET /m/whatsapp HTTP/1.1" 404 208 "-" "Mozilla/4.0" "www.liebreich.at"
146.185.223.200 - - [03/Mar/2017:10:04:38 +0100] "GET / HTTP/1.0" 404 - "http://tvrisperidone3mg.over-blog.com/2014/04/low-price-risperidone-buy-online-cheap-risperidone-2-mg-us.html" "Mozilla/5.0 (Windows NT 6.1; WOW64) AppleWebKit/537.36 (KHTML, like Gecko) Chrome/47.0.2526.111 YaBrowser/16.2.0.3539 Safari/537.36" "www.liebreich.at"
146.185.223.200 - - [03/Mar/2017:10:04:38 +0100] "GET / HTTP/1.0" 404 - "http://tvrisperidone3mg.over-blog.com/2014/04/low-price-risperidone-buy-online-cheap-risperidone-2-mg-us.html" "Mozilla/5.0 (Windows NT 6.1; WOW64) AppleWebKit/537.36 (KHTML, like Gecko) Chrome/47.0.2526.111 YaBrowser/16.2.0.3539 Safari/537.36" "www.liebreich.at"
193.226.177.45 - - [03/Mar/2017:10:04:42 +0100] "GET /m/whatsapp HTTP/1.1" 404 208 "-" "Mozilla/4.0" "www.liebreich.at"
146.185.223.200 - - [03/Mar/2017:10:17:24 +0100] "GET / HTTP/1.0" 404 - "http://gravatar.com/aciclovir800mgcomprar" "Mozilla/5.0 (Windows NT 6.3; WOW64; rv:43.0) Gecko/20100101 Firefox/43.0" "www.liebreich.at"
146.185.223.200 - - [03/Mar/2017:10:17:24 +0100] "GET / HTTP/1.0" 404 - "http://gravatar.com/aciclovir800mgcomprar" "Mozilla/5.0 (Windows NT 6.3; WOW64; rv:43.0) Gecko/20100101 Firefox/43.0" "www.liebreich.at"
146.185.223.200 - - [03/Mar/2017:10:17:24 +0100] "GET / HTTP/1.0" 404 - "http://gravatar.com/aciclovir800mgcomprar" "Mozilla/5.0 (Windows NT 6.3; WOW64; rv:43.0) Gecko/20100101 Firefox/43.0" "www.liebreich.at"
146.185.223.200 - - [03/Mar/2017:10:17:24 +0100] "GET / HTTP/1.0" 404 - "http://gravatar.com/aciclovir800mgcomprar" "Mozilla/5.0 (Windows NT 6.3; WOW64; rv:43.0) Gecko/20100101 Firefox/43.0" "www.liebreich.at"
52.44.8.168 - - [03/Mar/2017:10:18:10 +0100] "GET /images/v_hinten.jpg HTTP/1.1" 404 217 "-" "-" "www.liebreich.at"
66.249.66.27 - - [03/Mar/2017:10:23:04 +0100] "GET /templates/gefluidhorinav2XH/stylesheet.css HTTP/1.1" 404 240 "http://www.liebreich.at/?News&Guedelon&realblogaction=view&realblogID=5&page=1&print" "Mozilla/5.0 (compatible; Googlebot/2.1; +http://www.google.com/bot.html)" "www.liebreich.at"
66.249.66.27 - - [03/Mar/2017:10:23:05 +0100] "GET /plugins/jquery/lib/jquery_ui/css/smoothness/jqueryui.css HTTP/1.1" 404 254 "http://www.liebreich.at/?News&Guedelon&realblogaction=view&realblogID=5&page=1&print" "Mozilla/5.0 (compatible; Googlebot/2.1; +http://www.google.com/bot.html)" "www.liebreich.at"
66.249.66.30 - - [03/Mar/2017:10:23:03 +0100] "GET /plugins/comments/css/stylesheet.css HTTP/1.1" 404 233 "http://www.liebreich.at/?News&Guedelon&realblogaction=view&realblogID=5&page=1&print" "Mozilla/5.0 (compatible; Googlebot/2.1; +http://www.google.com/bot.html)" "www.liebreich.at"
66.249.66.30 - - [03/Mar/2017:10:23:03 +0100] "GET /css/core.css HTTP/1.1" 404 210 "http://www.liebreich.at/?News&Guedelon&realblogaction=view&realblogID=5&page=1&print" "Mozilla/5.0 (compatible; Googlebot/2.1; +http://www.google.com/bot.html)" "www.liebreich.at"
66.249.66.24 - - [03/Mar/2017:10:23:04 +0100] "GET /plugins/realblog/css/stylesheet.css HTTP/1.1" 404 233 "http://www.liebreich.at/?News&Guedelon&realblogaction=view&realblogID=5&page=1&print" "Mozilla/5.0 (compatible; Googlebot/2.1; +http://www.google.com/bot.html)" "www.liebreich.at"
193.226.177.45 - - [03/Mar/2017:10:23:35 +0100] "GET /m/whatsapp HTTP/1.1" 404 208 "-" "Mozilla/4.0" "www.liebreich.at"
146.185.223.200 - - [03/Mar/2017:10:30:07 +0100] "GET / HTTP/1.0" 404 - "http://www.theknot.com/wedding/periactin-and-special" "Mozilla/5.0 (Windows NT 6.1; WOW64) AppleWebKit/537.36 (KHTML, like Gecko) Chrome/48.0.2564.109 Safari/537.36" "www.liebreich.at"
146.185.223.200 - - [03/Mar/2017:10:30:07 +0100] "GET / HTTP/1.0" 404 - "http://www.theknot.com/wedding/periactin-and-special" "Mozilla/5.0 (Windows NT 6.1; WOW64) AppleWebKit/537.36 (KHTML, like Gecko) Chrome/48.0.2564.109 Safari/537.36" "www.liebreich.at"
146.185.223.200 - - [03/Mar/2017:10:30:07 +0100] "GET / HTTP/1.0" 404 - "http://www.theknot.com/wedding/periactin-and-special" "Mozilla/5.0 (Windows NT 6.1; WOW64) AppleWebKit/537.36 (KHTML, like Gecko) Chrome/48.0.2564.109 Safari/537.36" "www.liebreich.at"
146.185.223.200 - - [03/Mar/2017:10:30:07 +0100] "GET / HTTP/1.0" 404 - "http://www.theknot.com/wedding/periactin-and-special" "Mozilla/5.0 (Windows NT 6.1; WOW64) AppleWebKit/537.36 (KHTML, like Gecko) Chrome/48.0.2564.109 Safari/537.36" "www.liebreich.at"
80.187.111.24 - - [03/Mar/2017:10:32:19 +0100] "GET /?Motorrad_%2B_Auto___Werkstatt___Vergaser_Revision HTTP/1.1" 404 - "-" "Mozilla/5.0 (iPhone; CPU iPhone OS 10_2_1 like Mac OS X) AppleWebKit/602.4.6 (KHTML, like Gecko) Version/10.0 Mobile/14D27 Safari/602.1" "www.liebreich.at"
80.187.111.24 - - [03/Mar/2017:10:33:23 +0100] "GET /apple-touch-icon-120x120.png HTTP/1.1" 404 226 "-" "MobileSafari/602.1 CFNetwork/808.3 Darwin/16.3.0" "www.liebreich.at"
80.187.111.24 - - [03/Mar/2017:10:33:24 +0100] "GET /apple-touch-icon-precomposed.png HTTP/1.1" 404 230 "-" "MobileSafari/602.1 CFNetwork/808.3 Darwin/16.3.0" "www.liebreich.at"
80.187.111.24 - - [03/Mar/2017:10:33:24 +0100] "GET /apple-touch-icon.png HTTP/1.1" 404 218 "-" "MobileSafari/602.1 CFNetwork/808.3 Darwin/16.3.0" "www.liebreich.at"
80.187.111.24 - - [03/Mar/2017:10:33:25 +0100] "GET /favicon.ico HTTP/1.1" 404 209 "-" "MobileSafari/602.1 CFNetwork/808.3 Darwin/16.3.0" "www.liebreich.at"
80.187.111.24 - - [03/Mar/2017:10:33:28 +0100] "GET /apple-touch-icon-120x120-precomposed.png HTTP/1.1" 404 238 "-" "MobileSafari/602.1 CFNetwork/808.3 Darwin/16.3.0" "www.liebreich.at"
80.187.111.24 - - [03/Mar/2017:10:33:28 +0100] "GET /apple-touch-icon-120x120.png HTTP/1.1" 404 226 "-" "MobileSafari/602.1 CFNetwork/808.3 Darwin/16.3.0" "www.liebreich.at"
80.187.111.24 - - [03/Mar/2017:10:33:28 +0100] "GET /apple-touch-icon-precomposed.png HTTP/1.1" 404 230 "-" "MobileSafari/602.1 CFNetwork/808.3 Darwin/16.3.0" "www.liebreich.at"
80.187.111.24 - - [03/Mar/2017:10:33:29 +0100] "GET /apple-touch-icon.png HTTP/1.1" 404 218 "-" "MobileSafari/602.1 CFNetwork/808.3 Darwin/16.3.0" "www.liebreich.at"
80.187.111.24 - - [03/Mar/2017:10:33:29 +0100] "GET /favicon.ico HTTP/1.1" 404 209 "-" "MobileSafari/602.1 CFNetwork/808.3 Darwin/16.3.0" "www.liebreich.at"
95.223.178.7 - - [03/Mar/2017:10:38:03 +0100] "GET /?Motorrad_%2B_Auto___Werkstatt___Vergaser_Revision HTTP/1.1" 404 - "-" "Mozilla/5.0 (iPad; CPU OS 10_2_1 like Mac OS X) AppleWebKit/602.4.6 (KHTML, like Gecko) Version/10.0 Mobile/14D27 Safari/602.1" "www.liebreich.at"
95.223.178.7 - - [03/Mar/2017:10:38:03 +0100] "GET /apple-touch-icon-152x152-precomposed.png HTTP/1.1" 404 238 "-" "MobileSafari/602.1 CFNetwork/808.3 Darwin/16.3.0" "www.liebreich.at"
95.223.178.7 - - [03/Mar/2017:10:38:03 +0100] "GET /apple-touch-icon-152x152.png HTTP/1.1" 404 226 "-" "MobileSafari/602.1 CFNetwork/808.3 Darwin/16.3.0" "www.liebreich.at"
95.223.178.7 - - [03/Mar/2017:10:38:03 +0100] "GET /apple-touch-icon-precomposed.png HTTP/1.1" 404 230 "-" "MobileSafari/602.1 CFNetwork/808.3 Darwin/16.3.0" "www.liebreich.at"
95.223.178.7 - - [03/Mar/2017:10:38:03 +0100] "GET /apple-touch-icon.png HTTP/1.1" 404 218 "-" "MobileSafari/602.1 CFNetwork/808.3 Darwin/16.3.0" "www.liebreich.at"
95.223.178.7 - - [03/Mar/2017:10:38:03 +0100] "GET /favicon.ico HTTP/1.1" 404 209 "-" "MobileSafari/602.1 CFNetwork/808.3 Darwin/16.3.0" "www.liebreich.at"
95.223.178.7 - - [03/Mar/2017:10:38:03 +0100] "GET /apple-touch-icon-152x152-precomposed.png HTTP/1.1" 404 238 "-" "MobileSafari/602.1 CFNetwork/808.3 Darwin/16.3.0" "www.liebreich.at"
95.223.178.7 - - [03/Mar/2017:10:38:03 +0100] "GET /apple-touch-icon-152x152.png HTTP/1.1" 404 226 "-" "MobileSafari/602.1 CFNetwork/808.3 Darwin/16.3.0" "www.liebreich.at"
95.223.178.7 - - [03/Mar/2017:10:38:03 +0100] "GET /apple-touch-icon-precomposed.png HTTP/1.1" 404 230 "-" "MobileSafari/602.1 CFNetwork/808.3 Darwin/16.3.0" "www.liebreich.at"
95.223.178.7 - - [03/Mar/2017:10:38:03 +0100] "GET /apple-touch-icon.png HTTP/1.1" 404 218 "-" "MobileSafari/602.1 CFNetwork/808.3 Darwin/16.3.0" "www.liebreich.at"
95.223.178.7 - - [03/Mar/2017:10:38:03 +0100] "GET /favicon.ico HTTP/1.1" 404 209 "-" "MobileSafari/602.1 CFNetwork/808.3 Darwin/16.3.0" "www.liebreich.at"
193.226.177.45 - - [03/Mar/2017:10:40:10 +0100] "GET /m/whatsapp HTTP/1.1" 404 208 "-" "Mozilla/4.0" "www.liebreich.at"
193.226.177.45 - - [03/Mar/2017:10:40:11 +0100] "GET /m/whatsapp HTTP/1.1" 404 208 "-" "Mozilla/4.0" "www.liebreich.at"
146.185.223.200 - - [03/Mar/2017:10:42:50 +0100] "GET / HTTP/1.0" 404 - "http://gravatar.com/amuntedumptosga" "Mozilla/5.0 (Windows NT 6.1; WOW64) AppleWebKit/537.36 (KHTML, like Gecko) Chrome/47.0.2526.111 Safari/537.36 OPR/34.0.2036.50" "www.liebreich.at"
146.185.223.200 - - [03/Mar/2017:10:42:50 +0100] "GET / HTTP/1.0" 404 - "http://gravatar.com/amuntedumptosga" "Mozilla/5.0 (Windows NT 6.1; WOW64) AppleWebKit/537.36 (KHTML, like Gecko) Chrome/47.0.2526.111 Safari/537.36 OPR/34.0.2036.50" "www.liebreich.at"
146.185.223.200 - - [03/Mar/2017:10:42:50 +0100] "GET / HTTP/1.0" 404 - "http://gravatar.com/amuntedumptosga" "Mozilla/5.0 (Windows NT 6.1; WOW64) AppleWebKit/537.36 (KHTML, like Gecko) Chrome/47.0.2526.111 Safari/537.36 OPR/34.0.2036.50" "www.liebreich.at"
146.185.223.200 - - [03/Mar/2017:10:42:50 +0100] "GET / HTTP/1.0" 404 - "http://gravatar.com/amuntedumptosga" "Mozilla/5.0 (Windows NT 6.1; WOW64) AppleWebKit/537.36 (KHTML, like Gecko) Chrome/47.0.2526.111 Safari/537.36 OPR/34.0.2036.50" "www.liebreich.at"
188.23.185.196 - - [03/Mar/2017:10:49:52 +0100] "GET / HTTP/1.1" 404 - "-" "Mozilla/5.0 (Macintosh; Intel Mac OS X 10_12_3) AppleWebKit/602.4.8 (KHTML, like Gecko) Version/10.0.3 Safari/602.4.8" "www.liebreich.at"
188.23.185.196 - - [03/Mar/2017:10:49:52 +0100] "GET /favicon.ico HTTP/1.1" 404 209 "http://www.liebreich.at/" "Mozilla/5.0 (Macintosh; Intel Mac OS X 10_12_3) AppleWebKit/602.4.8 (KHTML, like Gecko) Version/10.0.3 Safari/602.4.8" "www.liebreich.at"
146.185.223.200 - - [03/Mar/2017:10:55:32 +0100] "GET / HTTP/1.0" 404 - "http://www.nature.com/protocolexchange/labgroups/556225" "Mozilla/5.0 (Windows NT 6.1; WOW64) AppleWebKit/537.36 (KHTML, like Gecko) Chrome/48.0.2564.103 Safari/537.36" "www.liebreich.at"
146.185.223.200 - - [03/Mar/2017:10:55:33 +0100] "GET / HTTP/1.0" 404 - "http://www.nature.com/protocolexchange/labgroups/556225" "Mozilla/5.0 (Windows NT 6.1; WOW64) AppleWebKit/537.36 (KHTML, like Gecko) Chrome/48.0.2564.103 Safari/537.36" "www.liebreich.at"
146.185.223.200 - - [03/Mar/2017:10:55:33 +0100] "GET / HTTP/1.0" 404 - "http://www.nature.com/protocolexchange/labgroups/556225" "Mozilla/5.0 (Windows NT 6.1; WOW64) AppleWebKit/537.36 (KHTML, like Gecko) Chrome/48.0.2564.103 Safari/537.36" "www.liebreich.at"
146.185.223.200 - - [03/Mar/2017:10:55:33 +0100] "GET / HTTP/1.0" 404 - "http://www.nature.com/protocolexchange/labgroups/556225" "Mozilla/5.0 (Windows NT 6.1; WOW64) AppleWebKit/537.36 (KHTML, like Gecko) Chrome/48.0.2564.103 Safari/537.36" "www.liebreich.at"
146.185.223.200 - - [03/Mar/2017:11:08:24 +0100] "GET / HTTP/1.0" 404 - "http://ondansetronoe.over-blog.com/2014/04/buy-ondansetron-can-i-buy-ondansetron-over-the-counter-in-ireland.html" "Mozilla/5.0 (Windows NT 6.1; WOW64) AppleWebKit/537.36 (KHTML, like Gecko) Chrome/46.0.2490.86 YaBrowser/15.12.1.6475 Safari/537.36" "www.liebreich.at"
66.249.66.30 - - [03/Mar/2017:11:08:46 +0100] "GET /?Willkommen HTTP/1.1" 404 - "-" "Mozilla/5.0 (compatible; Googlebot/2.1; +http://www.google.com/bot.html)" "www.liebreich.at"
146.185.223.200 - - [03/Mar/2017:11:08:24 +0100] "GET / HTTP/1.0" 404 - "http://ondansetronoe.over-blog.com/2014/04/buy-ondansetron-can-i-buy-ondansetron-over-the-counter-in-ireland.html" "Mozilla/5.0 (Windows NT 6.1; WOW64) AppleWebKit/537.36 (KHTML, like Gecko) Chrome/46.0.2490.86 YaBrowser/15.12.1.6475 Safari/537.36" "www.liebreich.at"
146.185.223.200 - - [03/Mar/2017:11:08:24 +0100] "GET / HTTP/1.0" 404 - "http://ondansetronoe.over-blog.com/2014/04/buy-ondansetron-can-i-buy-ondansetron-over-the-counter-in-ireland.html" "Mozilla/5.0 (Windows NT 6.1; WOW64) AppleWebKit/537.36 (KHTML, like Gecko) Chrome/46.0.2490.86 YaBrowser/15.12.1.6475 Safari/537.36" "www.liebreich.at"
146.185.223.200 - - [03/Mar/2017:11:08:24 +0100] "GET / HTTP/1.0" 404 - "http://ondansetronoe.over-blog.com/2014/04/buy-ondansetron-can-i-buy-ondansetron-over-the-counter-in-ireland.html" "Mozilla/5.0 (Windows NT 6.1; WOW64) AppleWebKit/537.36 (KHTML, like Gecko) Chrome/46.0.2490.86 YaBrowser/15.12.1.6475 Safari/537.36" "www.liebreich.at"
213.81.140.52 - - [03/Mar/2017:11:12:15 +0100] "GET /m/whatsapp HTTP/1.1" 404 208 "http://www.google.sk/url?sa=t&rct=j&q=&esrc=s&source=web&cd=1&ved=0CCEQFjAA&url=http%3A%2F%2Fliebreich.at%2Fm%2Fwhatsapp&ei=DE5ND9Llp6tn8vrOlJXr&usg=w1qZvViFpnYIN58E3Tl-dIloSe1OBoLuPN" "Mozilla/5.0 (Windows NT 6.1; WOW64; rv:23.0) Gecko/20100101 Firefox/23.0" "www.liebreich.at"
213.81.140.52 - - [03/Mar/2017:11:14:20 +0100] "GET /m/whatsapp HTTP/1.1" 404 208 "http://www.google.sk/url?sa=t&rct=j&q=&esrc=s&source=web&cd=1&ved=0CCEQFjAA&url=http%3A%2F%2Fliebreich.at%2Fm%2Fwhatsapp&ei=ykUwaNaUwgM1X9848fO5&usg=cNLsgs14zbM8szjFwNb-ZtxsMnLyxDJnXV" "Mozilla/4.0 (compatible; MSIE 7.0; Windows NT 6.1; Win64; x64; Trident/5.0)" "www.liebreich.at"
213.81.140.52 - - [03/Mar/2017:11:14:21 +0100] "GET /m/whatsapp HTTP/1.1" 404 208 "http://www.google.sk/url?sa=t&rct=j&q=&esrc=s&source=web&cd=1&ved=0CCEQFjAA&url=http%3A%2F%2Fliebreich.at%2Fm%2Fwhatsapp&ei=r1foXlljRwVVbIIT6RMj&usg=PbOoGjWqXNKXLC6qmzJ-2o9npcIOoWbF8M" "Mozilla/5.0 (compatible; MSIE 9.0; Windows NT 6.1; Win64; x64; Trident/5.0)" "www.liebreich.at"
213.81.140.52 - - [03/Mar/2017:11:14:21 +0100] "GET /m/whatsapp HTTP/1.1" 404 208 "http://www.google.sk/url?sa=t&rct=j&q=&esrc=s&source=web&cd=1&ved=0CCEQFjAA&url=http%3A%2F%2Fliebreich.at%2Fm%2Fwhatsapp&ei=qhyhhGgeW2svoFtMRvdm&usg=a6WBtpTT4k07z9h3Ii2-oSPkf7tMcrl6Sp" "Mozilla/5.0 (compatible; MSIE 9.0; Windows NT 6.1; Win64; x64; Trident/5.0)" "www.liebreich.at"
54.153.19.189 - - [03/Mar/2017:11:14:37 +0100] "HEAD /m HTTP/1.1" 404 - "-" "Mozilla/5.0 (compatible, MSIE 11, Windows NT 6.3; Trident/7.0; rv:11.0) like Gecko" "www.liebreich.at"
193.226.177.45 - - [03/Mar/2017:11:16:13 +0100] "GET /m/whatsapp HTTP/1.1" 404 208 "-" "Mozilla/4.0" "www.liebreich.at"
85.25.202.18 - - [03/Mar/2017:11:18:43 +0100] "GET / HTTP/1.1" 404 - "http://www.sumaja.de/?such_wert=management" "Mozilla/5.0 (Windows; U; Windows NT 5.1; de; rv:1.9.0.12) Gecko/2009070611 Firefox/3.0.12 GTB7.1 (.NET CLR 3.5.30729)" "www.liebreich.at"
146.185.223.200 - - [03/Mar/2017:11:21:14 +0100] "GET / HTTP/1.0" 404 - "http://gravatar.com/wdvinderalla" "Mozilla/5.0 (Windows NT 10.0; WOW64) AppleWebKit/537.36 (KHTML, like Gecko) Chrome/47.0.2526.111 Safari/537.36" "www.liebreich.at"
146.185.223.200 - - [03/Mar/2017:11:21:14 +0100] "GET / HTTP/1.0" 404 - "http://gravatar.com/wdvinderalla" "Mozilla/5.0 (Windows NT 10.0; WOW64) AppleWebKit/537.36 (KHTML, like Gecko) Chrome/47.0.2526.111 Safari/537.36" "www.liebreich.at"
193.226.177.45 - - [03/Mar/2017:11:16:13 +0100] "GET /m/whatsapp HTTP/1.1" 404 208 "-" "Mozilla/4.0" "www.liebreich.at"
146.185.223.200 - - [03/Mar/2017:11:21:14 +0100] "GET / HTTP/1.0" 404 - "http://gravatar.com/wdvinderalla" "Mozilla/5.0 (Windows NT 10.0; WOW64) AppleWebKit/537.36 (KHTML, like Gecko) Chrome/47.0.2526.111 Safari/537.36" "www.liebreich.at"
146.185.223.200 - - [03/Mar/2017:11:21:14 +0100] "GET / HTTP/1.0" 404 - "http://gravatar.com/wdvinderalla" "Mozilla/5.0 (Windows NT 10.0; WOW64) AppleWebKit/537.36 (KHTML, like Gecko) Chrome/47.0.2526.111 Safari/537.36" "www.liebreich.at"
193.226.177.45 - - [03/Mar/2017:11:31:00 +0100] "GET /m/whatsapp HTTP/1.1" 404 208 "-" "Mozilla/4.0" "www.liebreich.at"
146.185.223.200 - - [03/Mar/2017:11:34:03 +0100] "GET / HTTP/1.0" 404 - "http://gravatar.com/orderabacavironline" "Mozilla/5.0 (Windows NT 6.1; WOW64) AppleWebKit/537.36 (KHTML, like Gecko) Chrome/48.0.2564.109 Safari/537.36" "www.liebreich.at"
146.185.223.200 - - [03/Mar/2017:11:34:03 +0100] "GET / HTTP/1.0" 404 - "http://gravatar.com/orderabacavironline" "Mozilla/5.0 (Windows NT 6.1; WOW64) AppleWebKit/537.36 (KHTML, like Gecko) Chrome/48.0.2564.109 Safari/537.36" "www.liebreich.at"
146.185.223.200 - - [03/Mar/2017:11:34:03 +0100] "GET / HTTP/1.0" 404 - "http://gravatar.com/orderabacavironline" "Mozilla/5.0 (Windows NT 6.1; WOW64) AppleWebKit/537.36 (KHTML, like Gecko) Chrome/48.0.2564.109 Safari/537.36" "www.liebreich.at"
146.185.223.200 - - [03/Mar/2017:11:34:03 +0100] "GET / HTTP/1.0" 404 - "http://gravatar.com/orderabacavironline" "Mozilla/5.0 (Windows NT 6.1; WOW64) AppleWebKit/537.36 (KHTML, like Gecko) Chrome/48.0.2564.109 Safari/537.36" "www.liebreich.at"
146.185.223.200 - - [03/Mar/2017:11:46:48 +0100] "GET / HTTP/1.0" 404 - "http://order-stavudine-40mg-safely.over-blog.com/2014/04/discount-stavudine-30mg-order-online-buy-stavudine-kmart.html" "Mozilla/5.0 (Windows NT 10.0; WOW64) AppleWebKit/537.36 (KHTML, like Gecko) Chrome/48.0.2564.97 Safari/537.36" "www.liebreich.at"
146.185.223.200 - - [03/Mar/2017:11:46:48 +0100] "GET / HTTP/1.0" 404 - "http://order-stavudine-40mg-safely.over-blog.com/2014/04/discount-stavudine-30mg-order-online-buy-stavudine-kmart.html" "Mozilla/5.0 (Windows NT 10.0; WOW64) AppleWebKit/537.36 (KHTML, like Gecko) Chrome/48.0.2564.97 Safari/537.36" "www.liebreich.at"
146.185.223.200 - - [03/Mar/2017:11:46:48 +0100] "GET / HTTP/1.0" 404 - "http://order-stavudine-40mg-safely.over-blog.com/2014/04/discount-stavudine-30mg-order-online-buy-stavudine-kmart.html" "Mozilla/5.0 (Windows NT 10.0; WOW64) AppleWebKit/537.36 (KHTML, like Gecko) Chrome/48.0.2564.97 Safari/537.36" "www.liebreich.at"
146.185.223.200 - - [03/Mar/2017:11:46:48 +0100] "GET / HTTP/1.0" 404 - "http://order-stavudine-40mg-safely.over-blog.com/2014/04/discount-stavudine-30mg-order-online-buy-stavudine-kmart.html" "Mozilla/5.0 (Windows NT 10.0; WOW64) AppleWebKit/537.36 (KHTML, like Gecko) Chrome/48.0.2564.97 Safari/537.36" "www.liebreich.at"
193.226.177.45 - - [03/Mar/2017:11:50:08 +0100] "GET /m/whatsapp HTTP/1.1" 404 208 "-" "Mozilla/4.0" "www.liebreich.at"
193.226.177.45 - - [03/Mar/2017:11:50:13 +0100] "GET /m/whatsapp HTTP/1.1" 404 208 "-" "Mozilla/4.0" "www.liebreich.at"
146.185.223.200 - - [03/Mar/2017:11:59:42 +0100] "GET / HTTP/1.0" 404 - "http://gravatar.com/orderevistafastdelivery" "Mozilla/5.0 (Windows NT 10.0; WOW64; rv:44.0) Gecko/20100101 Firefox/44.0" "www.liebreich.at"
146.185.223.200 - - [03/Mar/2017:11:59:42 +0100] "GET / HTTP/1.0" 404 - "http://gravatar.com/orderevistafastdelivery" "Mozilla/5.0 (Windows NT 10.0; WOW64; rv:44.0) Gecko/20100101 Firefox/44.0" "www.liebreich.at"
146.185.223.200 - - [03/Mar/2017:11:59:42 +0100] "GET / HTTP/1.0" 404 - "http://gravatar.com/orderevistafastdelivery" "Mozilla/5.0 (Windows NT 10.0; WOW64; rv:44.0) Gecko/20100101 Firefox/44.0" "www.liebreich.at"
146.185.223.200 - - [03/Mar/2017:11:59:42 +0100] "GET / HTTP/1.0" 404 - "http://gravatar.com/orderevistafastdelivery" "Mozilla/5.0 (Windows NT 10.0; WOW64; rv:44.0) Gecko/20100101 Firefox/44.0" "www.liebreich.at"
146.185.223.200 - - [03/Mar/2017:12:12:34 +0100] "GET / HTTP/1.0" 404 - "http://www.theknot.com/wedding/hyzaar-ordering" "Mozilla/5.0 (Windows NT 10.0; WOW64) AppleWebKit/537.36 (KHTML, like Gecko) Chrome/48.0.2564.103 Safari/537.36" "www.liebreich.at"
146.185.223.200 - - [03/Mar/2017:12:12:34 +0100] "GET / HTTP/1.0" 404 - "http://www.theknot.com/wedding/hyzaar-ordering" "Mozilla/5.0 (Windows NT 10.0; WOW64) AppleWebKit/537.36 (KHTML, like Gecko) Chrome/48.0.2564.103 Safari/537.36" "www.liebreich.at"
146.185.223.200 - - [03/Mar/2017:12:12:34 +0100] "GET / HTTP/1.0" 404 - "http://www.theknot.com/wedding/hyzaar-ordering" "Mozilla/5.0 (Windows NT 10.0; WOW64) AppleWebKit/537.36 (KHTML, like Gecko) Chrome/48.0.2564.103 Safari/537.36" "www.liebreich.at"
146.185.223.200 - - [03/Mar/2017:12:12:35 +0100] "GET / HTTP/1.0" 404 - "http://www.theknot.com/wedding/hyzaar-ordering" "Mozilla/5.0 (Windows NT 10.0; WOW64) AppleWebKit/537.36 (KHTML, like Gecko) Chrome/48.0.2564.103 Safari/537.36" "www.liebreich.at"
193.226.177.45 - - [03/Mar/2017:12:25:03 +0100] "GET /m/whatsapp HTTP/1.1" 404 208 "-" "Mozilla/4.0" "www.liebreich.at"
193.226.177.45 - - [03/Mar/2017:12:25:20 +0100] "GET /m/whatsapp HTTP/1.1" 404 208 "-" "Mozilla/4.0" "www.liebreich.at"
146.185.223.200 - - [03/Mar/2017:12:25:21 +0100] "GET / HTTP/1.0" 404 - "http://lanyrd.com/profile/shu7951739179579l-5997/bio/" "Mozilla/5.0 (Windows NT 6.1; rv:44.0) Gecko/20100101 Firefox/44.0" "www.liebreich.at"
146.185.223.200 - - [03/Mar/2017:12:25:22 +0100] "GET / HTTP/1.0" 404 - "http://lanyrd.com/profile/shu7951739179579l-5997/bio/" "Mozilla/5.0 (Windows NT 6.1; rv:44.0) Gecko/20100101 Firefox/44.0" "www.liebreich.at"
146.185.223.200 - - [03/Mar/2017:12:25:22 +0100] "GET / HTTP/1.0" 404 - "http://lanyrd.com/profile/shu7951739179579l-5997/bio/" "Mozilla/5.0 (Windows NT 6.1; rv:44.0) Gecko/20100101 Firefox/44.0" "www.liebreich.at"
146.185.223.200 - - [03/Mar/2017:12:25:22 +0100] "GET / HTTP/1.0" 404 - "http://lanyrd.com/profile/shu7951739179579l-5997/bio/" "Mozilla/5.0 (Windows NT 6.1; rv:44.0) Gecko/20100101 Firefox/44.0" "www.liebreich.at"
213.81.140.52 - - [03/Mar/2017:12:27:09 +0100] "GET /m/whatsapp HTTP/1.1" 404 208 "http://www.google.sk/url?sa=t&rct=j&q=&esrc=s&source=web&cd=1&ved=0CCEQFjAA&url=http%3A%2F%2Fliebreich.at%2Fm%2Fwhatsapp&ei=YFQ0kUzKuCtayuT491g2&usg=M5Hsj3sKZJ2sW8RsSuc-09NRORP8oAVQTb" "Mozilla/5.0 (compatible; MSIE 9.0; Windows NT 6.1; WOW64; Trident/5.0)" "www.liebreich.at"
213.81.140.52 - - [03/Mar/2017:12:27:11 +0100] "GET /m/whatsapp HTTP/1.1" 404 208 "http://www.google.sk/url?sa=t&rct=j&q=&esrc=s&source=web&cd=1&ved=0CCEQFjAA&url=http%3A%2F%2Fliebreich.at%2Fm%2Fwhatsapp&ei=iDqfxLWx8zRcqrZsAX0Q&usg=EyzgDKlWnDFNdlPW648-23E9m9JTEm7adA" "Mozilla/5.0 (Windows NT 6.1; WOW64) AppleWebKit/537.36 (KHTML, like Gecko) Chrome/29.0.1547.62 Safari/537.36" "www.liebreich.at"
213.81.140.52 - - [03/Mar/2017:12:27:11 +0100] "GET /m/whatsapp HTTP/1.1" 404 208 "http://www.google.sk/url?sa=t&rct=j&q=&esrc=s&source=web&cd=1&ved=0CCEQFjAA&url=http%3A%2F%2Fliebreich.at%2Fm%2Fwhatsapp&ei=nb8wIXyJiama4tD8Tm7k&usg=wDohlPb6pyKnrYUPObo-SQkxTDxWNo9QgI" "Mozilla/5.0 (Windows NT 6.1) AppleWebKit/537.36 (KHTML, like Gecko) Chrome/27.0.1453.116 Safari/537.36" "www.liebreich.at"
109.233.27.56 - - [03/Mar/2017:12:30:44 +0100] "GET /userfiles/images/400exc.jpg HTTP/1.1" 404 225 "-" "Mozilla/5.0 (Windows NT 10.0; WOW64; Trident/7.0; rv:11.0) like Gecko" "www.liebreich.at"
146.185.223.200 - - [03/Mar/2017:12:38:08 +0100] "GET / HTTP/1.0" 404 - "http://www.nature.com/protocolexchange/labgroups/558173" "Mozilla/5.0 (Windows NT 10.0; WOW64) AppleWebKit/537.36 (KHTML, like Gecko) Chrome/47.0.2526.111 Safari/537.36" "www.liebreich.at"
146.185.223.200 - - [03/Mar/2017:12:38:08 +0100] "GET / HTTP/1.0" 404 - "http://www.nature.com/protocolexchange/labgroups/558173" "Mozilla/5.0 (Windows NT 10.0; WOW64) AppleWebKit/537.36 (KHTML, like Gecko) Chrome/47.0.2526.111 Safari/537.36" "www.liebreich.at"
146.185.223.200 - - [03/Mar/2017:12:38:08 +0100] "GET / HTTP/1.0" 404 - "http://www.nature.com/protocolexchange/labgroups/558173" "Mozilla/5.0 (Windows NT 10.0; WOW64) AppleWebKit/537.36 (KHTML, like Gecko) Chrome/47.0.2526.111 Safari/537.36" "www.liebreich.at"
146.185.223.200 - - [03/Mar/2017:12:38:08 +0100] "GET / HTTP/1.0" 404 - "http://www.nature.com/protocolexchange/labgroups/558173" "Mozilla/5.0 (Windows NT 10.0; WOW64) AppleWebKit/537.36 (KHTML, like Gecko) Chrome/47.0.2526.111 Safari/537.36" "www.liebreich.at"
193.226.177.45 - - [03/Mar/2017:12:38:50 +0100] "GET /m/whatsapp HTTP/1.1" 404 208 "-" "Mozilla/4.0" "www.liebreich.at"
146.185.223.200 - - [03/Mar/2017:12:50:52 +0100] "GET / HTTP/1.0" 404 - "http://gravatar.com/clozapine25mgfh" "Mozilla/5.0 (Windows NT 6.1; rv:44.0) Gecko/20100101 Firefox/44.0" "www.liebreich.at"
146.185.223.200 - - [03/Mar/2017:12:50:52 +0100] "GET / HTTP/1.0" 404 - "http://gravatar.com/clozapine25mgfh" "Mozilla/5.0 (Windows NT 6.1; rv:44.0) Gecko/20100101 Firefox/44.0" "www.liebreich.at"
146.185.223.200 - - [03/Mar/2017:12:50:52 +0100] "GET / HTTP/1.0" 404 - "http://gravatar.com/clozapine25mgfh" "Mozilla/5.0 (Windows NT 6.1; rv:44.0) Gecko/20100101 Firefox/44.0" "www.liebreich.at"
146.185.223.200 - - [03/Mar/2017:12:50:52 +0100] "GET / HTTP/1.0" 404 - "http://gravatar.com/clozapine25mgfh" "Mozilla/5.0 (Windows NT 6.1; rv:44.0) Gecko/20100101 Firefox/44.0" "www.liebreich.at"
193.226.177.45 - - [03/Mar/2017:12:58:54 +0100] "GET /m/whatsapp HTTP/1.1" 404 208 "-" "Mozilla/4.0" "www.liebreich.at"
193.226.177.45 - - [03/Mar/2017:12:58:54 +0100] "GET /m/whatsapp HTTP/1.1" 404 208 "-" "Mozilla/4.0" "www.liebreich.at"
146.185.223.200 - - [03/Mar/2017:13:03:40 +0100] "GET / HTTP/1.0" 404 - "http://buy-azithromycin.over-blog.com/2014/04/order-azithromycin-online-azithromycin-purchase-where.html" "Mozilla/5.0 (Windows NT 6.1; WOW64; rv:44.0) Gecko/20100101 Firefox/44.0" "www.liebreich.at"
146.185.223.200 - - [03/Mar/2017:13:03:40 +0100] "GET / HTTP/1.0" 404 - "http://buy-azithromycin.over-blog.com/2014/04/order-azithromycin-online-azithromycin-purchase-where.html" "Mozilla/5.0 (Windows NT 6.1; WOW64; rv:44.0) Gecko/20100101 Firefox/44.0" "www.liebreich.at"
146.185.223.200 - - [03/Mar/2017:13:03:40 +0100] "GET / HTTP/1.0" 404 - "http://buy-azithromycin.over-blog.com/2014/04/order-azithromycin-online-azithromycin-purchase-where.html" "Mozilla/5.0 (Windows NT 6.1; WOW64; rv:44.0) Gecko/20100101 Firefox/44.0" "www.liebreich.at"
146.185.223.200 - - [03/Mar/2017:13:03:40 +0100] "GET / HTTP/1.0" 404 - "http://buy-azithromycin.over-blog.com/2014/04/order-azithromycin-online-azithromycin-purchase-where.html" "Mozilla/5.0 (Windows NT 6.1; WOW64; rv:44.0) Gecko/20100101 Firefox/44.0" "www.liebreich.at"
146.185.223.200 - - [03/Mar/2017:13:16:28 +0100] "GET / HTTP/1.0" 404 - "http://aripiprazoleyv.aircus.com" "Mozilla/5.0 (Windows NT 10.0; WOW64) AppleWebKit/537.36 (KHTML, like Gecko) Chrome/48.0.2564.97 Safari/537.36" "www.liebreich.at"
146.185.223.200 - - [03/Mar/2017:13:16:29 +0100] "GET / HTTP/1.0" 404 - "http://aripiprazoleyv.aircus.com" "Mozilla/5.0 (Windows NT 10.0; WOW64) AppleWebKit/537.36 (KHTML, like Gecko) Chrome/48.0.2564.97 Safari/537.36" "www.liebreich.at"
146.185.223.200 - - [03/Mar/2017:13:16:28 +0100] "GET / HTTP/1.0" 404 - "http://aripiprazoleyv.aircus.com" "Mozilla/5.0 (Windows NT 10.0; WOW64) AppleWebKit/537.36 (KHTML, like Gecko) Chrome/48.0.2564.97 Safari/537.36" "www.liebreich.at"
146.185.223.200 - - [03/Mar/2017:13:16:28 +0100] "GET / HTTP/1.0" 404 - "http://aripiprazoleyv.aircus.com" "Mozilla/5.0 (Windows NT 10.0; WOW64) AppleWebKit/537.36 (KHTML, like Gecko) Chrome/48.0.2564.97 Safari/537.36" "www.liebreich.at"
146.185.223.200 - - [03/Mar/2017:13:29:17 +0100] "GET / HTTP/1.0" 404 - "http://www.nature.com/protocolexchange/labgroups/552789" "Mozilla/5.0 (Windows NT 5.1; rv:43.0) Gecko/20100101 Firefox/43.0" "www.liebreich.at"
146.185.223.200 - - [03/Mar/2017:13:29:18 +0100] "GET / HTTP/1.0" 404 - "http://www.nature.com/protocolexchange/labgroups/552789" "Mozilla/5.0 (Windows NT 5.1; rv:43.0) Gecko/20100101 Firefox/43.0" "www.liebreich.at"
146.185.223.200 - - [03/Mar/2017:13:29:17 +0100] "GET / HTTP/1.0" 404 - "http://www.nature.com/protocolexchange/labgroups/552789" "Mozilla/5.0 (Windows NT 5.1; rv:43.0) Gecko/20100101 Firefox/43.0" "www.liebreich.at"
146.185.223.200 - - [03/Mar/2017:13:29:18 +0100] "GET / HTTP/1.0" 404 - "http://www.nature.com/protocolexchange/labgroups/552789" "Mozilla/5.0 (Windows NT 5.1; rv:43.0) Gecko/20100101 Firefox/43.0" "www.liebreich.at"
193.226.177.45 - - [03/Mar/2017:13:32:46 +0100] "GET /m/whatsapp HTTP/1.1" 404 208 "-" "Mozilla/4.0" "www.liebreich.at"
193.226.177.45 - - [03/Mar/2017:13:32:51 +0100] "GET /m/whatsapp HTTP/1.1" 404 208 "-" "Mozilla/4.0" "www.liebreich.at"
79.21.72.236 - - [03/Mar/2017:13:37:12 +0100] "GET /?Motorrad_%2B_Auto___TDM_850 HTTP/1.1" 404 - "https://www.google.it/" "Mozilla/5.0 (Windows NT 6.1; Win64; x64) AppleWebKit/537.36 (KHTML, like Gecko) Chrome/56.0.2924.87 Safari/537.36" "www.liebreich.at"
79.21.72.236 - - [03/Mar/2017:13:37:12 +0100] "GET /favicon.ico HTTP/1.1" 404 209 "http://www.liebreich.at/?Motorrad_%2B_Auto___TDM_850" "Mozilla/5.0 (Windows NT 6.1; Win64; x64) AppleWebKit/537.36 (KHTML, like Gecko) Chrome/56.0.2924.87 Safari/537.36" "www.liebreich.at"
146.185.223.200 - - [03/Mar/2017:13:42:09 +0100] "GET / HTTP/1.0" 404 - "http://www.nature.com/protocolexchange/labgroups/530191" "Mozilla/5.0 (Windows NT 6.3; WOW64) AppleWebKit/537.36 (KHTML, like Gecko) Chrome/48.0.2564.109 Safari/537.36" "www.liebreich.at"
146.185.223.200 - - [03/Mar/2017:13:42:09 +0100] "GET / HTTP/1.0" 404 - "http://www.nature.com/protocolexchange/labgroups/530191" "Mozilla/5.0 (Windows NT 6.3; WOW64) AppleWebKit/537.36 (KHTML, like Gecko) Chrome/48.0.2564.109 Safari/537.36" "www.liebreich.at"
146.185.223.200 - - [03/Mar/2017:13:42:09 +0100] "GET / HTTP/1.0" 404 - "http://www.nature.com/protocolexchange/labgroups/530191" "Mozilla/5.0 (Windows NT 6.3; WOW64) AppleWebKit/537.36 (KHTML, like Gecko) Chrome/48.0.2564.109 Safari/537.36" "www.liebreich.at"
146.185.223.200 - - [03/Mar/2017:13:42:09 +0100] "GET / HTTP/1.0" 404 - "http://www.nature.com/protocolexchange/labgroups/530191" "Mozilla/5.0 (Windows NT 6.3; WOW64) AppleWebKit/537.36 (KHTML, like Gecko) Chrome/48.0.2564.109 Safari/537.36" "www.liebreich.at"
83.85.74.84 - - [03/Mar/2017:13:45:38 +0100] "GET /mobile/whatsapp/utilisateurs/login/verification/renewal/ HTTP/1.1" 404 254 "http://www.wukos.at/wukophpc/globals/" "Mozilla/5.0 (iPad; CPU OS 10_2_1 like Mac OS X) AppleWebKit/602.4.6 (KHTML, like Gecko) Version/10.0 Mobile/14D27 Safari/602.1" "www.liebreich.at"
83.85.74.84 - - [03/Mar/2017:13:45:56 +0100] "GET /mobile/whatsapp/utilisateurs/login/verification/renewal/ HTTP/1.1" 404 254 "http://www.wukos.at/wukophpc/globals/" "Mozilla/5.0 (iPad; CPU OS 10_2_1 like Mac OS X) AppleWebKit/602.4.6 (KHTML, like Gecko) Version/10.0 Mobile/14D27 Safari/602.1" "www.liebreich.at"
109.44.2.129 - - [03/Mar/2017:13:46:12 +0100] "GET /userfiles/images/v_duesen.jpg HTTP/1.1" 404 227 "https://www.google.de/" "Mozilla/5.0 (Linux; Android 5.0.1; GT-I9515 Build/LRX22C) AppleWebKit/537.36 (KHTML, like Gecko) Chrome/56.0.2924.87 Mobile Safari/537.36" "www.liebreich.at"
83.85.74.84 - - [03/Mar/2017:13:46:30 +0100] "GET /mobile/whatsapp/utilisateurs/login/verification/renewal/ HTTP/1.1" 404 254 "http://www.wukos.at/wukophpc/globals/" "Mozilla/5.0 (iPad; CPU OS 10_2_1 like Mac OS X) AppleWebKit/602.4.6 (KHTML, like Gecko) Version/10.0 Mobile/14D27 Safari/602.1" "www.liebreich.at"
193.226.177.45 - - [03/Mar/2017:13:49:58 +0100] "GET /m/whatsapp HTTP/1.1" 404 208 "-" "Mozilla/4.0" "www.liebreich.at"
146.185.223.200 - - [03/Mar/2017:13:54:54 +0100] "GET / HTTP/1.0" 404 - "http://www.nature.com/protocolexchange/labgroups/610861" "Mozilla/5.0 (Windows NT 10.0; WOW64) AppleWebKit/537.36 (KHTML, like Gecko) Chrome/48.0.2564.97 Safari/537.36" "www.liebreich.at"
146.185.223.200 - - [03/Mar/2017:13:54:54 +0100] "GET / HTTP/1.0" 404 - "http://www.nature.com/protocolexchange/labgroups/610861" "Mozilla/5.0 (Windows NT 10.0; WOW64) AppleWebKit/537.36 (KHTML, like Gecko) Chrome/48.0.2564.97 Safari/537.36" "www.liebreich.at"
146.185.223.200 - - [03/Mar/2017:13:54:54 +0100] "GET / HTTP/1.0" 404 - "http://www.nature.com/protocolexchange/labgroups/610861" "Mozilla/5.0 (Windows NT 10.0; WOW64) AppleWebKit/537.36 (KHTML, like Gecko) Chrome/48.0.2564.97 Safari/537.36" "www.liebreich.at"
146.185.223.200 - - [03/Mar/2017:13:54:54 +0100] "GET / HTTP/1.0" 404 - "http://www.nature.com/protocolexchange/labgroups/610861" "Mozilla/5.0 (Windows NT 10.0; WOW64) AppleWebKit/537.36 (KHTML, like Gecko) Chrome/48.0.2564.97 Safari/537.36" "www.liebreich.at"
213.81.140.50 - - [03/Mar/2017:14:03:06 +0100] "GET /m/whatsapp HTTP/1.1" 404 208 "http://www.google.sk/url?sa=t&rct=j&q=&esrc=s&source=web&cd=1&ved=0CCEQFjAA&url=http%3A%2F%2Fliebreich.at%2Fm%2Fwhatsapp&ei=Cy29lNDWYbzr1cre1i5c&usg=okmgmzqX2DVVBVP2J2m-HjEqDRRuEOHc6S" "Mozilla/5.0 (compatible; MSIE 9.0; Windows NT 6.1; Win64; x64; Trident/5.0)" "www.liebreich.at"
213.81.140.50 - - [03/Mar/2017:14:03:07 +0100] "GET /m/whatsapp HTTP/1.1" 404 208 "http://www.google.sk/url?sa=t&rct=j&q=&esrc=s&source=web&cd=1&ved=0CCEQFjAA&url=http%3A%2F%2Fliebreich.at%2Fm%2Fwhatsapp&ei=g4kbFChpwrfwkZGG8dqo&usg=R7u4GmPvlCpcLsOnvqJ-wc1IgU4WLakURh" "Mozilla/5.0 (Windows NT 6.1; WOW64; rv:20.0) Gecko/20100101 Firefox/20.0" "www.liebreich.at"
213.81.140.50 - - [03/Mar/2017:14:03:07 +0100] "GET /m/whatsapp HTTP/1.1" 404 208 "http://www.google.sk/url?sa=t&rct=j&q=&esrc=s&source=web&cd=1&ved=0CCEQFjAA&url=http%3A%2F%2Fliebreich.at%2Fm%2Fwhatsapp&ei=UfWOTu6uAdsMFLfuCjE9&usg=FO6Nmt5pykujshHMEKQ-X9TzRuQsokLLdD" "Mozilla/5.0 (Windows NT 6.1) AppleWebKit/537.36 (KHTML, like Gecko) Chrome/29.0.1547.62 Safari/537.36" "www.liebreich.at"
193.226.177.45 - - [03/Mar/2017:14:05:54 +0100] "GET /m/whatsapp HTTP/1.1" 404 208 "-" "Mozilla/4.0" "www.liebreich.at"
193.226.177.45 - - [03/Mar/2017:14:05:54 +0100] "GET /m/whatsapp HTTP/1.1" 404 208 "-" "Mozilla/4.0" "www.liebreich.at"
146.185.223.200 - - [03/Mar/2017:14:07:38 +0100] "GET / HTTP/1.0" 404 - "http://buyescitalopramonlinediscount.aircus.com" "Mozilla/5.0 (Windows NT 10.0; WOW64; rv:43.0) Gecko/20100101 Firefox/43.0" "www.liebreich.at"
146.185.223.200 - - [03/Mar/2017:14:07:38 +0100] "GET / HTTP/1.0" 404 - "http://buyescitalopramonlinediscount.aircus.com" "Mozilla/5.0 (Windows NT 10.0; WOW64; rv:43.0) Gecko/20100101 Firefox/43.0" "www.liebreich.at"
146.185.223.200 - - [03/Mar/2017:14:07:38 +0100] "GET / HTTP/1.0" 404 - "http://buyescitalopramonlinediscount.aircus.com" "Mozilla/5.0 (Windows NT 10.0; WOW64; rv:43.0) Gecko/20100101 Firefox/43.0" "www.liebreich.at"
146.185.223.200 - - [03/Mar/2017:14:07:38 +0100] "GET / HTTP/1.0" 404 - "http://buyescitalopramonlinediscount.aircus.com" "Mozilla/5.0 (Windows NT 10.0; WOW64; rv:43.0) Gecko/20100101 Firefox/43.0" "www.liebreich.at"
146.185.223.200 - - [03/Mar/2017:14:20:25 +0100] "GET / HTTP/1.0" 404 - "http://gravatar.com/herssubsnecktepgochex" "Mozilla/5.0 (Windows NT 6.1) AppleWebKit/537.36 (KHTML, like Gecko) Chrome/48.0.2564.109 Safari/537.36" "www.liebreich.at"
146.185.223.200 - - [03/Mar/2017:14:20:25 +0100] "GET / HTTP/1.0" 404 - "http://gravatar.com/herssubsnecktepgochex" "Mozilla/5.0 (Windows NT 6.1) AppleWebKit/537.36 (KHTML, like Gecko) Chrome/48.0.2564.109 Safari/537.36" "www.liebreich.at"
188.105.235.175 - - [03/Mar/2017:14:21:30 +0100] "GET /?Motorrad_%2B_Auto___Werkstatt___Vergaser_Revision HTTP/1.1" 404 - "-" "Mozilla/5.0 (iPhone; CPU iPhone OS 10_2_1 like Mac OS X) AppleWebKit/602.4.6 (KHTML, like Gecko) Version/10.0 Mobile/14D27 Safari/602.1" "www.liebreich.at"
146.185.223.200 - - [03/Mar/2017:14:20:25 +0100] "GET / HTTP/1.0" 404 - "http://gravatar.com/herssubsnecktepgochex" "Mozilla/5.0 (Windows NT 6.1) AppleWebKit/537.36 (KHTML, like Gecko) Chrome/48.0.2564.109 Safari/537.36" "www.liebreich.at"
146.185.223.200 - - [03/Mar/2017:14:20:25 +0100] "GET / HTTP/1.0" 404 - "http://gravatar.com/herssubsnecktepgochex" "Mozilla/5.0 (Windows NT 6.1) AppleWebKit/537.36 (KHTML, like Gecko) Chrome/48.0.2564.109 Safari/537.36" "www.liebreich.at"
188.105.235.175 - - [03/Mar/2017:14:21:30 +0100] "GET /apple-touch-icon-120x120-precomposed.png HTTP/1.1" 404 238 "-" "MobileSafari/602.1 CFNetwork/808.3 Darwin/16.3.0" "www.liebreich.at"
188.105.235.175 - - [03/Mar/2017:14:21:30 +0100] "GET /apple-touch-icon-120x120.png HTTP/1.1" 404 226 "-" "MobileSafari/602.1 CFNetwork/808.3 Darwin/16.3.0" "www.liebreich.at"
188.105.235.175 - - [03/Mar/2017:14:21:30 +0100] "GET /apple-touch-icon-precomposed.png HTTP/1.1" 404 230 "-" "MobileSafari/602.1 CFNetwork/808.3 Darwin/16.3.0" "www.liebreich.at"
188.105.235.175 - - [03/Mar/2017:14:21:30 +0100] "GET /apple-touch-icon.png HTTP/1.1" 404 218 "-" "MobileSafari/602.1 CFNetwork/808.3 Darwin/16.3.0" "www.liebreich.at"
188.105.235.175 - - [03/Mar/2017:14:21:30 +0100] "GET /favicon.ico HTTP/1.1" 404 209 "-" "MobileSafari/602.1 CFNetwork/808.3 Darwin/16.3.0" "www.liebreich.at"
188.105.235.175 - - [03/Mar/2017:14:21:30 +0100] "GET /apple-touch-icon-120x120-precomposed.png HTTP/1.1" 404 238 "-" "MobileSafari/602.1 CFNetwork/808.3 Darwin/16.3.0" "www.liebreich.at"
188.105.235.175 - - [03/Mar/2017:14:21:31 +0100] "GET /apple-touch-icon-120x120.png HTTP/1.1" 404 226 "-" "MobileSafari/602.1 CFNetwork/808.3 Darwin/16.3.0" "www.liebreich.at"
188.105.235.175 - - [03/Mar/2017:14:21:31 +0100] "GET /apple-touch-icon-precomposed.png HTTP/1.1" 404 230 "-" "MobileSafari/602.1 CFNetwork/808.3 Darwin/16.3.0" "www.liebreich.at"
188.105.235.175 - - [03/Mar/2017:14:21:31 +0100] "GET /apple-touch-icon.png HTTP/1.1" 404 218 "-" "MobileSafari/602.1 CFNetwork/808.3 Darwin/16.3.0" "www.liebreich.at"
188.105.235.175 - - [03/Mar/2017:14:21:31 +0100] "GET /favicon.ico HTTP/1.1" 404 209 "-" "MobileSafari/602.1 CFNetwork/808.3 Darwin/16.3.0" "www.liebreich.at"
81.217.211.135 - - [03/Mar/2017:14:26:02 +0100] "GET / HTTP/1.1" 404 - "-" "Mozilla/5.0 (iPad; CPU OS 10_2 like Mac OS X) AppleWebKit/602.3.12 (KHTML, like Gecko) Version/10.0 Mobile/14C92 Safari/602.1" "www.liebreich.at"
81.217.211.135 - - [03/Mar/2017:14:26:03 +0100] "GET /apple-touch-icon-152x152-precomposed.png HTTP/1.1" 404 238 "-" "MobileSafari/602.1 CFNetwork/808.2.16 Darwin/16.3.0" "www.liebreich.at"
81.217.211.135 - - [03/Mar/2017:14:26:03 +0100] "GET /apple-touch-icon-152x152.png HTTP/1.1" 404 226 "-" "MobileSafari/602.1 CFNetwork/808.2.16 Darwin/16.3.0" "www.liebreich.at"
81.217.211.135 - - [03/Mar/2017:14:26:03 +0100] "GET /apple-touch-icon-precomposed.png HTTP/1.1" 404 230 "-" "MobileSafari/602.1 CFNetwork/808.2.16 Darwin/16.3.0" "www.liebreich.at"
81.217.211.135 - - [03/Mar/2017:14:26:03 +0100] "GET /apple-touch-icon.png HTTP/1.1" 404 218 "-" "MobileSafari/602.1 CFNetwork/808.2.16 Darwin/16.3.0" "www.liebreich.at"
81.217.211.135 - - [03/Mar/2017:14:26:03 +0100] "GET /favicon.ico HTTP/1.1" 404 209 "-" "MobileSafari/602.1 CFNetwork/808.2.16 Darwin/16.3.0" "www.liebreich.at"
81.217.211.135 - - [03/Mar/2017:14:26:03 +0100] "GET /apple-touch-icon-152x152-precomposed.png HTTP/1.1" 404 238 "-" "MobileSafari/602.1 CFNetwork/808.2.16 Darwin/16.3.0" "www.liebreich.at"
81.217.211.135 - - [03/Mar/2017:14:26:03 +0100] "GET /apple-touch-icon-152x152.png HTTP/1.1" 404 226 "-" "MobileSafari/602.1 CFNetwork/808.2.16 Darwin/16.3.0" "www.liebreich.at"
81.217.211.135 - - [03/Mar/2017:14:26:03 +0100] "GET /apple-touch-icon-precomposed.png HTTP/1.1" 404 230 "-" "MobileSafari/602.1 CFNetwork/808.2.16 Darwin/16.3.0" "www.liebreich.at"
81.217.211.135 - - [03/Mar/2017:14:26:03 +0100] "GET /apple-touch-icon.png HTTP/1.1" 404 218 "-" "MobileSafari/602.1 CFNetwork/808.2.16 Darwin/16.3.0" "www.liebreich.at"
81.217.211.135 - - [03/Mar/2017:14:26:03 +0100] "GET /favicon.ico HTTP/1.1" 404 209 "-" "MobileSafari/602.1 CFNetwork/808.2.16 Darwin/16.3.0" "www.liebreich.at"
213.81.140.54 - - [03/Mar/2017:14:28:00 +0100] "GET /m/whatsapp HTTP/1.1" 404 208 "http://www.google.sk/url?sa=t&rct=j&q=&esrc=s&source=web&cd=1&ved=0CCEQFjAA&url=http%3A%2F%2Fliebreich.at%2Fm%2Fwhatsapp&ei=wdTLv8ZWs7fROhbbryMt&usg=eWppKOvdsMCOcOgdS5D-eSSZlWan1zgiA9" "Mozilla/4.0 (compatible; MSIE 8.0; Windows NT 6.1; WOW64; Trident/5.0)" "www.liebreich.at"
95.116.17.48 - - [03/Mar/2017:14:29:26 +0100] "GET /?Motorrad_%2B_Auto___Werkstatt___Vergaser_Revision HTTP/1.1" 404 - "-" "Mozilla/5.0 (iPhone; CPU iPhone OS 10_2_1 like Mac OS X) AppleWebKit/602.4.6 (KHTML, like Gecko) Version/10.0 Mobile/14D27 Safari/602.1" "www.liebreich.at"
195.233.26.84 - - [03/Mar/2017:14:26:26 +0100] "GET /userfiles/images/v_schwimmer1.jpg HTTP/1.1" 404 231 "-" "Mozilla/5.0 (Windows NT 6.1; Trident/7.0; rv:11.0) like Gecko" "www.liebreich.at"
195.233.26.84 - - [03/Mar/2017:14:26:39 +0100] "GET /userfiles/images/v_schwimmer2.jpg HTTP/1.1" 404 231 "-" "Mozilla/5.0 (Windows NT 6.1; Trident/7.0; rv:11.0) like Gecko" "www.liebreich.at"
213.81.140.54 - - [03/Mar/2017:14:27:21 +0100] "GET /m/whatsapp HTTP/1.1" 404 208 "http://www.google.sk/url?sa=t&rct=j&q=&esrc=s&source=web&cd=1&ved=0CCEQFjAA&url=http%3A%2F%2Fliebreich.at%2Fm%2Fwhatsapp&ei=A8jyz2KDxgZmbN5vZ9vL&usg=dmxofwVrt6Yed4U7ngn-d1xUgCh68ULTys" "Mozilla/5.0 (Windows NT 6.1; WOW64; rv:21.0) Gecko/20100101 Firefox/21.0" "www.liebreich.at"
213.81.140.54 - - [03/Mar/2017:14:28:00 +0100] "GET /m/whatsapp HTTP/1.1" 404 208 "http://www.google.sk/url?sa=t&rct=j&q=&esrc=s&source=web&cd=1&ved=0CCEQFjAA&url=http%3A%2F%2Fliebreich.at%2Fm%2Fwhatsapp&ei=Ue1yzIktw6LqEfQ0bDdP&usg=ePgwgojQ7FEaS5Mk3hV-JCbnp5cfUh7q7m" "Mozilla/4.0 (compatible; MSIE 7.0; Windows NT 6.1; WOW64; Trident/5.0)" "www.liebreich.at"
213.81.140.54 - - [03/Mar/2017:14:28:01 +0100] "GET /m/whatsapp HTTP/1.1" 404 208 "http://www.google.sk/url?sa=t&rct=j&q=&esrc=s&source=web&cd=1&ved=0CCEQFjAA&url=http%3A%2F%2Fliebreich.at%2Fm%2Fwhatsapp&ei=aM3FKEa2FrIu7vGrPSha&usg=QNOr1qGazzZ4Xt9Hc0G-eyHoQz6yyIVpkU" "Mozilla/4.0 (compatible; MSIE 7.0; Windows NT 6.1; WOW64; Trident/5.0)" "www.liebreich.at"
95.116.17.48 - - [03/Mar/2017:14:29:26 +0100] "GET /apple-touch-icon-120x120-precomposed.png HTTP/1.1" 404 238 "-" "MobileSafari/602.1 CFNetwork/808.3 Darwin/16.3.0" "www.liebreich.at"
95.116.17.48 - - [03/Mar/2017:14:29:26 +0100] "GET /apple-touch-icon-120x120.png HTTP/1.1" 404 226 "-" "MobileSafari/602.1 CFNetwork/808.3 Darwin/16.3.0" "www.liebreich.at"
95.116.17.48 - - [03/Mar/2017:14:29:26 +0100] "GET /apple-touch-icon-precomposed.png HTTP/1.1" 404 230 "-" "MobileSafari/602.1 CFNetwork/808.3 Darwin/16.3.0" "www.liebreich.at"
95.116.17.48 - - [03/Mar/2017:14:29:26 +0100] "GET /apple-touch-icon.png HTTP/1.1" 404 218 "-" "MobileSafari/602.1 CFNetwork/808.3 Darwin/16.3.0" "www.liebreich.at"
95.116.17.48 - - [03/Mar/2017:14:29:26 +0100] "GET /favicon.ico HTTP/1.1" 404 209 "-" "MobileSafari/602.1 CFNetwork/808.3 Darwin/16.3.0" "www.liebreich.at"
95.116.17.48 - - [03/Mar/2017:14:29:26 +0100] "GET /apple-touch-icon-120x120-precomposed.png HTTP/1.1" 404 238 "-" "MobileSafari/602.1 CFNetwork/808.3 Darwin/16.3.0" "www.liebreich.at"
95.116.17.48 - - [03/Mar/2017:14:29:26 +0100] "GET /apple-touch-icon-120x120.png HTTP/1.1" 404 226 "-" "MobileSafari/602.1 CFNetwork/808.3 Darwin/16.3.0" "www.liebreich.at"
95.116.17.48 - - [03/Mar/2017:14:29:27 +0100] "GET /apple-touch-icon-precomposed.png HTTP/1.1" 404 230 "-" "MobileSafari/602.1 CFNetwork/808.3 Darwin/16.3.0" "www.liebreich.at"
95.116.17.48 - - [03/Mar/2017:14:29:27 +0100] "GET /apple-touch-icon.png HTTP/1.1" 404 218 "-" "MobileSafari/602.1 CFNetwork/808.3 Darwin/16.3.0" "www.liebreich.at"
95.116.17.48 - - [03/Mar/2017:14:29:27 +0100] "GET /favicon.ico HTTP/1.1" 404 209 "-" "MobileSafari/602.1 CFNetwork/808.3 Darwin/16.3.0" "www.liebreich.at"
146.185.223.200 - - [03/Mar/2017:14:33:14 +0100] "GET / HTTP/1.0" 404 - "http://gravatar.com/cefdinircomprar" "Mozilla/5.0 (Windows NT 6.1) AppleWebKit/537.36 (KHTML, like Gecko) Chrome/48.0.2564.109 Safari/537.36" "www.liebreich.at"
146.185.223.200 - - [03/Mar/2017:14:33:14 +0100] "GET / HTTP/1.0" 404 - "http://gravatar.com/cefdinircomprar" "Mozilla/5.0 (Windows NT 6.1) AppleWebKit/537.36 (KHTML, like Gecko) Chrome/48.0.2564.109 Safari/537.36" "www.liebreich.at"
66.249.66.135 - - [03/Mar/2017:14:34:07 +0100] "GET /?Motorrad_%2B_Auto___Werkstatt___Vergaser_Revision HTTP/1.1" 404 - "-" "Mozilla/5.0 (compatible; Googlebot/2.1; +http://www.google.com/bot.html)" "www.liebreich.at"
146.185.223.200 - - [03/Mar/2017:14:33:13 +0100] "GET / HTTP/1.0" 404 - "http://gravatar.com/cefdinircomprar" "Mozilla/5.0 (Windows NT 6.1) AppleWebKit/537.36 (KHTML, like Gecko) Chrome/48.0.2564.109 Safari/537.36" "www.liebreich.at"
146.185.223.200 - - [03/Mar/2017:14:33:14 +0100] "GET / HTTP/1.0" 404 - "http://gravatar.com/cefdinircomprar" "Mozilla/5.0 (Windows NT 6.1) AppleWebKit/537.36 (KHTML, like Gecko) Chrome/48.0.2564.109 Safari/537.36" "www.liebreich.at"
66.249.66.143 - - [03/Mar/2017:14:34:07 +0100] "GET /robots.txt HTTP/1.1" 404 208 "-" "Mozilla/5.0 (compatible; Googlebot/2.1; +http://www.google.com/bot.html)" "www.liebreich.at"
95.116.17.48 - - [03/Mar/2017:14:41:49 +0100] "GET /?Motorrad_%2B_Auto___Werkstatt___Vergaser_Revision HTTP/1.1" 404 - "-" "Mozilla/5.0 (iPhone; CPU iPhone OS 10_2_1 like Mac OS X) AppleWebKit/602.4.6 (KHTML, like Gecko) Version/10.0 Mobile/14D27 Safari/602.1" "www.liebreich.at"
146.185.223.200 - - [03/Mar/2017:14:46:01 +0100] "GET / HTTP/1.0" 404 - "http://www.nature.com/protocolexchange/labgroups/530019" "Mozilla/5.0 (Windows NT 6.1; WOW64) AppleWebKit/537.36 (KHTML, like Gecko) Chrome/48.0.2564.97 Safari/537.36" "www.liebreich.at"
95.116.17.48 - - [03/Mar/2017:14:41:49 +0100] "GET /apple-touch-icon-120x120-precomposed.png HTTP/1.1" 404 238 "-" "MobileSafari/602.1 CFNetwork/808.3 Darwin/16.3.0" "www.liebreich.at"
95.116.17.48 - - [03/Mar/2017:14:41:50 +0100] "GET /apple-touch-icon-120x120.png HTTP/1.1" 404 226 "-" "MobileSafari/602.1 CFNetwork/808.3 Darwin/16.3.0" "www.liebreich.at"
95.116.17.48 - - [03/Mar/2017:14:41:50 +0100] "GET /apple-touch-icon-precomposed.png HTTP/1.1" 404 230 "-" "MobileSafari/602.1 CFNetwork/808.3 Darwin/16.3.0" "www.liebreich.at"
95.116.17.48 - - [03/Mar/2017:14:41:50 +0100] "GET /apple-touch-icon.png HTTP/1.1" 404 218 "-" "MobileSafari/602.1 CFNetwork/808.3 Darwin/16.3.0" "www.liebreich.at"
95.116.17.48 - - [03/Mar/2017:14:41:50 +0100] "GET /favicon.ico HTTP/1.1" 404 209 "-" "MobileSafari/602.1 CFNetwork/808.3 Darwin/16.3.0" "www.liebreich.at"
95.116.17.48 - - [03/Mar/2017:14:41:50 +0100] "GET /apple-touch-icon-120x120-precomposed.png HTTP/1.1" 404 238 "-" "MobileSafari/602.1 CFNetwork/808.3 Darwin/16.3.0" "www.liebreich.at"
95.116.17.48 - - [03/Mar/2017:14:41:50 +0100] "GET /apple-touch-icon-120x120.png HTTP/1.1" 404 226 "-" "MobileSafari/602.1 CFNetwork/808.3 Darwin/16.3.0" "www.liebreich.at"
95.116.17.48 - - [03/Mar/2017:14:41:50 +0100] "GET /apple-touch-icon-precomposed.png HTTP/1.1" 404 230 "-" "MobileSafari/602.1 CFNetwork/808.3 Darwin/16.3.0" "www.liebreich.at"
95.116.17.48 - - [03/Mar/2017:14:41:50 +0100] "GET /apple-touch-icon.png HTTP/1.1" 404 218 "-" "MobileSafari/602.1 CFNetwork/808.3 Darwin/16.3.0" "www.liebreich.at"
95.116.17.48 - - [03/Mar/2017:14:41:50 +0100] "GET /favicon.ico HTTP/1.1" 404 209 "-" "MobileSafari/602.1 CFNetwork/808.3 Darwin/16.3.0" "www.liebreich.at"
193.226.177.45 - - [03/Mar/2017:14:42:39 +0100] "GET /m/whatsapp HTTP/1.1" 404 208 "-" "Mozilla/4.0" "www.liebreich.at"
193.226.177.45 - - [03/Mar/2017:14:42:43 +0100] "GET /m/whatsapp HTTP/1.1" 404 208 "-" "Mozilla/4.0" "www.liebreich.at"
