193.226.177.45 - - [02/Mar/2017:22:36:19 +0100] "GET /m/whatsapp HTTP/1.1" 404 208 "-" "Mozilla/4.0" "www.liebreich.at"
68.180.230.186 - - [02/Mar/2017:22:40:24 +0100] "GET /?Motorrad_%2B_Auto___Duster&login HTTP/1.1" 404 - "-" "Mozilla/5.0 (compatible; Yahoo! Slurp; http://help.yahoo.com/help/us/ysearch/slurp)" "www.liebreich.at"
89.217.237.97 - - [02/Mar/2017:22:41:50 +0100] "GET /mobile/whatsapp/utilisateurs/login/verification/renewal/ HTTP/1.1" 404 254 "-" "Mozilla/5.0 (Windows NT 6.1; WOW64; Trident/7.0; rv:11.0) like Gecko" "www.liebreich.at"
89.217.237.97 - - [02/Mar/2017:22:41:59 +0100] "GET /mobile/whatsapp/utilisateurs/login/verification/renewal/ HTTP/1.1" 404 254 "-" "Mozilla/5.0 (Windows NT 6.1; WOW64; Trident/7.0; rv:11.0) like Gecko" "www.liebreich.at"
146.185.223.200 - - [02/Mar/2017:22:49:14 +0100] "GET / HTTP/1.0" 404 - "http://gravatar.com/phenytoin100mgysk" "Mozilla/5.0 (Windows NT 10.0; WOW64) AppleWebKit/537.36 (KHTML, like Gecko) Chrome/48.0.2564.97 Safari/537.36" "www.liebreich.at"
146.185.223.200 - - [02/Mar/2017:22:49:14 +0100] "GET / HTTP/1.0" 404 - "http://gravatar.com/phenytoin100mgysk" "Mozilla/5.0 (Windows NT 10.0; WOW64) AppleWebKit/537.36 (KHTML, like Gecko) Chrome/48.0.2564.97 Safari/537.36" "www.liebreich.at"
146.185.223.200 - - [02/Mar/2017:22:49:14 +0100] "GET / HTTP/1.0" 404 - "http://gravatar.com/phenytoin100mgysk" "Mozilla/5.0 (Windows NT 10.0; WOW64) AppleWebKit/537.36 (KHTML, like Gecko) Chrome/48.0.2564.97 Safari/537.36" "www.liebreich.at"
146.185.223.200 - - [02/Mar/2017:22:49:14 +0100] "GET / HTTP/1.0" 404 - "http://gravatar.com/phenytoin100mgysk" "Mozilla/5.0 (Windows NT 10.0; WOW64) AppleWebKit/537.36 (KHTML, like Gecko) Chrome/48.0.2564.97 Safari/537.36" "www.liebreich.at"
193.226.177.45 - - [02/Mar/2017:22:53:51 +0100] "GET /m/whatsapp HTTP/1.1" 404 208 "-" "Mozilla/4.0" "www.liebreich.at"
217.69.136.206 - - [02/Mar/2017:22:55:03 +0100] "GET /?Impressum HTTP/1.1" 404 - "-" "Mozilla/5.0 (compatible; Linux x86_64; Mail.RU_Bot/2.0; +http://go.mail.ru/help/robots)" "www.liebreich.at"
217.69.136.203 - - [02/Mar/2017:22:55:02 +0100] "GET /robots.txt HTTP/1.0" 404 208 "-" "Mozilla/5.0 (compatible; Linux x86_64; Mail.RU_Bot/2.0; +http://go.mail.ru/help/robots)" "www.liebreich.at"
146.185.223.200 - - [02/Mar/2017:23:02:23 +0100] "GET / HTTP/1.0" 404 - "http://gravatar.com/amradirasunglo" "Mozilla/5.0 (Windows NT 6.1; WOW64) AppleWebKit/537.36 (KHTML, like Gecko) Chrome/48.0.2564.116 Safari/537.36" "www.liebreich.at"
146.185.223.200 - - [02/Mar/2017:23:02:23 +0100] "GET / HTTP/1.0" 404 - "http://gravatar.com/amradirasunglo" "Mozilla/5.0 (Windows NT 6.1; WOW64) AppleWebKit/537.36 (KHTML, like Gecko) Chrome/48.0.2564.116 Safari/537.36" "www.liebreich.at"
146.185.223.200 - - [02/Mar/2017:23:02:23 +0100] "GET / HTTP/1.0" 404 - "http://gravatar.com/amradirasunglo" "Mozilla/5.0 (Windows NT 6.1; WOW64) AppleWebKit/537.36 (KHTML, like Gecko) Chrome/48.0.2564.116 Safari/537.36" "www.liebreich.at"
146.185.223.200 - - [02/Mar/2017:23:02:24 +0100] "GET / HTTP/1.0" 404 - "http://gravatar.com/amradirasunglo" "Mozilla/5.0 (Windows NT 6.1; WOW64) AppleWebKit/537.36 (KHTML, like Gecko) Chrome/48.0.2564.116 Safari/537.36" "www.liebreich.at"
193.226.177.45 - - [02/Mar/2017:23:07:19 +0100] "GET /m/whatsapp HTTP/1.1" 404 208 "-" "Mozilla/4.0" "www.liebreich.at"
193.226.177.45 - - [02/Mar/2017:23:07:19 +0100] "GET /m/whatsapp HTTP/1.1" 404 208 "-" "Mozilla/4.0" "www.liebreich.at"
95.116.17.48 - - [02/Mar/2017:23:14:38 +0100] "GET /?Motorrad_%2B_Auto___Werkstatt___Vergaser_Revision HTTP/1.1" 404 - "-" "Mozilla/5.0 (iPhone; CPU iPhone OS 10_2_1 like Mac OS X) AppleWebKit/602.4.6 (KHTML, like Gecko) Version/10.0 Mobile/14D27 Safari/602.1" "www.liebreich.at"
95.116.17.48 - - [02/Mar/2017:23:14:38 +0100] "GET /apple-touch-icon-120x120-precomposed.png HTTP/1.1" 404 238 "-" "MobileSafari/602.1 CFNetwork/808.3 Darwin/16.3.0" "www.liebreich.at"
95.116.17.48 - - [02/Mar/2017:23:14:38 +0100] "GET /apple-touch-icon-120x120.png HTTP/1.1" 404 226 "-" "MobileSafari/602.1 CFNetwork/808.3 Darwin/16.3.0" "www.liebreich.at"
95.116.17.48 - - [02/Mar/2017:23:14:38 +0100] "GET /apple-touch-icon-precomposed.png HTTP/1.1" 404 230 "-" "MobileSafari/602.1 CFNetwork/808.3 Darwin/16.3.0" "www.liebreich.at"
95.116.17.48 - - [02/Mar/2017:23:14:39 +0100] "GET /apple-touch-icon.png HTTP/1.1" 404 218 "-" "MobileSafari/602.1 CFNetwork/808.3 Darwin/16.3.0" "www.liebreich.at"
95.116.17.48 - - [02/Mar/2017:23:14:39 +0100] "GET /favicon.ico HTTP/1.1" 404 209 "-" "MobileSafari/602.1 CFNetwork/808.3 Darwin/16.3.0" "www.liebreich.at"
95.116.17.48 - - [02/Mar/2017:23:14:39 +0100] "GET /apple-touch-icon-120x120-precomposed.png HTTP/1.1" 404 238 "-" "MobileSafari/602.1 CFNetwork/808.3 Darwin/16.3.0" "www.liebreich.at"
95.116.17.48 - - [02/Mar/2017:23:14:39 +0100] "GET /apple-touch-icon-120x120.png HTTP/1.1" 404 226 "-" "MobileSafari/602.1 CFNetwork/808.3 Darwin/16.3.0" "www.liebreich.at"
95.116.17.48 - - [02/Mar/2017:23:14:39 +0100] "GET /apple-touch-icon-precomposed.png HTTP/1.1" 404 230 "-" "MobileSafari/602.1 CFNetwork/808.3 Darwin/16.3.0" "www.liebreich.at"
95.116.17.48 - - [02/Mar/2017:23:14:39 +0100] "GET /apple-touch-icon.png HTTP/1.1" 404 218 "-" "MobileSafari/602.1 CFNetwork/808.3 Darwin/16.3.0" "www.liebreich.at"
95.116.17.48 - - [02/Mar/2017:23:14:39 +0100] "GET /favicon.ico HTTP/1.1" 404 209 "-" "MobileSafari/602.1 CFNetwork/808.3 Darwin/16.3.0" "www.liebreich.at"
146.185.223.200 - - [02/Mar/2017:23:15:36 +0100] "GET / HTTP/1.0" 404 - "http://gravatar.com/prednisolone10mg0c" "Mozilla/5.0 (Windows NT 6.3; WOW64) AppleWebKit/537.36 (KHTML, like Gecko) Chrome/48.0.2564.109 Safari/537.36" "www.liebreich.at"
146.185.223.200 - - [02/Mar/2017:23:15:36 +0100] "GET / HTTP/1.0" 404 - "http://gravatar.com/prednisolone10mg0c" "Mozilla/5.0 (Windows NT 6.3; WOW64) AppleWebKit/537.36 (KHTML, like Gecko) Chrome/48.0.2564.109 Safari/537.36" "www.liebreich.at"
213.81.140.48 - - [02/Mar/2017:23:18:36 +0100] "GET /m/whatsapp HTTP/1.1" 404 208 "http://www.google.sk/url?sa=t&rct=j&q=&esrc=s&source=web&cd=1&ved=0CCEQFjAA&url=http%3A%2F%2Fliebreich.at%2Fm%2Fwhatsapp&ei=rJlzVC7S5RC4JTOXXAND&usg=kybphMz98mzxW0Af8ns-5flzXP6Y9s1XKg" "Mozilla/5.0 (Windows NT 6.1; WOW64; rv:19.0) Gecko/20100101 Firefox/19.0" "www.liebreich.at"
146.185.223.200 - - [02/Mar/2017:23:15:36 +0100] "GET / HTTP/1.0" 404 - "http://gravatar.com/prednisolone10mg0c" "Mozilla/5.0 (Windows NT 6.3; WOW64) AppleWebKit/537.36 (KHTML, like Gecko) Chrome/48.0.2564.109 Safari/537.36" "www.liebreich.at"
146.185.223.200 - - [02/Mar/2017:23:15:36 +0100] "GET / HTTP/1.0" 404 - "http://gravatar.com/prednisolone10mg0c" "Mozilla/5.0 (Windows NT 6.3; WOW64) AppleWebKit/537.36 (KHTML, like Gecko) Chrome/48.0.2564.109 Safari/537.36" "www.liebreich.at"
213.81.140.48 - - [02/Mar/2017:23:17:42 +0100] "GET /m/whatsapp HTTP/1.1" 404 208 "http://www.google.sk/url?sa=t&rct=j&q=&esrc=s&source=web&cd=1&ved=0CCEQFjAA&url=http%3A%2F%2Fliebreich.at%2Fm%2Fwhatsapp&ei=JULZbpVDAm7cZNR3wFk7&usg=y6sWhipCOyEfQInLLnB-pceIKM5S8dGO5m" "Mozilla/4.0 (compatible; MSIE 8.0; Windows NT 6.1; WOW64; Trident/5.0)" "www.liebreich.at"
213.81.140.48 - - [02/Mar/2017:23:20:53 +0100] "GET /m/whatsapp HTTP/1.1" 404 208 "http://www.google.sk/url?sa=t&rct=j&q=&esrc=s&source=web&cd=1&ved=0CCEQFjAA&url=http%3A%2F%2Fliebreich.at%2Fm%2Fwhatsapp&ei=ed3SNujH36SuUV46foUP&usg=hG5JuxH0mQJy370ovMn-eLMZ3sGFRqE8iB" "Mozilla/5.0 (Windows NT 6.1; WOW64; rv:20.0) Gecko/20100101 Firefox/20.0" "www.liebreich.at"
213.81.140.48 - - [02/Mar/2017:23:21:45 +0100] "GET /m/whatsapp HTTP/1.1" 404 208 "http://www.google.sk/url?sa=t&rct=j&q=&esrc=s&source=web&cd=1&ved=0CCEQFjAA&url=http%3A%2F%2Fliebreich.at%2Fm%2Fwhatsapp&ei=Iiq0WLyCA3rbxc5AZOh9&usg=w0d6tWuBXM9BHcJeyb9-t8D128GOy3iL8R" "Mozilla/5.0 (Windows NT 6.1) AppleWebKit/537.36 (KHTML, like Gecko) Chrome/29.0.1547.62 Safari/537.36" "www.liebreich.at"
213.81.140.48 - - [02/Mar/2017:23:21:45 +0100] "GET /m/whatsapp HTTP/1.1" 404 208 "http://www.google.sk/url?sa=t&rct=j&q=&esrc=s&source=web&cd=1&ved=0CCEQFjAA&url=http%3A%2F%2Fliebreich.at%2Fm%2Fwhatsapp&ei=A66ARnrHACgXDQCAmvw8&usg=6832Mo9TKZRMxuPK3mj-BxiQai1ZpQF2c8" "Mozilla/5.0 (Windows NT 6.1) AppleWebKit/537.36 (KHTML, like Gecko) Chrome/27.0.1453.116 Safari/537.36" "www.liebreich.at"
213.81.140.48 - - [02/Mar/2017:23:21:46 +0100] "GET /m/whatsapp HTTP/1.1" 404 208 "http://www.google.sk/url?sa=t&rct=j&q=&esrc=s&source=web&cd=1&ved=0CCEQFjAA&url=http%3A%2F%2Fliebreich.at%2Fm%2Fwhatsapp&ei=P3FpDXFV0uVwKPYuiKVq&usg=fadrZ8tS5vvYlmicGeb-FvLsSCffkHQzHU" "Mozilla/5.0 (Windows NT 6.1; WOW64) AppleWebKit/537.36 (KHTML, like Gecko) Chrome/27.0.1453.116 Safari/537.36" "www.liebreich.at"
213.81.140.48 - - [02/Mar/2017:23:23:30 +0100] "GET /m/whatsapp HTTP/1.1" 404 208 "http://www.google.sk/url?sa=t&rct=j&q=&esrc=s&source=web&cd=1&ved=0CCEQFjAA&url=http%3A%2F%2Fliebreich.at%2Fm%2Fwhatsapp&ei=enWnXrR3ReMk7vbpSBkq&usg=pFwVbm1cyudY9pWJt5D-YPtOh2xx9H8ua5" "Opera/9.80 (Windows NT 6.1; Win64; x64) Presto/2.12.388 Version/12.16" "www.liebreich.at"
213.147.163.24 - - [02/Mar/2017:23:24:04 +0100] "GET / HTTP/1.1" 404 - "-" "Mozilla/5.0 (iPad; CPU OS 10_2 like Mac OS X) AppleWebKit/602.3.12 (KHTML, like Gecko) Version/10.0 Mobile/14C92 Safari/602.1" "www.liebreich.at"
213.147.163.24 - - [02/Mar/2017:23:24:04 +0100] "GET /apple-touch-icon-152x152-precomposed.png HTTP/1.1" 404 238 "-" "MobileSafari/602.1 CFNetwork/808.2.16 Darwin/16.3.0" "www.liebreich.at"
213.147.163.24 - - [02/Mar/2017:23:24:04 +0100] "GET /apple-touch-icon-152x152.png HTTP/1.1" 404 226 "-" "MobileSafari/602.1 CFNetwork/808.2.16 Darwin/16.3.0" "www.liebreich.at"
213.147.163.24 - - [02/Mar/2017:23:24:04 +0100] "GET /apple-touch-icon-precomposed.png HTTP/1.1" 404 230 "-" "MobileSafari/602.1 CFNetwork/808.2.16 Darwin/16.3.0" "www.liebreich.at"
213.147.163.24 - - [02/Mar/2017:23:24:04 +0100] "GET /apple-touch-icon.png HTTP/1.1" 404 218 "-" "MobileSafari/602.1 CFNetwork/808.2.16 Darwin/16.3.0" "www.liebreich.at"
213.147.163.24 - - [02/Mar/2017:23:24:04 +0100] "GET /favicon.ico HTTP/1.1" 404 209 "-" "MobileSafari/602.1 CFNetwork/808.2.16 Darwin/16.3.0" "www.liebreich.at"
213.147.163.24 - - [02/Mar/2017:23:24:04 +0100] "GET /apple-touch-icon-152x152-precomposed.png HTTP/1.1" 404 238 "-" "MobileSafari/602.1 CFNetwork/808.2.16 Darwin/16.3.0" "www.liebreich.at"
213.147.163.24 - - [02/Mar/2017:23:24:04 +0100] "GET /apple-touch-icon-152x152.png HTTP/1.1" 404 226 "-" "MobileSafari/602.1 CFNetwork/808.2.16 Darwin/16.3.0" "www.liebreich.at"
213.147.163.24 - - [02/Mar/2017:23:24:04 +0100] "GET /apple-touch-icon-precomposed.png HTTP/1.1" 404 230 "-" "MobileSafari/602.1 CFNetwork/808.2.16 Darwin/16.3.0" "www.liebreich.at"
213.147.163.24 - - [02/Mar/2017:23:24:04 +0100] "GET /apple-touch-icon.png HTTP/1.1" 404 218 "-" "MobileSafari/602.1 CFNetwork/808.2.16 Darwin/16.3.0" "www.liebreich.at"
213.147.163.24 - - [02/Mar/2017:23:24:04 +0100] "GET /favicon.ico HTTP/1.1" 404 209 "-" "MobileSafari/602.1 CFNetwork/808.2.16 Darwin/16.3.0" "www.liebreich.at"
207.46.13.165 - - [02/Mar/2017:23:24:05 +0100] "GET / HTTP/1.1" 404 - "-" "Mozilla/5.0 (compatible; bingbot/2.0; +http://www.bing.com/bingbot.htm)" "www.liebreich.at"
95.116.17.48 - - [02/Mar/2017:23:28:14 +0100] "GET /?Motorrad_%2B_Auto___Werkstatt___Vergaser_Revision HTTP/1.1" 404 - "-" "Mozilla/5.0 (iPhone; CPU iPhone OS 10_2_1 like Mac OS X) AppleWebKit/602.4.6 (KHTML, like Gecko) Version/10.0 Mobile/14D27 Safari/602.1" "www.liebreich.at"
95.116.17.48 - - [02/Mar/2017:23:28:14 +0100] "GET /apple-touch-icon-120x120-precomposed.png HTTP/1.1" 404 238 "-" "MobileSafari/602.1 CFNetwork/808.3 Darwin/16.3.0" "www.liebreich.at"
95.116.17.48 - - [02/Mar/2017:23:28:14 +0100] "GET /apple-touch-icon-120x120.png HTTP/1.1" 404 226 "-" "MobileSafari/602.1 CFNetwork/808.3 Darwin/16.3.0" "www.liebreich.at"
95.116.17.48 - - [02/Mar/2017:23:28:14 +0100] "GET /apple-touch-icon-precomposed.png HTTP/1.1" 404 230 "-" "MobileSafari/602.1 CFNetwork/808.3 Darwin/16.3.0" "www.liebreich.at"
95.116.17.48 - - [02/Mar/2017:23:28:14 +0100] "GET /apple-touch-icon.png HTTP/1.1" 404 218 "-" "MobileSafari/602.1 CFNetwork/808.3 Darwin/16.3.0" "www.liebreich.at"
95.116.17.48 - - [02/Mar/2017:23:28:14 +0100] "GET /favicon.ico HTTP/1.1" 404 209 "-" "MobileSafari/602.1 CFNetwork/808.3 Darwin/16.3.0" "www.liebreich.at"
95.116.17.48 - - [02/Mar/2017:23:28:15 +0100] "GET /apple-touch-icon-120x120-precomposed.png HTTP/1.1" 404 238 "-" "MobileSafari/602.1 CFNetwork/808.3 Darwin/16.3.0" "www.liebreich.at"
95.116.17.48 - - [02/Mar/2017:23:28:15 +0100] "GET /apple-touch-icon-120x120.png HTTP/1.1" 404 226 "-" "MobileSafari/602.1 CFNetwork/808.3 Darwin/16.3.0" "www.liebreich.at"
95.116.17.48 - - [02/Mar/2017:23:28:15 +0100] "GET /apple-touch-icon-precomposed.png HTTP/1.1" 404 230 "-" "MobileSafari/602.1 CFNetwork/808.3 Darwin/16.3.0" "www.liebreich.at"
95.116.17.48 - - [02/Mar/2017:23:28:15 +0100] "GET /apple-touch-icon.png HTTP/1.1" 404 218 "-" "MobileSafari/602.1 CFNetwork/808.3 Darwin/16.3.0" "www.liebreich.at"
95.116.17.48 - - [02/Mar/2017:23:28:15 +0100] "GET /favicon.ico HTTP/1.1" 404 209 "-" "MobileSafari/602.1 CFNetwork/808.3 Darwin/16.3.0" "www.liebreich.at"
146.185.223.200 - - [02/Mar/2017:23:28:55 +0100] "GET / HTTP/1.0" 404 - "http://ordermetoclopramide10mgse.aircus.com" "Mozilla/5.0 (Windows NT 6.1; rv:44.0) Gecko/20100101 Firefox/44.0" "www.liebreich.at"
146.185.223.200 - - [02/Mar/2017:23:28:55 +0100] "GET / HTTP/1.0" 404 - "http://ordermetoclopramide10mgse.aircus.com" "Mozilla/5.0 (Windows NT 6.1; rv:44.0) Gecko/20100101 Firefox/44.0" "www.liebreich.at"
146.185.223.200 - - [02/Mar/2017:23:28:55 +0100] "GET / HTTP/1.0" 404 - "http://ordermetoclopramide10mgse.aircus.com" "Mozilla/5.0 (Windows NT 6.1; rv:44.0) Gecko/20100101 Firefox/44.0" "www.liebreich.at"
146.185.223.200 - - [02/Mar/2017:23:28:55 +0100] "GET / HTTP/1.0" 404 - "http://ordermetoclopramide10mgse.aircus.com" "Mozilla/5.0 (Windows NT 6.1; rv:44.0) Gecko/20100101 Firefox/44.0" "www.liebreich.at"
188.105.229.153 - - [02/Mar/2017:23:29:03 +0100] "GET /?Motorrad_%2B_Auto___Werkstatt___Vergaser_Revision HTTP/1.1" 404 - "-" "Mozilla/5.0 (iPhone; CPU iPhone OS 10_2_1 like Mac OS X) AppleWebKit/602.4.6 (KHTML, like Gecko) Version/10.0 Mobile/14D27 Safari/602.1" "www.liebreich.at"
188.105.229.153 - - [02/Mar/2017:23:29:03 +0100] "GET /apple-touch-icon-120x120-precomposed.png HTTP/1.1" 404 238 "-" "MobileSafari/602.1 CFNetwork/808.3 Darwin/16.3.0" "www.liebreich.at"
188.105.229.153 - - [02/Mar/2017:23:29:03 +0100] "GET /apple-touch-icon-120x120.png HTTP/1.1" 404 226 "-" "MobileSafari/602.1 CFNetwork/808.3 Darwin/16.3.0" "www.liebreich.at"
188.105.229.153 - - [02/Mar/2017:23:29:03 +0100] "GET /apple-touch-icon-precomposed.png HTTP/1.1" 404 230 "-" "MobileSafari/602.1 CFNetwork/808.3 Darwin/16.3.0" "www.liebreich.at"
188.105.229.153 - - [02/Mar/2017:23:29:03 +0100] "GET /apple-touch-icon.png HTTP/1.1" 404 218 "-" "MobileSafari/602.1 CFNetwork/808.3 Darwin/16.3.0" "www.liebreich.at"
188.105.229.153 - - [02/Mar/2017:23:29:03 +0100] "GET /favicon.ico HTTP/1.1" 404 209 "-" "MobileSafari/602.1 CFNetwork/808.3 Darwin/16.3.0" "www.liebreich.at"
188.105.229.153 - - [02/Mar/2017:23:29:03 +0100] "GET /apple-touch-icon-120x120-precomposed.png HTTP/1.1" 404 238 "-" "MobileSafari/602.1 CFNetwork/808.3 Darwin/16.3.0" "www.liebreich.at"
188.105.229.153 - - [02/Mar/2017:23:29:03 +0100] "GET /apple-touch-icon-120x120.png HTTP/1.1" 404 226 "-" "MobileSafari/602.1 CFNetwork/808.3 Darwin/16.3.0" "www.liebreich.at"
188.105.229.153 - - [02/Mar/2017:23:29:03 +0100] "GET /apple-touch-icon-precomposed.png HTTP/1.1" 404 230 "-" "MobileSafari/602.1 CFNetwork/808.3 Darwin/16.3.0" "www.liebreich.at"
188.105.229.153 - - [02/Mar/2017:23:29:03 +0100] "GET /apple-touch-icon.png HTTP/1.1" 404 218 "-" "MobileSafari/602.1 CFNetwork/808.3 Darwin/16.3.0" "www.liebreich.at"
188.105.229.153 - - [02/Mar/2017:23:29:03 +0100] "GET /favicon.ico HTTP/1.1" 404 209 "-" "MobileSafari/602.1 CFNetwork/808.3 Darwin/16.3.0" "www.liebreich.at"
89.204.137.251 - - [02/Mar/2017:23:34:11 +0100] "GET /?Motorrad_%2B_Auto___Werkstatt___Vergaser_Revision HTTP/1.1" 404 - "-" "Mozilla/5.0 (iPhone; CPU iPhone OS 10_2_1 like Mac OS X) AppleWebKit/602.4.6 (KHTML, like Gecko) Version/10.0 Mobile/14D27 Safari/602.1" "www.liebreich.at"
193.226.177.45 - - [02/Mar/2017:23:37:18 +0100] "GET /m/whatsapp HTTP/1.1" 404 208 "-" "Mozilla/4.0" "www.liebreich.at"
89.204.137.251 - - [02/Mar/2017:23:34:11 +0100] "GET /apple-touch-icon-120x120-precomposed.png HTTP/1.1" 404 238 "-" "MobileSafari/602.1 CFNetwork/808.3 Darwin/16.3.0" "www.liebreich.at"
89.204.137.251 - - [02/Mar/2017:23:34:11 +0100] "GET /apple-touch-icon-120x120.png HTTP/1.1" 404 226 "-" "MobileSafari/602.1 CFNetwork/808.3 Darwin/16.3.0" "www.liebreich.at"
89.204.137.251 - - [02/Mar/2017:23:34:12 +0100] "GET /apple-touch-icon-precomposed.png HTTP/1.1" 404 230 "-" "MobileSafari/602.1 CFNetwork/808.3 Darwin/16.3.0" "www.liebreich.at"
89.204.137.251 - - [02/Mar/2017:23:34:12 +0100] "GET /apple-touch-icon.png HTTP/1.1" 404 218 "-" "MobileSafari/602.1 CFNetwork/808.3 Darwin/16.3.0" "www.liebreich.at"
89.204.137.251 - - [02/Mar/2017:23:34:12 +0100] "GET /favicon.ico HTTP/1.1" 404 209 "-" "MobileSafari/602.1 CFNetwork/808.3 Darwin/16.3.0" "www.liebreich.at"
89.204.137.251 - - [02/Mar/2017:23:34:12 +0100] "GET /apple-touch-icon-120x120-precomposed.png HTTP/1.1" 404 238 "-" "MobileSafari/602.1 CFNetwork/808.3 Darwin/16.3.0" "www.liebreich.at"
89.204.137.251 - - [02/Mar/2017:23:34:12 +0100] "GET /apple-touch-icon-120x120.png HTTP/1.1" 404 226 "-" "MobileSafari/602.1 CFNetwork/808.3 Darwin/16.3.0" "www.liebreich.at"
89.204.137.251 - - [02/Mar/2017:23:34:12 +0100] "GET /apple-touch-icon-precomposed.png HTTP/1.1" 404 230 "-" "MobileSafari/602.1 CFNetwork/808.3 Darwin/16.3.0" "www.liebreich.at"
89.204.137.251 - - [02/Mar/2017:23:34:12 +0100] "GET /apple-touch-icon.png HTTP/1.1" 404 218 "-" "MobileSafari/602.1 CFNetwork/808.3 Darwin/16.3.0" "www.liebreich.at"
89.204.137.251 - - [02/Mar/2017:23:34:12 +0100] "GET /favicon.ico HTTP/1.1" 404 209 "-" "MobileSafari/602.1 CFNetwork/808.3 Darwin/16.3.0" "www.liebreich.at"
193.226.177.45 - - [02/Mar/2017:23:37:18 +0100] "GET /m/whatsapp HTTP/1.1" 404 208 "-" "Mozilla/4.0" "www.liebreich.at"
66.249.66.30 - - [02/Mar/2017:23:37:35 +0100] "GET /userfiles/images/v_unten.jpg HTTP/1.1" 404 226 "-" "Googlebot-Image/1.0" "www.liebreich.at"
146.185.223.200 - - [02/Mar/2017:23:41:56 +0100] "GET / HTTP/1.0" 404 - "http://www.purevolume.com/metoprololbuysafely" "Mozilla/5.0 (Windows NT 10.0; WOW64; rv:43.0) Gecko/20100101 Firefox/43.0" "www.liebreich.at"
146.185.223.200 - - [02/Mar/2017:23:41:56 +0100] "GET / HTTP/1.0" 404 - "http://www.purevolume.com/metoprololbuysafely" "Mozilla/5.0 (Windows NT 10.0; WOW64; rv:43.0) Gecko/20100101 Firefox/43.0" "www.liebreich.at"
146.185.223.200 - - [02/Mar/2017:23:41:56 +0100] "GET / HTTP/1.0" 404 - "http://www.purevolume.com/metoprololbuysafely" "Mozilla/5.0 (Windows NT 10.0; WOW64; rv:43.0) Gecko/20100101 Firefox/43.0" "www.liebreich.at"
146.185.223.200 - - [02/Mar/2017:23:41:57 +0100] "GET / HTTP/1.0" 404 - "http://www.purevolume.com/metoprololbuysafely" "Mozilla/5.0 (Windows NT 10.0; WOW64; rv:43.0) Gecko/20100101 Firefox/43.0" "www.liebreich.at"
66.249.66.27 - - [02/Mar/2017:23:48:11 +0100] "GET /?Willkommen HTTP/1.1" 404 - "-" "Mozilla/5.0 (compatible; Googlebot/2.1; +http://www.google.com/bot.html)" "www.liebreich.at"
146.185.223.200 - - [02/Mar/2017:23:54:53 +0100] "GET / HTTP/1.0" 404 - "http://gravatar.com/czwclarithromycin" "Mozilla/5.0 (Windows NT 6.1; WOW64) AppleWebKit/537.36 (KHTML, like Gecko) Chrome/47.0.2526.111 YaBrowser/16.2.0.3539 Safari/537.36" "www.liebreich.at"
146.185.223.200 - - [02/Mar/2017:23:54:53 +0100] "GET / HTTP/1.0" 404 - "http://gravatar.com/czwclarithromycin" "Mozilla/5.0 (Windows NT 6.1; WOW64) AppleWebKit/537.36 (KHTML, like Gecko) Chrome/47.0.2526.111 YaBrowser/16.2.0.3539 Safari/537.36" "www.liebreich.at"
146.185.223.200 - - [02/Mar/2017:23:54:53 +0100] "GET / HTTP/1.0" 404 - "http://gravatar.com/czwclarithromycin" "Mozilla/5.0 (Windows NT 6.1; WOW64) AppleWebKit/537.36 (KHTML, like Gecko) Chrome/47.0.2526.111 YaBrowser/16.2.0.3539 Safari/537.36" "www.liebreich.at"
146.185.223.200 - - [02/Mar/2017:23:54:53 +0100] "GET / HTTP/1.0" 404 - "http://gravatar.com/czwclarithromycin" "Mozilla/5.0 (Windows NT 6.1; WOW64) AppleWebKit/537.36 (KHTML, like Gecko) Chrome/47.0.2526.111 YaBrowser/16.2.0.3539 Safari/537.36" "www.liebreich.at"
95.116.17.48 - - [03/Mar/2017:00:01:09 +0100] "GET /apple-touch-icon-120x120-precomposed.png HTTP/1.1" 404 238 "-" "MobileSafari/602.1 CFNetwork/808.3 Darwin/16.3.0" "www.liebreich.at"
95.116.17.48 - - [03/Mar/2017:00:01:09 +0100] "GET /apple-touch-icon-120x120.png HTTP/1.1" 404 226 "-" "MobileSafari/602.1 CFNetwork/808.3 Darwin/16.3.0" "www.liebreich.at"
95.116.17.48 - - [03/Mar/2017:00:01:09 +0100] "GET /apple-touch-icon-precomposed.png HTTP/1.1" 404 230 "-" "MobileSafari/602.1 CFNetwork/808.3 Darwin/16.3.0" "www.liebreich.at"
95.116.17.48 - - [03/Mar/2017:00:01:09 +0100] "GET /apple-touch-icon.png HTTP/1.1" 404 218 "-" "MobileSafari/602.1 CFNetwork/808.3 Darwin/16.3.0" "www.liebreich.at"
95.116.17.48 - - [03/Mar/2017:00:01:10 +0100] "GET /favicon.ico HTTP/1.1" 404 209 "-" "MobileSafari/602.1 CFNetwork/808.3 Darwin/16.3.0" "www.liebreich.at"
95.116.17.48 - - [03/Mar/2017:00:01:10 +0100] "GET /apple-touch-icon-120x120-precomposed.png HTTP/1.1" 404 238 "-" "MobileSafari/602.1 CFNetwork/808.3 Darwin/16.3.0" "www.liebreich.at"
95.116.17.48 - - [03/Mar/2017:00:01:10 +0100] "GET /apple-touch-icon-120x120.png HTTP/1.1" 404 226 "-" "MobileSafari/602.1 CFNetwork/808.3 Darwin/16.3.0" "www.liebreich.at"
95.116.17.48 - - [03/Mar/2017:00:01:10 +0100] "GET /apple-touch-icon-precomposed.png HTTP/1.1" 404 230 "-" "MobileSafari/602.1 CFNetwork/808.3 Darwin/16.3.0" "www.liebreich.at"
95.116.17.48 - - [03/Mar/2017:00:01:10 +0100] "GET /apple-touch-icon.png HTTP/1.1" 404 218 "-" "MobileSafari/602.1 CFNetwork/808.3 Darwin/16.3.0" "www.liebreich.at"
95.116.17.48 - - [03/Mar/2017:00:01:10 +0100] "GET /favicon.ico HTTP/1.1" 404 209 "-" "MobileSafari/602.1 CFNetwork/808.3 Darwin/16.3.0" "www.liebreich.at"
95.116.17.48 - - [03/Mar/2017:00:01:09 +0100] "GET /?Motorrad_%2B_Auto___Werkstatt___Vergaser_Revision HTTP/1.1" 404 - "-" "Mozilla/5.0 (iPhone; CPU iPhone OS 10_2_1 like Mac OS X) AppleWebKit/602.4.6 (KHTML, like Gecko) Version/10.0 Mobile/14D27 Safari/602.1" "www.liebreich.at"
193.226.177.45 - - [03/Mar/2017:00:06:58 +0100] "GET /m/whatsapp HTTP/1.1" 404 208 "-" "Mozilla/4.0" "www.liebreich.at"
146.185.223.200 - - [03/Mar/2017:00:07:51 +0100] "GET / HTTP/1.0" 404 - "http://gravatar.com/ordernexium20mgjapan" "Mozilla/5.0 (Windows NT 6.3; WOW64) AppleWebKit/537.36 (KHTML, like Gecko) Chrome/47.0.2526.111 Safari/537.36" "www.liebreich.at"
146.185.223.200 - - [03/Mar/2017:00:07:51 +0100] "GET / HTTP/1.0" 404 - "http://gravatar.com/ordernexium20mgjapan" "Mozilla/5.0 (Windows NT 6.3; WOW64) AppleWebKit/537.36 (KHTML, like Gecko) Chrome/47.0.2526.111 Safari/537.36" "www.liebreich.at"
193.226.177.45 - - [03/Mar/2017:00:06:58 +0100] "GET /m/whatsapp HTTP/1.1" 404 208 "-" "Mozilla/4.0" "www.liebreich.at"
146.185.223.200 - - [03/Mar/2017:00:07:51 +0100] "GET / HTTP/1.0" 404 - "http://gravatar.com/ordernexium20mgjapan" "Mozilla/5.0 (Windows NT 6.3; WOW64) AppleWebKit/537.36 (KHTML, like Gecko) Chrome/47.0.2526.111 Safari/537.36" "www.liebreich.at"
146.185.223.200 - - [03/Mar/2017:00:07:51 +0100] "GET / HTTP/1.0" 404 - "http://gravatar.com/ordernexium20mgjapan" "Mozilla/5.0 (Windows NT 6.3; WOW64) AppleWebKit/537.36 (KHTML, like Gecko) Chrome/47.0.2526.111 Safari/537.36" "www.liebreich.at"
213.147.163.24 - - [03/Mar/2017:00:15:58 +0100] "GET / HTTP/1.1" 404 - "-" "Mozilla/5.0 (iPad; CPU OS 10_2 like Mac OS X) AppleWebKit/602.3.12 (KHTML, like Gecko) Version/10.0 Mobile/14C92 Safari/602.1" "www.liebreich.at"
213.147.163.24 - - [03/Mar/2017:00:15:58 +0100] "GET /apple-touch-icon-152x152-precomposed.png HTTP/1.1" 404 238 "-" "MobileSafari/602.1 CFNetwork/808.2.16 Darwin/16.3.0" "www.liebreich.at"
213.147.163.24 - - [03/Mar/2017:00:15:58 +0100] "GET /apple-touch-icon-152x152.png HTTP/1.1" 404 226 "-" "MobileSafari/602.1 CFNetwork/808.2.16 Darwin/16.3.0" "www.liebreich.at"
213.147.163.24 - - [03/Mar/2017:00:15:58 +0100] "GET /apple-touch-icon-precomposed.png HTTP/1.1" 404 230 "-" "MobileSafari/602.1 CFNetwork/808.2.16 Darwin/16.3.0" "www.liebreich.at"
213.147.163.24 - - [03/Mar/2017:00:15:58 +0100] "GET /apple-touch-icon.png HTTP/1.1" 404 218 "-" "MobileSafari/602.1 CFNetwork/808.2.16 Darwin/16.3.0" "www.liebreich.at"
213.147.163.24 - - [03/Mar/2017:00:15:58 +0100] "GET /favicon.ico HTTP/1.1" 404 209 "-" "MobileSafari/602.1 CFNetwork/808.2.16 Darwin/16.3.0" "www.liebreich.at"
213.147.163.24 - - [03/Mar/2017:00:15:58 +0100] "GET /apple-touch-icon-152x152-precomposed.png HTTP/1.1" 404 238 "-" "MobileSafari/602.1 CFNetwork/808.2.16 Darwin/16.3.0" "www.liebreich.at"
213.147.163.24 - - [03/Mar/2017:00:15:59 +0100] "GET /apple-touch-icon-152x152.png HTTP/1.1" 404 226 "-" "MobileSafari/602.1 CFNetwork/808.2.16 Darwin/16.3.0" "www.liebreich.at"
213.147.163.24 - - [03/Mar/2017:00:15:59 +0100] "GET /apple-touch-icon-precomposed.png HTTP/1.1" 404 230 "-" "MobileSafari/602.1 CFNetwork/808.2.16 Darwin/16.3.0" "www.liebreich.at"
213.147.163.24 - - [03/Mar/2017:00:15:59 +0100] "GET /apple-touch-icon.png HTTP/1.1" 404 218 "-" "MobileSafari/602.1 CFNetwork/808.2.16 Darwin/16.3.0" "www.liebreich.at"
213.147.163.24 - - [03/Mar/2017:00:15:59 +0100] "GET /favicon.ico HTTP/1.1" 404 209 "-" "MobileSafari/602.1 CFNetwork/808.2.16 Darwin/16.3.0" "www.liebreich.at"
146.185.223.200 - - [03/Mar/2017:00:20:49 +0100] "GET / HTTP/1.0" 404 - "http://gravatar.com/glimepiride2mgcomprarrapido" "Mozilla/5.0 (Windows NT 10.0; WOW64; rv:44.0) Gecko/20100101 Firefox/44.0" "www.liebreich.at"
146.185.223.200 - - [03/Mar/2017:00:20:49 +0100] "GET / HTTP/1.0" 404 - "http://gravatar.com/glimepiride2mgcomprarrapido" "Mozilla/5.0 (Windows NT 10.0; WOW64; rv:44.0) Gecko/20100101 Firefox/44.0" "www.liebreich.at"
146.185.223.200 - - [03/Mar/2017:00:20:49 +0100] "GET / HTTP/1.0" 404 - "http://gravatar.com/glimepiride2mgcomprarrapido" "Mozilla/5.0 (Windows NT 10.0; WOW64; rv:44.0) Gecko/20100101 Firefox/44.0" "www.liebreich.at"
146.185.223.200 - - [03/Mar/2017:00:20:49 +0100] "GET / HTTP/1.0" 404 - "http://gravatar.com/glimepiride2mgcomprarrapido" "Mozilla/5.0 (Windows NT 10.0; WOW64; rv:44.0) Gecko/20100101 Firefox/44.0" "www.liebreich.at"
193.226.177.45 - - [03/Mar/2017:00:24:23 +0100] "GET /m/whatsapp HTTP/1.1" 404 208 "-" "Mozilla/4.0" "www.liebreich.at"
146.185.223.200 - - [03/Mar/2017:00:33:49 +0100] "GET / HTTP/1.0" 404 - "http://www.nature.com/protocolexchange/labgroups/572463" "Mozilla/5.0 (Windows NT 6.1; WOW64; rv:43.0) Gecko/20100101 Firefox/43.0" "www.liebreich.at"
146.185.223.200 - - [03/Mar/2017:00:33:49 +0100] "GET / HTTP/1.0" 404 - "http://www.nature.com/protocolexchange/labgroups/572463" "Mozilla/5.0 (Windows NT 6.1; WOW64; rv:43.0) Gecko/20100101 Firefox/43.0" "www.liebreich.at"
193.226.177.45 - - [03/Mar/2017:00:36:23 +0100] "GET /m/whatsapp HTTP/1.1" 404 208 "-" "Mozilla/4.0" "www.liebreich.at"
146.185.223.200 - - [03/Mar/2017:00:33:49 +0100] "GET / HTTP/1.0" 404 - "http://www.nature.com/protocolexchange/labgroups/572463" "Mozilla/5.0 (Windows NT 6.1; WOW64; rv:43.0) Gecko/20100101 Firefox/43.0" "www.liebreich.at"
146.185.223.200 - - [03/Mar/2017:00:33:49 +0100] "GET / HTTP/1.0" 404 - "http://www.nature.com/protocolexchange/labgroups/572463" "Mozilla/5.0 (Windows NT 6.1; WOW64; rv:43.0) Gecko/20100101 Firefox/43.0" "www.liebreich.at"
193.226.177.45 - - [03/Mar/2017:00:36:23 +0100] "GET /m/whatsapp HTTP/1.1" 404 208 "-" "Mozilla/4.0" "www.liebreich.at"
66.249.66.27 - - [03/Mar/2017:00:44:01 +0100] "GET /userfiles/images/v_duesennadel1.jpg HTTP/1.1" 404 233 "-" "Googlebot-Image/1.0" "www.liebreich.at"
146.185.223.200 - - [03/Mar/2017:00:46:47 +0100] "GET / HTTP/1.0" 404 - "http://gravatar.com/comprarescitalopram5mgenlinea" "Mozilla/5.0 (Windows NT 6.1; WOW64) AppleWebKit/537.36 (KHTML, like Gecko) Chrome/48.0.2564.109 Safari/537.36" "www.liebreich.at"
146.185.223.200 - - [03/Mar/2017:00:46:47 +0100] "GET / HTTP/1.0" 404 - "http://gravatar.com/comprarescitalopram5mgenlinea" "Mozilla/5.0 (Windows NT 6.1; WOW64) AppleWebKit/537.36 (KHTML, like Gecko) Chrome/48.0.2564.109 Safari/537.36" "www.liebreich.at"
146.185.223.200 - - [03/Mar/2017:00:46:47 +0100] "GET / HTTP/1.0" 404 - "http://gravatar.com/comprarescitalopram5mgenlinea" "Mozilla/5.0 (Windows NT 6.1; WOW64) AppleWebKit/537.36 (KHTML, like Gecko) Chrome/48.0.2564.109 Safari/537.36" "www.liebreich.at"
146.185.223.200 - - [03/Mar/2017:00:46:47 +0100] "GET / HTTP/1.0" 404 - "http://gravatar.com/comprarescitalopram5mgenlinea" "Mozilla/5.0 (Windows NT 6.1; WOW64) AppleWebKit/537.36 (KHTML, like Gecko) Chrome/48.0.2564.109 Safari/537.36" "www.liebreich.at"
89.204.137.251 - - [03/Mar/2017:00:57:04 +0100] "GET /?Motorrad_%2B_Auto___Werkstatt___Vergaser_Revision HTTP/1.1" 404 - "-" "Mozilla/5.0 (iPhone; CPU iPhone OS 10_2_1 like Mac OS X) AppleWebKit/602.4.6 (KHTML, like Gecko) Version/10.0 Mobile/14D27 Safari/602.1" "www.liebreich.at"
89.204.137.251 - - [03/Mar/2017:00:57:04 +0100] "GET /apple-touch-icon-120x120-precomposed.png HTTP/1.1" 404 238 "-" "MobileSafari/602.1 CFNetwork/808.3 Darwin/16.3.0" "www.liebreich.at"
89.204.137.251 - - [03/Mar/2017:00:57:04 +0100] "GET /apple-touch-icon-120x120.png HTTP/1.1" 404 226 "-" "MobileSafari/602.1 CFNetwork/808.3 Darwin/16.3.0" "www.liebreich.at"
89.204.137.251 - - [03/Mar/2017:00:57:05 +0100] "GET /apple-touch-icon-precomposed.png HTTP/1.1" 404 230 "-" "MobileSafari/602.1 CFNetwork/808.3 Darwin/16.3.0" "www.liebreich.at"
89.204.137.251 - - [03/Mar/2017:00:57:05 +0100] "GET /apple-touch-icon.png HTTP/1.1" 404 218 "-" "MobileSafari/602.1 CFNetwork/808.3 Darwin/16.3.0" "www.liebreich.at"
89.204.137.251 - - [03/Mar/2017:00:57:05 +0100] "GET /favicon.ico HTTP/1.1" 404 209 "-" "MobileSafari/602.1 CFNetwork/808.3 Darwin/16.3.0" "www.liebreich.at"
89.204.137.251 - - [03/Mar/2017:00:57:05 +0100] "GET /apple-touch-icon-120x120-precomposed.png HTTP/1.1" 404 238 "-" "MobileSafari/602.1 CFNetwork/808.3 Darwin/16.3.0" "www.liebreich.at"
89.204.137.251 - - [03/Mar/2017:00:57:05 +0100] "GET /apple-touch-icon-120x120.png HTTP/1.1" 404 226 "-" "MobileSafari/602.1 CFNetwork/808.3 Darwin/16.3.0" "www.liebreich.at"
89.204.137.251 - - [03/Mar/2017:00:57:05 +0100] "GET /apple-touch-icon-precomposed.png HTTP/1.1" 404 230 "-" "MobileSafari/602.1 CFNetwork/808.3 Darwin/16.3.0" "www.liebreich.at"
89.204.137.251 - - [03/Mar/2017:00:57:05 +0100] "GET /apple-touch-icon.png HTTP/1.1" 404 218 "-" "MobileSafari/602.1 CFNetwork/808.3 Darwin/16.3.0" "www.liebreich.at"
89.204.137.251 - - [03/Mar/2017:00:57:05 +0100] "GET /favicon.ico HTTP/1.1" 404 209 "-" "MobileSafari/602.1 CFNetwork/808.3 Darwin/16.3.0" "www.liebreich.at"
213.81.140.52 - - [03/Mar/2017:00:58:58 +0100] "GET /m/whatsapp HTTP/1.1" 404 208 "http://www.google.sk/url?sa=t&rct=j&q=&esrc=s&source=web&cd=1&ved=0CCEQFjAA&url=http%3A%2F%2Fliebreich.at%2Fm%2Fwhatsapp&ei=PwDiRNzMHOrI1HuehrV9&usg=vgZD65I4fnWmXAtcxw1-qIrYejWdx5toYZ" "Mozilla/5.0 (Windows NT 6.1; WOW64; rv:23.0) Gecko/20100101 Firefox/23.0" "www.liebreich.at"
146.185.223.200 - - [03/Mar/2017:00:59:38 +0100] "GET / HTTP/1.0" 404 - "http://orderpropranolol80mgonline.over-blog.com/2014/04/propranolol-buy-no-rx-buy-cheap-propranolol-cod-free-fedex.html" "Mozilla/5.0 (Windows NT 6.1; WOW64) AppleWebKit/537.36 (KHTML, like Gecko) Chrome/46.0.2490.86 YaBrowser/15.12.1.6475 Safari/537.36" "www.liebreich.at"
146.185.223.200 - - [03/Mar/2017:00:59:38 +0100] "GET / HTTP/1.0" 404 - "http://orderpropranolol80mgonline.over-blog.com/2014/04/propranolol-buy-no-rx-buy-cheap-propranolol-cod-free-fedex.html" "Mozilla/5.0 (Windows NT 6.1; WOW64) AppleWebKit/537.36 (KHTML, like Gecko) Chrome/46.0.2490.86 YaBrowser/15.12.1.6475 Safari/537.36" "www.liebreich.at"
213.81.140.52 - - [03/Mar/2017:01:00:09 +0100] "GET /m/whatsapp HTTP/1.1" 404 208 "http://www.google.sk/url?sa=t&rct=j&q=&esrc=s&source=web&cd=1&ved=0CCEQFjAA&url=http%3A%2F%2Fliebreich.at%2Fm%2Fwhatsapp&ei=Dq8RzVk8YITA4APvrTza&usg=L7Drs19fErNp6rHIRtA-LyoEl9F5f0fnV7" "Mozilla/5.0 (Windows NT 6.1; WOW64; rv:23.0) Gecko/20100101 Firefox/23.0" "www.liebreich.at"
213.81.140.52 - - [03/Mar/2017:00:58:58 +0100] "GET /m/whatsapp HTTP/1.1" 404 208 "http://www.google.sk/url?sa=t&rct=j&q=&esrc=s&source=web&cd=1&ved=0CCEQFjAA&url=http%3A%2F%2Fliebreich.at%2Fm%2Fwhatsapp&ei=5aYJBAaesLfyOqlYRYuv&usg=CbG92LFDaAE2rUxj3Ft-3JQZ3oMfdDy321" "Mozilla/4.0 (compatible; MSIE 7.0; Windows NT 6.1; WOW64; Trident/5.0)" "www.liebreich.at"
66.249.66.24 - - [03/Mar/2017:00:59:32 +0100] "GET /?Willkommen HTTP/1.1" 404 - "-" "Mozilla/5.0 (compatible; Googlebot/2.1; +http://www.google.com/bot.html)" "www.liebreich.at"
146.185.223.200 - - [03/Mar/2017:00:59:38 +0100] "GET / HTTP/1.0" 404 - "http://orderpropranolol80mgonline.over-blog.com/2014/04/propranolol-buy-no-rx-buy-cheap-propranolol-cod-free-fedex.html" "Mozilla/5.0 (Windows NT 6.1; WOW64) AppleWebKit/537.36 (KHTML, like Gecko) Chrome/46.0.2490.86 YaBrowser/15.12.1.6475 Safari/537.36" "www.liebreich.at"
146.185.223.200 - - [03/Mar/2017:00:59:38 +0100] "GET / HTTP/1.0" 404 - "http://orderpropranolol80mgonline.over-blog.com/2014/04/propranolol-buy-no-rx-buy-cheap-propranolol-cod-free-fedex.html" "Mozilla/5.0 (Windows NT 6.1; WOW64) AppleWebKit/537.36 (KHTML, like Gecko) Chrome/46.0.2490.86 YaBrowser/15.12.1.6475 Safari/537.36" "www.liebreich.at"
213.81.140.52 - - [03/Mar/2017:01:00:09 +0100] "GET /m/whatsapp HTTP/1.1" 404 208 "http://www.google.sk/url?sa=t&rct=j&q=&esrc=s&source=web&cd=1&ved=0CCEQFjAA&url=http%3A%2F%2Fliebreich.at%2Fm%2Fwhatsapp&ei=LmlPyCjb5ETI1oly91hm&usg=TaY0VhJ6Ma9NMgAlrt3-QUnWSWu0YdrXKp" "Opera/9.80 (Windows NT 6.1; Win64; x64) Presto/2.12.388 Version/12.15" "www.liebreich.at"
213.81.140.52 - - [03/Mar/2017:01:00:33 +0100] "GET /m/whatsapp HTTP/1.1" 404 208 "http://www.google.sk/url?sa=t&rct=j&q=&esrc=s&source=web&cd=1&ved=0CCEQFjAA&url=http%3A%2F%2Fliebreich.at%2Fm%2Fwhatsapp&ei=Qyobt0eKnuh5kvFZdiaj&usg=EEapcMQer7BpaugqCyU-8kjCjbC5LBSXnd" "Mozilla/5.0 (Windows NT 6.1; WOW64; rv:23.0) Gecko/20100101 Firefox/23.0" "www.liebreich.at"
193.226.177.45 - - [03/Mar/2017:01:06:17 +0100] "GET /m/whatsapp HTTP/1.1" 404 208 "-" "Mozilla/4.0" "www.liebreich.at"
193.226.177.45 - - [03/Mar/2017:01:06:17 +0100] "GET /m/whatsapp HTTP/1.1" 404 208 "-" "Mozilla/4.0" "www.liebreich.at"
146.185.223.200 - - [03/Mar/2017:01:12:35 +0100] "GET / HTTP/1.0" 404 - "http://gravatar.com/xpceftin500mg" "Mozilla/5.0 (Windows NT 10.0; WOW64) AppleWebKit/537.36 (KHTML, like Gecko) Chrome/48.0.2564.109 Safari/537.36" "www.liebreich.at"
146.185.223.200 - - [03/Mar/2017:01:12:35 +0100] "GET / HTTP/1.0" 404 - "http://gravatar.com/xpceftin500mg" "Mozilla/5.0 (Windows NT 10.0; WOW64) AppleWebKit/537.36 (KHTML, like Gecko) Chrome/48.0.2564.109 Safari/537.36" "www.liebreich.at"
66.249.66.27 - - [03/Mar/2017:01:10:41 +0100] "GET /userfiles/images/v_links.jpg HTTP/1.1" 404 226 "-" "Googlebot-Image/1.0" "www.liebreich.at"
146.185.223.200 - - [03/Mar/2017:01:12:35 +0100] "GET / HTTP/1.0" 404 - "http://gravatar.com/xpceftin500mg" "Mozilla/5.0 (Windows NT 10.0; WOW64) AppleWebKit/537.36 (KHTML, like Gecko) Chrome/48.0.2564.109 Safari/537.36" "www.liebreich.at"
146.185.223.200 - - [03/Mar/2017:01:12:35 +0100] "GET / HTTP/1.0" 404 - "http://gravatar.com/xpceftin500mg" "Mozilla/5.0 (Windows NT 10.0; WOW64) AppleWebKit/537.36 (KHTML, like Gecko) Chrome/48.0.2564.109 Safari/537.36" "www.liebreich.at"
195.154.231.147 - - [03/Mar/2017:01:18:21 +0100] "GET /?Ueber_uns___Sabine HTTP/1.1" 404 - "-" "Mozilla/4.0 (compatible; MSIE 6.0; Windows NT 5.2; .NET CLR 1.0.3705;)" "www.liebreich.at"
146.185.223.200 - - [03/Mar/2017:01:25:30 +0100] "GET / HTTP/1.0" 404 - "http://www.nature.com/protocolexchange/labgroups/521001" "Mozilla/5.0 (Windows NT 6.1; WOW64) AppleWebKit/537.36 (KHTML, like Gecko) Chrome/47.0.2526.111 Safari/537.36 OPR/34.0.2036.50" "www.liebreich.at"
146.185.223.200 - - [03/Mar/2017:01:25:31 +0100] "GET / HTTP/1.0" 404 - "http://www.nature.com/protocolexchange/labgroups/521001" "Mozilla/5.0 (Windows NT 6.1; WOW64) AppleWebKit/537.36 (KHTML, like Gecko) Chrome/47.0.2526.111 Safari/537.36 OPR/34.0.2036.50" "www.liebreich.at"
195.154.231.147 - - [03/Mar/2017:01:22:45 +0100] "GET /?Ueber_uns___Sabine HTTP/1.1" 404 - "-" "Mozilla/4.0 (compatible; MSIE 6.0; Windows NT 5.2; .NET CLR 1.0.3705;)" "www.liebreich.at"
66.249.66.27 - - [03/Mar/2017:01:23:37 +0100] "GET /userfiles/images/v_hinten.jpg HTTP/1.1" 404 227 "-" "Googlebot-Image/1.0" "www.liebreich.at"
146.185.223.200 - - [03/Mar/2017:01:25:30 +0100] "GET / HTTP/1.0" 404 - "http://www.nature.com/protocolexchange/labgroups/521001" "Mozilla/5.0 (Windows NT 6.1; WOW64) AppleWebKit/537.36 (KHTML, like Gecko) Chrome/47.0.2526.111 Safari/537.36 OPR/34.0.2036.50" "www.liebreich.at"
146.185.223.200 - - [03/Mar/2017:01:25:30 +0100] "GET / HTTP/1.0" 404 - "http://www.nature.com/protocolexchange/labgroups/521001" "Mozilla/5.0 (Windows NT 6.1; WOW64) AppleWebKit/537.36 (KHTML, like Gecko) Chrome/47.0.2526.111 Safari/537.36 OPR/34.0.2036.50" "www.liebreich.at"
195.154.231.147 - - [03/Mar/2017:01:26:59 +0100] "GET /?Ueber_uns___Sabine HTTP/1.1" 404 - "-" "Mozilla/4.0 (compatible; MSIE 6.0; Windows NT 5.2; .NET CLR 1.0.3705;)" "www.liebreich.at"
193.226.177.45 - - [03/Mar/2017:01:36:31 +0100] "GET /m/whatsapp HTTP/1.1" 404 208 "-" "Mozilla/4.0" "www.liebreich.at"
193.226.177.45 - - [03/Mar/2017:01:36:31 +0100] "GET /m/whatsapp HTTP/1.1" 404 208 "-" "Mozilla/4.0" "www.liebreich.at"
146.185.223.200 - - [03/Mar/2017:01:38:40 +0100] "GET / HTTP/1.0" 404 - "http://www.theknot.com/wedding/trandate-and-no" "Mozilla/5.0 (Windows NT 10.0; WOW64; rv:43.0) Gecko/20100101 Firefox/43.0" "www.liebreich.at"
146.185.223.200 - - [03/Mar/2017:01:38:40 +0100] "GET / HTTP/1.0" 404 - "http://www.theknot.com/wedding/trandate-and-no" "Mozilla/5.0 (Windows NT 10.0; WOW64; rv:43.0) Gecko/20100101 Firefox/43.0" "www.liebreich.at"
146.185.223.200 - - [03/Mar/2017:01:38:40 +0100] "GET / HTTP/1.0" 404 - "http://www.theknot.com/wedding/trandate-and-no" "Mozilla/5.0 (Windows NT 10.0; WOW64; rv:43.0) Gecko/20100101 Firefox/43.0" "www.liebreich.at"
146.185.223.200 - - [03/Mar/2017:01:38:40 +0100] "GET / HTTP/1.0" 404 - "http://www.theknot.com/wedding/trandate-and-no" "Mozilla/5.0 (Windows NT 10.0; WOW64; rv:43.0) Gecko/20100101 Firefox/43.0" "www.liebreich.at"
66.249.66.30 - - [03/Mar/2017:01:41:04 +0100] "GET /?Motorrad_%2B_Auto___TDM_850 HTTP/1.1" 404 - "-" "Mozilla/5.0 (compatible; Googlebot/2.1; +http://www.google.com/bot.html)" "www.liebreich.at"
66.249.66.143 - - [03/Mar/2017:01:41:20 +0100] "GET /?Motorrad_%2B_Auto___TDM_850 HTTP/1.1" 404 - "-" "Mozilla/5.0 (compatible; Googlebot/2.1; +http://www.google.com/bot.html)" "www.liebreich.at"
193.226.177.45 - - [03/Mar/2017:01:46:05 +0100] "GET /m/whatsapp HTTP/1.1" 404 208 "-" "Mozilla/4.0" "www.liebreich.at"
146.185.223.200 - - [03/Mar/2017:01:53:07 +0100] "GET / HTTP/1.0" 404 - "http://lanyrd.com/profile/tou6935907517395j-8352/bio/" "Mozilla/5.0 (Windows NT 6.3; WOW64) AppleWebKit/537.36 (KHTML, like Gecko) Chrome/47.0.2526.111 Safari/537.36" "www.liebreich.at"
146.185.223.200 - - [03/Mar/2017:01:53:07 +0100] "GET / HTTP/1.0" 404 - "http://lanyrd.com/profile/tou6935907517395j-8352/bio/" "Mozilla/5.0 (Windows NT 6.3; WOW64) AppleWebKit/537.36 (KHTML, like Gecko) Chrome/47.0.2526.111 Safari/537.36" "www.liebreich.at"
146.185.223.200 - - [03/Mar/2017:01:53:08 +0100] "GET / HTTP/1.0" 404 - "http://lanyrd.com/profile/tou6935907517395j-8352/bio/" "Mozilla/5.0 (Windows NT 6.3; WOW64) AppleWebKit/537.36 (KHTML, like Gecko) Chrome/47.0.2526.111 Safari/537.36" "www.liebreich.at"
146.185.223.200 - - [03/Mar/2017:01:53:09 +0100] "GET / HTTP/1.0" 404 - "http://lanyrd.com/profile/tou6935907517395j-8352/bio/" "Mozilla/5.0 (Windows NT 6.3; WOW64) AppleWebKit/537.36 (KHTML, like Gecko) Chrome/47.0.2526.111 Safari/537.36" "www.liebreich.at"
157.55.39.150 - - [03/Mar/2017:01:55:08 +0100] "GET /albums/hermagor_05_2006/slides/dsc_1545.html HTTP/1.1" 404 242 "-" "Mozilla/5.0 (compatible; bingbot/2.0; +http://www.bing.com/bingbot.htm)" "www.liebreich.at"
40.77.167.99 - - [03/Mar/2017:01:55:37 +0100] "GET /?motorrad_+_auto___werkstatt___vergaser_revision HTTP/1.1" 404 - "-" "Mozilla/5.0 (iPhone; CPU iPhone OS 7_0 like Mac OS X) AppleWebKit/537.51.1 (KHTML, like Gecko) Version/7.0 Mobile/11A465 Safari/9537.53 (compatible; bingbot/2.0; +http://www.bing.com/bingbot.htm)" "www.liebreich.at"
193.226.177.45 - - [03/Mar/2017:02:06:07 +0100] "GET /m/whatsapp HTTP/1.1" 404 208 "-" "Mozilla/4.0" "www.liebreich.at"
193.226.177.45 - - [03/Mar/2017:02:06:08 +0100] "GET /m/whatsapp HTTP/1.1" 404 208 "-" "Mozilla/4.0" "www.liebreich.at"
146.185.223.200 - - [03/Mar/2017:02:09:05 +0100] "GET / HTTP/1.0" 404 - "http://buy-oxcarbazepine-cheap.aircus.com" "Mozilla/5.0 (Windows NT 6.3; WOW64) AppleWebKit/537.36 (KHTML, like Gecko) Chrome/48.0.2564.116 Safari/537.36" "www.liebreich.at"
89.204.137.251 - - [03/Mar/2017:02:09:31 +0100] "GET /?Motorrad_%2B_Auto___Werkstatt___Vergaser_Revision HTTP/1.1" 404 - "-" "Mozilla/5.0 (iPhone; CPU iPhone OS 10_2_1 like Mac OS X) AppleWebKit/602.4.6 (KHTML, like Gecko) Version/10.0 Mobile/14D27 Safari/602.1" "www.liebreich.at"
146.185.223.200 - - [03/Mar/2017:02:09:00 +0100] "GET / HTTP/1.0" 404 - "http://buy-oxcarbazepine-cheap.aircus.com" "Mozilla/5.0 (Windows NT 6.3; WOW64) AppleWebKit/537.36 (KHTML, like Gecko) Chrome/48.0.2564.116 Safari/537.36" "www.liebreich.at"
146.185.223.200 - - [03/Mar/2017:02:09:05 +0100] "GET / HTTP/1.0" 404 - "http://buy-oxcarbazepine-cheap.aircus.com" "Mozilla/5.0 (Windows NT 6.3; WOW64) AppleWebKit/537.36 (KHTML, like Gecko) Chrome/48.0.2564.116 Safari/537.36" "www.liebreich.at"
146.185.223.200 - - [03/Mar/2017:02:09:05 +0100] "GET / HTTP/1.0" 404 - "http://buy-oxcarbazepine-cheap.aircus.com" "Mozilla/5.0 (Windows NT 6.3; WOW64) AppleWebKit/537.36 (KHTML, like Gecko) Chrome/48.0.2564.116 Safari/537.36" "www.liebreich.at"
89.204.137.251 - - [03/Mar/2017:02:09:32 +0100] "GET /apple-touch-icon-120x120-precomposed.png HTTP/1.1" 404 238 "-" "MobileSafari/602.1 CFNetwork/808.3 Darwin/16.3.0" "www.liebreich.at"
89.204.137.251 - - [03/Mar/2017:02:09:32 +0100] "GET /apple-touch-icon-120x120.png HTTP/1.1" 404 226 "-" "MobileSafari/602.1 CFNetwork/808.3 Darwin/16.3.0" "www.liebreich.at"
89.204.137.251 - - [03/Mar/2017:02:09:32 +0100] "GET /apple-touch-icon-precomposed.png HTTP/1.1" 404 230 "-" "MobileSafari/602.1 CFNetwork/808.3 Darwin/16.3.0" "www.liebreich.at"
89.204.137.251 - - [03/Mar/2017:02:09:32 +0100] "GET /apple-touch-icon.png HTTP/1.1" 404 218 "-" "MobileSafari/602.1 CFNetwork/808.3 Darwin/16.3.0" "www.liebreich.at"
89.204.137.251 - - [03/Mar/2017:02:09:32 +0100] "GET /favicon.ico HTTP/1.1" 404 209 "-" "MobileSafari/602.1 CFNetwork/808.3 Darwin/16.3.0" "www.liebreich.at"
89.204.137.251 - - [03/Mar/2017:02:09:32 +0100] "GET /apple-touch-icon-120x120-precomposed.png HTTP/1.1" 404 238 "-" "MobileSafari/602.1 CFNetwork/808.3 Darwin/16.3.0" "www.liebreich.at"
89.204.137.251 - - [03/Mar/2017:02:09:32 +0100] "GET /apple-touch-icon-120x120.png HTTP/1.1" 404 226 "-" "MobileSafari/602.1 CFNetwork/808.3 Darwin/16.3.0" "www.liebreich.at"
89.204.137.251 - - [03/Mar/2017:02:09:32 +0100] "GET /apple-touch-icon-precomposed.png HTTP/1.1" 404 230 "-" "MobileSafari/602.1 CFNetwork/808.3 Darwin/16.3.0" "www.liebreich.at"
89.204.137.251 - - [03/Mar/2017:02:09:33 +0100] "GET /apple-touch-icon.png HTTP/1.1" 404 218 "-" "MobileSafari/602.1 CFNetwork/808.3 Darwin/16.3.0" "www.liebreich.at"
89.204.137.251 - - [03/Mar/2017:02:09:33 +0100] "GET /favicon.ico HTTP/1.1" 404 209 "-" "MobileSafari/602.1 CFNetwork/808.3 Darwin/16.3.0" "www.liebreich.at"
213.81.140.50 - - [03/Mar/2017:02:39:57 +0100] "GET /m/whatsapp HTTP/1.1" 404 208 "http://www.google.sk/url?sa=t&rct=j&q=&esrc=s&source=web&cd=1&ved=0CCEQFjAA&url=http%3A%2F%2Fliebreich.at%2Fm%2Fwhatsapp&ei=Xutv6MvZ7Gj3DW3c8zKw&usg=RXQf1jcnGjIIgQ2Gsmm-cug4DOBXLcF8vA" "Mozilla/5.0 (Windows NT 6.1) AppleWebKit/537.36 (KHTML, like Gecko) Chrome/29.0.1547.62 Safari/537.36" "www.liebreich.at"
213.81.140.50 - - [03/Mar/2017:02:39:58 +0100] "GET /m/whatsapp HTTP/1.1" 404 208 "http://www.google.sk/url?sa=t&rct=j&q=&esrc=s&source=web&cd=1&ved=0CCEQFjAA&url=http%3A%2F%2Fliebreich.at%2Fm%2Fwhatsapp&ei=GHFHu9AkIhJY3vWgPVMp&usg=xdO8Ng0uGNTfhqFYlbZ-PmCpScraXWqOQO" "Mozilla/5.0 (Windows NT 6.1; WOW64; rv:21.0) Gecko/20100101 Firefox/21.0" "www.liebreich.at"
213.81.140.50 - - [03/Mar/2017:02:40:00 +0100] "GET /m/whatsapp HTTP/1.1" 404 208 "http://www.google.sk/url?sa=t&rct=j&q=&esrc=s&source=web&cd=1&ved=0CCEQFjAA&url=http%3A%2F%2Fliebreich.at%2Fm%2Fwhatsapp&ei=DHjQtqnQ9PulagNgKryu&usg=VswyBzBZTWOd30jhnXf-M7CDVsN8fjUlNC" "Mozilla/5.0 (Windows NT 6.1) AppleWebKit/537.36 (KHTML, like Gecko) Chrome/27.0.1453.116 Safari/537.36" "www.liebreich.at"
5.255.253.26 - - [03/Mar/2017:02:31:05 +0100] "GET /robots.txt HTTP/1.1" 404 208 "-" "Mozilla/5.0 (compatible; YandexBot/3.0; +http://yandex.com/bots)" "www.liebreich.at"
5.255.253.26 - - [03/Mar/2017:02:31:09 +0100] "GET /userfiles/images/625sxc.jpg HTTP/1.1" 404 225 "-" "Mozilla/5.0 (compatible; YandexImages/3.0; +http://yandex.com/bots)" "www.liebreich.at"
172.93.193.26 - - [03/Mar/2017:02:33:39 +0100] "GET /bellatores-veteres/forum/viewtopic.php?t=291&sid=097e4adf216b253453e4f7a3f88a9ff2 HTTP/1.0" 404 236 "http://www.liebreich.at/" "Mozilla/5.0 (Windows NT 6.3; Win64; x64) AppleWebKit/537.36 (KHTML, like Gecko) Chrome/41.0.2220.0 Safari/537.36" "www.liebreich.at"
172.93.193.26 - - [03/Mar/2017:02:33:39 +0100] "GET / HTTP/1.1" 404 - "http://www.liebreich.at" "Mozilla/5.0 (Windows NT 6.3; Win64; x64) AppleWebKit/537.36 (KHTML, like Gecko) Chrome/41.0.2220.0 Safari/537.36" "www.liebreich.at"
84.163.153.24 - - [03/Mar/2017:02:48:07 +0100] "GET /m/whatsapp HTTP/1.0" 404 208 "-" "Mozilla/4.0 (compatible; MSIE 6.0; Windows NT 5.1; SV1)" "www.liebreich.at"
193.226.177.45 - - [03/Mar/2017:02:48:28 +0100] "GET /m/whatsapp HTTP/1.1" 404 208 "-" "Mozilla/4.0" "www.liebreich.at"
193.226.177.45 - - [03/Mar/2017:02:48:28 +0100] "GET /m/whatsapp HTTP/1.1" 404 208 "-" "Mozilla/4.0" "www.liebreich.at"
66.249.66.30 - - [03/Mar/2017:02:59:32 +0100] "GET /robots.txt HTTP/1.1" 404 208 "-" "Mozilla/5.0 (compatible; Googlebot/2.1; +http://www.google.com/bot.html)" "www.liebreich.at"
66.249.66.24 - - [03/Mar/2017:02:59:32 +0100] "GET /?Motorrad_%2B_Auto___TDM_850 HTTP/1.1" 404 - "-" "Mozilla/5.0 (Linux; Android 6.0.1; Nexus 5X Build/MMB29P) AppleWebKit/537.36 (KHTML, like Gecko) Chrome/41.0.2272.96 Mobile Safari/537.36 (compatible; Googlebot/2.1; +http://www.google.com/bot.html)" "www.liebreich.at"
40.77.167.99 - - [03/Mar/2017:03:06:42 +0100] "GET /?Motorrad_%2B_Auto___Werkstatt___Vergaser_Revision HTTP/1.1" 404 - "-" "Mozilla/5.0 (iPhone; CPU iPhone OS 7_0 like Mac OS X) AppleWebKit/537.51.1 (KHTML, like Gecko) Version/7.0 Mobile/11A465 Safari/9537.53 (compatible; bingbot/2.0; +http://www.bing.com/bingbot.htm)" "www.liebreich.at"
193.226.177.45 - - [03/Mar/2017:03:08:24 +0100] "GET /m/whatsapp HTTP/1.1" 404 208 "-" "Mozilla/4.0" "www.liebreich.at"
91.200.12.1 - - [03/Mar/2017:03:09:46 +0100] "GET /gbook/gbook.php HTTP/1.0" 404 213 "http://www.liebreich.at/gbook/gbook.php" "Mozilla/5.0 (Windows NT 6.3; WOW64) AppleWebKit/537.36 (KHTML, like Gecko) Chrome/48.0.2564.109 Safari/537.36" "www.liebreich.at"
91.200.12.1 - - [03/Mar/2017:03:09:47 +0100] "GET / HTTP/1.0" 404 - "http://www.liebreich.at/" "Mozilla/5.0 (Windows NT 6.3; WOW64) AppleWebKit/537.36 (KHTML, like Gecko) Chrome/48.0.2564.109 Safari/537.36" "www.liebreich.at"
91.200.12.1 - - [03/Mar/2017:03:09:47 +0100] "GET / HTTP/1.0" 404 - "http://www.liebreich.at/" "Mozilla/5.0 (Windows NT 6.3; WOW64) AppleWebKit/537.36 (KHTML, like Gecko) Chrome/48.0.2564.109 Safari/537.36" "www.liebreich.at"
146.185.223.200 - - [03/Mar/2017:03:12:09 +0100] "GET / HTTP/1.0" 404 - "http://buybuspirone10mgonline.over-blog.com/2014/04/buspirone-10mg-buy-no-prescription.html" "Mozilla/5.0 (Windows NT 10.0; WOW64; rv:44.0) Gecko/20100101 Firefox/44.0" "www.liebreich.at"
146.185.223.200 - - [03/Mar/2017:03:12:16 +0100] "GET / HTTP/1.0" 404 - "http://buybuspirone10mgonline.over-blog.com/2014/04/buspirone-10mg-buy-no-prescription.html" "Mozilla/5.0 (Windows NT 10.0; WOW64; rv:44.0) Gecko/20100101 Firefox/44.0" "www.liebreich.at"
146.185.223.200 - - [03/Mar/2017:03:12:24 +0100] "GET / HTTP/1.0" 404 - "http://buybuspirone10mgonline.over-blog.com/2014/04/buspirone-10mg-buy-no-prescription.html" "Mozilla/5.0 (Windows NT 10.0; WOW64; rv:44.0) Gecko/20100101 Firefox/44.0" "www.liebreich.at"
146.185.223.200 - - [03/Mar/2017:03:12:24 +0100] "GET / HTTP/1.0" 404 - "http://buybuspirone10mgonline.over-blog.com/2014/04/buspirone-10mg-buy-no-prescription.html" "Mozilla/5.0 (Windows NT 10.0; WOW64; rv:44.0) Gecko/20100101 Firefox/44.0" "www.liebreich.at"
157.55.39.151 - - [03/Mar/2017:03:13:05 +0100] "GET /?Motorrad_%2B_Auto___Werkstatt___Bordsteckdose HTTP/1.1" 404 - "-" "Mozilla/5.0 (iPhone; CPU iPhone OS 7_0 like Mac OS X) AppleWebKit/537.51.1 (KHTML, like Gecko) Version/7.0 Mobile/11A465 Safari/9537.53 (compatible; bingbot/2.0; +http://www.bing.com/bingbot.htm)" "www.liebreich.at"
68.180.230.186 - - [03/Mar/2017:03:15:42 +0100] "GET /?Motorrad_%2B_Auto___Motorrad_Geschichten___Days_of_thunder_6 HTTP/1.1" 404 - "-" "Mozilla/5.0 (compatible; Yahoo! Slurp; http://help.yahoo.com/help/us/ysearch/slurp)" "www.liebreich.at"
178.24.23.28 - - [03/Mar/2017:03:32:42 +0100] "GET /m/whatsapp HTTP/1.1" 404 208 "http://www.google.com/" "Mozilla/4.0 (compatible; MSIE 8.0; Windows NT 5.1; en-GB)" "www.liebreich.at"
